{"id":58318,"date":"2025-11-13T15:21:49","date_gmt":"2025-11-13T18:21:49","guid":{"rendered":"https:\/\/rms-enlinea.com.ar\/tienda\/producto\/gabinete-corsair-obsidian-1000d-atx-vidrio-temp-cc-9011148-w\/"},"modified":"2026-04-21T03:37:22","modified_gmt":"2026-04-21T06:37:22","slug":"gabinete-corsair-obsidian-1000d-atx-vidrio-temp-cc-9011148-w","status":"publish","type":"product","link":"https:\/\/rms-enlinea.com.ar\/tienda\/producto\/gabinete-corsair-obsidian-1000d-atx-vidrio-temp-cc-9011148-w\/","title":{"rendered":"Gabinete Corsair Obsidian 1000d Atx Vidrio Temp Cc-9011148-w"},"content":{"rendered":"<p>NO INCLUYE LOS COOLERS<\/p>\n<p>Dimensiones de la caja: 800 mm x 505 mm x 800 mm<\/p>\n<p>Longitud m\u00e1xima de GPU: 400 mm<\/p>\n<p>Longitud m\u00e1xima de la fuente de alimentaci\u00f3n: ATX &#8211; 225 mm, SFX &#8211; 140 mm<\/p>\n<p>Altura m\u00e1xima del enfriador de la CPU: 180 mm<\/p>\n<p>Ranuras de expansi\u00f3n: 10<\/p>\n<p>Bah\u00edas de unidad de caja: (x6) 2,5 pulgadas (x5) 3,5 pulgadas<\/p>\n<p>Factor de forma: Super-torre<\/p>\n<p>Caso con ventana: Vidrio templado<\/p>\n<p>Garant\u00eda de la caja: Dos a\u00f1os<\/p>\n<p>Corsair Link habilitado: s\u00ed <\/p>\n<p>Material de la Caja: Acero, Aluminio, Vidrio templado<\/p>\n<p>Compatibilidad del radiador: 120 mm, 140 mm, 240 mm, 280 mm, 360 mm, 420 mm, 480 mm<\/p>\n<p>Refrigeradores l\u00edquidos Corsair compatibles: H55, H60, H75, H80i, H90, H100i, H105, H110i, H115i, H150i<\/p>\n<p>Fuente de alimentaci\u00f3n de la caja: ATX (no incluido)<\/p>\n<p>Peso: 29.5<\/p>\n<p>Encendiendo: RGB<\/p>\n<p>Bah\u00edas de unidad de 3,5 &#8220;: 5<\/p>\n<p>Bah\u00edas de unidad de 2,5 &#8220;: 6<\/p>\n","protected":false},"excerpt":{"rendered":"<p>NO INCLUYE LOS COOLERS Dimensiones de la caja: 800 mm x 505 mm x 800 mm Longitud m\u00e1xima de GPU: 400 mm Longitud m\u00e1xima de la fuente de alimentaci\u00f3n: ATX &#8211; 225 mm, SFX &#8211; 140 mm Altura m\u00e1xima del enfriador de la CPU: 180 mm Ranuras de expansi\u00f3n: 10 Bah\u00edas de unidad de caja: [&hellip;]<\/p>\n","protected":false},"featured_media":58319,"comment_status":"open","ping_status":"closed","template":"","meta":{"_uag_custom_page_level_css":""},"product_brand":[555],"product_cat":[109],"product_tag":[],"class_list":{"0":"post-58318","1":"product","2":"type-product","3":"status-publish","4":"has-post-thumbnail","6":"product_brand-corsair","7":"product_cat-gabinetes","9":"first","10":"outofstock","11":"sale","12":"taxable","13":"shipping-taxable","14":"purchasable","15":"product-type-simple"},"uagb_featured_image_src":{"full":["https:\/\/rms-enlinea.com.ar\/wp-content\/uploads\/2025\/11\/D_755398-MLA98247570979_112025-F.jpg",787,1200,false],"thumbnail":["https:\/\/rms-enlinea.com.ar\/wp-content\/uploads\/2025\/11\/D_755398-MLA98247570979_112025-F-150x150.jpg",150,150,true],"medium":["https:\/\/rms-enlinea.com.ar\/wp-content\/uploads\/2025\/11\/D_755398-MLA98247570979_112025-F-197x300.jpg",197,300,true],"medium_large":["https:\/\/rms-enlinea.com.ar\/wp-content\/uploads\/2025\/11\/D_755398-MLA98247570979_112025-F-768x1171.jpg",768,1171,true],"large":["https:\/\/rms-enlinea.com.ar\/wp-content\/uploads\/2025\/11\/D_755398-MLA98247570979_112025-F-672x1024.jpg",672,1024,true],"1536x1536":["https:\/\/rms-enlinea.com.ar\/wp-content\/uploads\/2025\/11\/D_755398-MLA98247570979_112025-F.jpg",787,1200,false],"2048x2048":["https:\/\/rms-enlinea.com.ar\/wp-content\/uploads\/2025\/11\/D_755398-MLA98247570979_112025-F.jpg",787,1200,false],"woocommerce_thumbnail":["https:\/\/rms-enlinea.com.ar\/wp-content\/uploads\/2025\/11\/D_755398-MLA98247570979_112025-F-450x450.jpg",450,450,true],"woocommerce_single":["https:\/\/rms-enlinea.com.ar\/wp-content\/uploads\/2025\/11\/D_755398-MLA98247570979_112025-F-600x915.jpg",600,915,true],"woocommerce_gallery_thumbnail":["https:\/\/rms-enlinea.com.ar\/wp-content\/uploads\/2025\/11\/D_755398-MLA98247570979_112025-F-100x100.jpg",100,100,true]},"uagb_author_info":{"display_name":"nelson","author_link":"https:\/\/rms-enlinea.com.ar\/tienda\/author\/"},"uagb_comment_info":0,"uagb_excerpt":"NO INCLUYE LOS COOLERS Dimensiones de la caja: 800 mm x 505 mm x 800 mm Longitud m\u00e1xima de GPU: 400 mm Longitud m\u00e1xima de la fuente de alimentaci\u00f3n: ATX &#8211; 225 mm, SFX &#8211; 140 mm Altura m\u00e1xima del enfriador de la CPU: 180 mm Ranuras de expansi\u00f3n: 10 Bah\u00edas de unidad de caja:&hellip;","_links":{"self":[{"href":"https:\/\/rms-enlinea.com.ar\/tienda\/wp-json\/wp\/v2\/product\/58318","targetHints":{"allow":["GET"]}}],"collection":[{"href":"https:\/\/rms-enlinea.com.ar\/tienda\/wp-json\/wp\/v2\/product"}],"about":[{"href":"https:\/\/rms-enlinea.com.ar\/tienda\/wp-json\/wp\/v2\/types\/product"}],"replies":[{"embeddable":true,"href":"https:\/\/rms-enlinea.com.ar\/tienda\/wp-json\/wp\/v2\/comments?post=58318"}],"wp:featuredmedia":[{"embeddable":true,"href":"https:\/\/rms-enlinea.com.ar\/tienda\/wp-json\/wp\/v2\/media\/58319"}],"wp:attachment":[{"href":"https:\/\/rms-enlinea.com.ar\/tienda\/wp-json\/wp\/v2\/media?parent=58318"}],"wp:term":[{"taxonomy":"product_brand","embeddable":true,"href":"https:\/\/rms-enlinea.com.ar\/tienda\/wp-json\/wp\/v2\/product_brand?post=58318"},{"taxonomy":"product_cat","embeddable":true,"href":"https:\/\/rms-enlinea.com.ar\/tienda\/wp-json\/wp\/v2\/product_cat?post=58318"},{"taxonomy":"product_tag","embeddable":true,"href":"https:\/\/rms-enlinea.com.ar\/tienda\/wp-json\/wp\/v2\/product_tag?post=58318"}],"curies":[{"name":"wp","href":"https:\/\/api.w.org\/{rel}","templated":true}]}}