{"id":58336,"date":"2025-11-13T16:40:13","date_gmt":"2025-11-13T19:40:13","guid":{"rendered":"https:\/\/rms-enlinea.com.ar\/tienda\/producto\/switch-industrial-tp-link-ies210gpp-poe-240w-max-omada\/"},"modified":"2026-04-07T14:40:40","modified_gmt":"2026-04-07T17:40:40","slug":"switch-industrial-tp-link-ies210gpp-poe-240w-max-omada","status":"publish","type":"product","link":"https:\/\/rms-enlinea.com.ar\/tienda\/producto\/switch-industrial-tp-link-ies210gpp-poe-240w-max-omada\/","title":{"rendered":"Switch Industrial Tp-link Ies210gpp Poe+ 240w Max Omada"},"content":{"rendered":"<p>CARACTER\u00cdSTICAS DE HARDWARE<br \/>\nInterfaz \u2022 2\u00d7 Puertos RJ45 PoE++ 10\/100\/1000 Mbps<br \/>\n\u2022 6\u00d7 Puertos RJ45 PoE+ 10\/100\/1000 Mbps<br \/>\n\u2022 2\u00d7 Ranuras combinadas Gigabit SFP\/RJ45<br \/>\n\u2022 Auto-Negociaci\u00f3n \/ Auto MDI\/MDIX<br \/>\nCantidad de ventiladores Sin ventiladores (Fanless)<br \/>\nInstalaci\u00f3n \u2022 Montaje en riel DIN<br \/>\n\u2022 Montaje en pared<br \/>\nBloqueo de seguridad f\u00edsica S\u00ed<br \/>\nFuente de alimentaci\u00f3n Entrada de energ\u00eda DC redundante 12\u201357V (1+1)<br \/>\nPuertos PoE (RJ45) \u2022 Est\u00e1ndar: Compatible con 802.3af\/at\/bt<br \/>\n\u2022 Puertos PoE++ (802.3af\/at\/bt PoE): 2 puertos, hasta 60W por puerto<br \/>\n\u2022 Puertos PoE+ (802.3af\/at PoE): 6 puertos, hasta 30W por puerto<br \/>\n\u2022 Presupuesto PoE:<br \/>\n&#8211; 60W (Entrada: 12V \/ 7.2A \u2013 21V \/ 3.7A)<br \/>\n&#8211; 120W (Entrada: 21V \/ 6.7A \u2013 46V \/ 3.1A)<br \/>\n&#8211; 240W (Entrada: 46V \/ 5.7A \u2013 57V \/ 4.4A)<br \/>\nDimensiones 155 \u00d7 120 \u00d7 60 mm (6.1 \u00d7 4.7 \u00d7 2.4 in)<br \/>\nProtecci\u00f3n contra sobretensiones \u2022 \u00b16 kV en modo com\u00fan para puertos Ethernet<br \/>\n\u2022 \u00b14 kV en modo com\u00fan para puertos de entrada de energ\u00eda DC<\/p>\n","protected":false},"excerpt":{"rendered":"<p>CARACTER\u00cdSTICAS DE HARDWARE Interfaz \u2022 2\u00d7 Puertos RJ45 PoE++ 10\/100\/1000 Mbps \u2022 6\u00d7 Puertos RJ45 PoE+ 10\/100\/1000 Mbps \u2022 2\u00d7 Ranuras combinadas Gigabit SFP\/RJ45 \u2022 Auto-Negociaci\u00f3n \/ Auto MDI\/MDIX Cantidad de ventiladores Sin ventiladores (Fanless) Instalaci\u00f3n \u2022 Montaje en riel DIN \u2022 Montaje en pared Bloqueo de seguridad f\u00edsica S\u00ed Fuente de alimentaci\u00f3n Entrada de [&hellip;]<\/p>\n","protected":false},"featured_media":58337,"comment_status":"open","ping_status":"closed","template":"","meta":{"_uag_custom_page_level_css":""},"product_brand":[546],"product_cat":[122],"product_tag":[],"class_list":{"0":"post-58336","1":"product","2":"type-product","3":"status-publish","4":"has-post-thumbnail","6":"product_brand-tplink","7":"product_cat-redes-y-conectividad","9":"first","10":"instock","11":"sale","12":"taxable","13":"shipping-taxable","14":"purchasable","15":"product-type-simple"},"uagb_featured_image_src":{"full":["https:\/\/rms-enlinea.com.ar\/wp-content\/uploads\/2025\/11\/D_753320-MLA98253240149_112025-F.jpg",754,1017,false],"thumbnail":["https:\/\/rms-enlinea.com.ar\/wp-content\/uploads\/2025\/11\/D_753320-MLA98253240149_112025-F-150x150.jpg",150,150,true],"medium":["https:\/\/rms-enlinea.com.ar\/wp-content\/uploads\/2025\/11\/D_753320-MLA98253240149_112025-F-222x300.jpg",222,300,true],"medium_large":["https:\/\/rms-enlinea.com.ar\/wp-content\/uploads\/2025\/11\/D_753320-MLA98253240149_112025-F.jpg",754,1017,false],"large":["https:\/\/rms-enlinea.com.ar\/wp-content\/uploads\/2025\/11\/D_753320-MLA98253240149_112025-F.jpg",754,1017,false],"1536x1536":["https:\/\/rms-enlinea.com.ar\/wp-content\/uploads\/2025\/11\/D_753320-MLA98253240149_112025-F.jpg",754,1017,false],"2048x2048":["https:\/\/rms-enlinea.com.ar\/wp-content\/uploads\/2025\/11\/D_753320-MLA98253240149_112025-F.jpg",754,1017,false],"woocommerce_thumbnail":["https:\/\/rms-enlinea.com.ar\/wp-content\/uploads\/2025\/11\/D_753320-MLA98253240149_112025-F-450x450.jpg",450,450,true],"woocommerce_single":["https:\/\/rms-enlinea.com.ar\/wp-content\/uploads\/2025\/11\/D_753320-MLA98253240149_112025-F-600x809.jpg",600,809,true],"woocommerce_gallery_thumbnail":["https:\/\/rms-enlinea.com.ar\/wp-content\/uploads\/2025\/11\/D_753320-MLA98253240149_112025-F-100x100.jpg",100,100,true]},"uagb_author_info":{"display_name":"nelson","author_link":"https:\/\/rms-enlinea.com.ar\/tienda\/author\/"},"uagb_comment_info":0,"uagb_excerpt":"CARACTER\u00cdSTICAS DE HARDWARE Interfaz \u2022 2\u00d7 Puertos RJ45 PoE++ 10\/100\/1000 Mbps \u2022 6\u00d7 Puertos RJ45 PoE+ 10\/100\/1000 Mbps \u2022 2\u00d7 Ranuras combinadas Gigabit SFP\/RJ45 \u2022 Auto-Negociaci\u00f3n \/ Auto MDI\/MDIX Cantidad de ventiladores Sin ventiladores (Fanless) Instalaci\u00f3n \u2022 Montaje en riel DIN \u2022 Montaje en pared Bloqueo de seguridad f\u00edsica S\u00ed Fuente de alimentaci\u00f3n Entrada de&hellip;","_links":{"self":[{"href":"https:\/\/rms-enlinea.com.ar\/tienda\/wp-json\/wp\/v2\/product\/58336","targetHints":{"allow":["GET"]}}],"collection":[{"href":"https:\/\/rms-enlinea.com.ar\/tienda\/wp-json\/wp\/v2\/product"}],"about":[{"href":"https:\/\/rms-enlinea.com.ar\/tienda\/wp-json\/wp\/v2\/types\/product"}],"replies":[{"embeddable":true,"href":"https:\/\/rms-enlinea.com.ar\/tienda\/wp-json\/wp\/v2\/comments?post=58336"}],"wp:featuredmedia":[{"embeddable":true,"href":"https:\/\/rms-enlinea.com.ar\/tienda\/wp-json\/wp\/v2\/media\/58337"}],"wp:attachment":[{"href":"https:\/\/rms-enlinea.com.ar\/tienda\/wp-json\/wp\/v2\/media?parent=58336"}],"wp:term":[{"taxonomy":"product_brand","embeddable":true,"href":"https:\/\/rms-enlinea.com.ar\/tienda\/wp-json\/wp\/v2\/product_brand?post=58336"},{"taxonomy":"product_cat","embeddable":true,"href":"https:\/\/rms-enlinea.com.ar\/tienda\/wp-json\/wp\/v2\/product_cat?post=58336"},{"taxonomy":"product_tag","embeddable":true,"href":"https:\/\/rms-enlinea.com.ar\/tienda\/wp-json\/wp\/v2\/product_tag?post=58336"}],"curies":[{"name":"wp","href":"https:\/\/api.w.org\/{rel}","templated":true}]}}