{"id":58644,"date":"2025-11-17T03:10:35","date_gmt":"2025-11-17T06:10:35","guid":{"rendered":"https:\/\/rms-enlinea.com.ar\/tienda\/producto\/potencia-amplificador-2-x-1800w-4ohm-ampro-tecshow-tex-3600\/"},"modified":"2026-04-06T13:30:13","modified_gmt":"2026-04-06T16:30:13","slug":"potencia-amplificador-2-x-1800w-4ohm-ampro-tecshow-tex-3600","status":"publish","type":"product","link":"https:\/\/rms-enlinea.com.ar\/tienda\/producto\/potencia-amplificador-2-x-1800w-4ohm-ampro-tecshow-tex-3600\/","title":{"rendered":"Potencia Amplificador 2 X 1800w 4ohm Ampro Tecshow Tex-3600"},"content":{"rendered":"<p>AMPLIFICADOR PROFESIONAL &#8211; 2 X 1800W @ 4-OHMS<br \/>TEX-3600 ES UNA AMPLIFICADOR DE CLASE D CON UNA POTENCIA DE SALIDA DE 2 X 1400W @ 8-OHM Y 2 X 1800W @ 4-OHM. LA NUEVA SERIE TEX DE TECSHOW EST\u00c1 DESTINADA A CUBRIR LAS NECESIDADES DEL MERCADO MASIVO, BRINDANDO UNA EXCELENTE RELACI\u00d3N PESO\/POTENCIA. UN MUY EFICIENTE SISTEMA DE REFRIGERACI\u00d3N, SELECTOR DE MODO EST\u00c9REO\/PARALELO, CONECTORES XLR DE SE\u00d1AL Y NL4 DE SALIDA PARA ALTAVOCES, Y UN AMPLIO ABANICO DE PROTECCIONES SON ALGUNAS DE SUS CARACTER\u00cdSTICAS M\u00c1S SALIENTES. LIVIANAS, CONFIABLES Y EFICIENTES, LAS ETAPAS DE LA SERIE TEX SON IDEALES TANTO PARA INSTALACIONES FIJAS COMO PARA DJ M\u00d3VILES.<br \/>FICHA<br \/>TECNICA<br \/>POTENCIA DE SALIDA <br \/>EST\u00c9REO @ 8-OHM: 2 X 1400W<br \/>EST\u00c9REO @ 4-OHM: 2 X 1800W<\/p>\n<p>RENDIMIENTO<br \/>AMPLIFICACI\u00d3N: CLASE D<br \/>IMPEDANCIA DE ENTRADA: 20KOHM BALANCEADO A TIERRA<br \/>RESPUESTA DE FRECUENCIA: 20HZ~20KHZ<br \/>THD: &lt;0.10%, 20HZ-20KHZ (8 OHMS)<br \/>SLEW RATE: 40V\/US<br \/>RELACI\u00d3N SE\u00d1AL A RUIDO: &gt;103DB<br \/>FACTOR DE AMORTIGUAMIENTO (1KHZ@8OHM): &gt;400:1<br \/>PROTECCIONES: CORTO CIRCUITO, SOBRECARGA, ARRANQUE SUAVE &amp; TESTEO BOOT-STRAP<\/p>\n<p>CONECTORES &amp; CONTROLES DE PANEL POSTERIOR <br \/>2 XLR-3 HEMBRAS BALANCEADOS<br \/>2 SALIDAS DE ALTAVOZ NL4<br \/>DIP SWITCH PARA SELECCI\u00d3N DE MODO EST\u00c9REO O PARALELO<\/p>\n<p>F\u00cdSICO <br \/>UNIDADES DE RACK: 1.5<br \/>ENFRIAMIENTO: 2 VENTILADORES CON VELOCIDAD VARIABLE<br \/>DIMENSIONES: 480X299X64 MM. \/ 19X11,7X2,5 PULG.<br \/>PESO: 5,1 KG. \/ 11,2 LBS.<\/p>\n","protected":false},"excerpt":{"rendered":"<p>AMPLIFICADOR PROFESIONAL &#8211; 2 X 1800W @ 4-OHMSTEX-3600 ES UNA AMPLIFICADOR DE CLASE D CON UNA POTENCIA DE SALIDA DE 2 X 1400W @ 8-OHM Y 2 X 1800W @ 4-OHM. LA NUEVA SERIE TEX DE TECSHOW EST\u00c1 DESTINADA A CUBRIR LAS NECESIDADES DEL MERCADO MASIVO, BRINDANDO UNA EXCELENTE RELACI\u00d3N PESO\/POTENCIA. UN MUY EFICIENTE SISTEMA [&hellip;]<\/p>\n","protected":false},"featured_media":58645,"comment_status":"open","ping_status":"closed","template":"","meta":{"_uag_custom_page_level_css":""},"product_brand":[477],"product_cat":[53,15],"product_tag":[],"class_list":{"0":"post-58644","1":"product","2":"type-product","3":"status-publish","4":"has-post-thumbnail","6":"product_brand-ampro","7":"product_cat-amplificadores-potencias","8":"product_cat-sin-categorizar","10":"first","11":"instock","12":"sale","13":"taxable","14":"shipping-taxable","15":"purchasable","16":"product-type-simple"},"uagb_featured_image_src":{"full":["https:\/\/rms-enlinea.com.ar\/wp-content\/uploads\/2025\/11\/D_847127-MLA98101759442_112025-F.jpg",1182,179,false],"thumbnail":["https:\/\/rms-enlinea.com.ar\/wp-content\/uploads\/2025\/11\/D_847127-MLA98101759442_112025-F-150x150.jpg",150,150,true],"medium":["https:\/\/rms-enlinea.com.ar\/wp-content\/uploads\/2025\/11\/D_847127-MLA98101759442_112025-F-300x45.jpg",300,45,true],"medium_large":["https:\/\/rms-enlinea.com.ar\/wp-content\/uploads\/2025\/11\/D_847127-MLA98101759442_112025-F-768x116.jpg",768,116,true],"large":["https:\/\/rms-enlinea.com.ar\/wp-content\/uploads\/2025\/11\/D_847127-MLA98101759442_112025-F-1024x155.jpg",1024,155,true],"1536x1536":["https:\/\/rms-enlinea.com.ar\/wp-content\/uploads\/2025\/11\/D_847127-MLA98101759442_112025-F.jpg",1182,179,false],"2048x2048":["https:\/\/rms-enlinea.com.ar\/wp-content\/uploads\/2025\/11\/D_847127-MLA98101759442_112025-F.jpg",1182,179,false],"woocommerce_thumbnail":["https:\/\/rms-enlinea.com.ar\/wp-content\/uploads\/2025\/11\/D_847127-MLA98101759442_112025-F-450x179.jpg",450,179,true],"woocommerce_single":["https:\/\/rms-enlinea.com.ar\/wp-content\/uploads\/2025\/11\/D_847127-MLA98101759442_112025-F-600x91.jpg",600,91,true],"woocommerce_gallery_thumbnail":["https:\/\/rms-enlinea.com.ar\/wp-content\/uploads\/2025\/11\/D_847127-MLA98101759442_112025-F-100x100.jpg",100,100,true]},"uagb_author_info":{"display_name":"nelson","author_link":"https:\/\/rms-enlinea.com.ar\/tienda\/author\/"},"uagb_comment_info":0,"uagb_excerpt":"AMPLIFICADOR PROFESIONAL &#8211; 2 X 1800W @ 4-OHMSTEX-3600 ES UNA AMPLIFICADOR DE CLASE D CON UNA POTENCIA DE SALIDA DE 2 X 1400W @ 8-OHM Y 2 X 1800W @ 4-OHM. LA NUEVA SERIE TEX DE TECSHOW EST\u00c1 DESTINADA A CUBRIR LAS NECESIDADES DEL MERCADO MASIVO, BRINDANDO UNA EXCELENTE RELACI\u00d3N PESO\/POTENCIA. UN MUY EFICIENTE SISTEMA&hellip;","_links":{"self":[{"href":"https:\/\/rms-enlinea.com.ar\/tienda\/wp-json\/wp\/v2\/product\/58644","targetHints":{"allow":["GET"]}}],"collection":[{"href":"https:\/\/rms-enlinea.com.ar\/tienda\/wp-json\/wp\/v2\/product"}],"about":[{"href":"https:\/\/rms-enlinea.com.ar\/tienda\/wp-json\/wp\/v2\/types\/product"}],"replies":[{"embeddable":true,"href":"https:\/\/rms-enlinea.com.ar\/tienda\/wp-json\/wp\/v2\/comments?post=58644"}],"wp:featuredmedia":[{"embeddable":true,"href":"https:\/\/rms-enlinea.com.ar\/tienda\/wp-json\/wp\/v2\/media\/58645"}],"wp:attachment":[{"href":"https:\/\/rms-enlinea.com.ar\/tienda\/wp-json\/wp\/v2\/media?parent=58644"}],"wp:term":[{"taxonomy":"product_brand","embeddable":true,"href":"https:\/\/rms-enlinea.com.ar\/tienda\/wp-json\/wp\/v2\/product_brand?post=58644"},{"taxonomy":"product_cat","embeddable":true,"href":"https:\/\/rms-enlinea.com.ar\/tienda\/wp-json\/wp\/v2\/product_cat?post=58644"},{"taxonomy":"product_tag","embeddable":true,"href":"https:\/\/rms-enlinea.com.ar\/tienda\/wp-json\/wp\/v2\/product_tag?post=58644"}],"curies":[{"name":"wp","href":"https:\/\/api.w.org\/{rel}","templated":true}]}}