{"id":58650,"date":"2025-11-17T03:20:36","date_gmt":"2025-11-17T06:20:36","guid":{"rendered":"https:\/\/rms-enlinea.com.ar\/tienda\/producto\/potencia-amplificador-4-x-1800w-4ohm-ampro-tecshow-tex-41800\/"},"modified":"2026-04-06T11:55:14","modified_gmt":"2026-04-06T14:55:14","slug":"potencia-amplificador-4-x-1800w-4ohm-ampro-tecshow-tex-41800","status":"publish","type":"product","link":"https:\/\/rms-enlinea.com.ar\/tienda\/producto\/potencia-amplificador-4-x-1800w-4ohm-ampro-tecshow-tex-41800\/","title":{"rendered":"Potencia Amplificador 4 X 1800w 4ohm Ampro Tecshow Tex-41800"},"content":{"rendered":"<p>AMPLIFICADOR PROFESIONAL &#8211; 4 X 1800W @ 4-OHMS<br \/>TEX-41800 ES UNA AMPLIFICADOR DE CLASE D CON UNA POTENCIA DE SALIDA DE 4 X 1200W @ 8-OHM Y 4 X 1800W @ 4-OHM. LA NUEVA SERIE TEX DE TECSHOW EST\u00c1 DESTINADA A CUBRIR LAS NECESIDADES DEL MERCADO MASIVO, BRINDANDO UNA EXCELENTE RELACI\u00d3N PESO\/POTENCIA. UN MUY EFICIENTE SISTEMA DE REFRIGERACI\u00d3N, SELECTOR DE MODO EST\u00c9REO\/PARALELO, CONECTORES XLR DE SE\u00d1AL Y NL4 DE SALIDA PARA ALTAVOCES, Y UN AMPLIO ABANICO DE PROTECCIONES SON ALGUNAS DE SUS CARACTER\u00cdSTICAS M\u00c1S SALIENTES. LIVIANAS, CONFIABLES Y EFICIENTES, LAS ETAPAS DE LA SERIE TEX SON IDEALES TANTO PARA INSTALACIONES FIJAS COMO PARA DJ M\u00d3VILES.<br \/>FICHA<br \/>TECNICA<br \/>POTENCIA DE SALIDA <br \/>EST\u00c9REO @ 8-OHM: 4 X 1200W<br \/>EST\u00c9REO @ 4-OHM: 4 X 1800W<\/p>\n<p>RENDIMIENTO<br \/>AMPLIFICACI\u00d3N: CLASE D<br \/>IMPEDANCIA DE ENTRADA: 20KOHM BALANCEADO A TIERRA<br \/>RESPUESTA DE FRECUENCIA: 20HZ~20KHZ<br \/>THD: &lt;0.10%, 20HZ-20KHZ (8 OHMS)<br \/>SLEW RATE: 40V\/US<br \/>RELACI\u00d3N SE\u00d1AL A RUIDO: &gt;103DB<br \/>FACTOR DE AMORTIGUAMIENTO (1KHZ@8OHM): &gt;400:1<br \/>PROTECCIONES: CORTO CIRCUITO, SOBRECARGA, ARRANQUE SUAVE &amp; TESTEO BOOT-STRAP<\/p>\n<p>CONECTORES &amp; CONTROLES DE PANEL POSTERIOR <br \/>4 XLR-3 HEMBRAS BALANCEADOS<br \/>4 XLR-3 MACHOS BALANCEADOS<br \/>4 SALIDAS DE ALTAVOZ NL4<\/p>\n<p>F\u00cdSICO <br \/>UNIDADES DE RACK: 2<br \/>ENFRIAMIENTO: 2 VENTILADORES CON VELOCIDAD VARIABLE<br \/>DIMENSIONES: 483X372X89 MM. \/ 19X14,6X3,5 PULG.<br \/>PESO: 10 KG. \/ 22 LBS.<\/p>\n","protected":false},"excerpt":{"rendered":"<p>AMPLIFICADOR PROFESIONAL &#8211; 4 X 1800W @ 4-OHMSTEX-41800 ES UNA AMPLIFICADOR DE CLASE D CON UNA POTENCIA DE SALIDA DE 4 X 1200W @ 8-OHM Y 4 X 1800W @ 4-OHM. LA NUEVA SERIE TEX DE TECSHOW EST\u00c1 DESTINADA A CUBRIR LAS NECESIDADES DEL MERCADO MASIVO, BRINDANDO UNA EXCELENTE RELACI\u00d3N PESO\/POTENCIA. UN MUY EFICIENTE SISTEMA [&hellip;]<\/p>\n","protected":false},"featured_media":58651,"comment_status":"open","ping_status":"closed","template":"","meta":{"_uag_custom_page_level_css":""},"product_brand":[477],"product_cat":[53,15],"product_tag":[],"class_list":{"0":"post-58650","1":"product","2":"type-product","3":"status-publish","4":"has-post-thumbnail","6":"product_brand-ampro","7":"product_cat-amplificadores-potencias","8":"product_cat-sin-categorizar","10":"first","11":"instock","12":"sale","13":"taxable","14":"shipping-taxable","15":"purchasable","16":"product-type-simple"},"uagb_featured_image_src":{"full":["https:\/\/rms-enlinea.com.ar\/wp-content\/uploads\/2025\/11\/D_864305-MLA98576127295_112025-F.jpg",1181,226,false],"thumbnail":["https:\/\/rms-enlinea.com.ar\/wp-content\/uploads\/2025\/11\/D_864305-MLA98576127295_112025-F-150x150.jpg",150,150,true],"medium":["https:\/\/rms-enlinea.com.ar\/wp-content\/uploads\/2025\/11\/D_864305-MLA98576127295_112025-F-300x57.jpg",300,57,true],"medium_large":["https:\/\/rms-enlinea.com.ar\/wp-content\/uploads\/2025\/11\/D_864305-MLA98576127295_112025-F-768x147.jpg",768,147,true],"large":["https:\/\/rms-enlinea.com.ar\/wp-content\/uploads\/2025\/11\/D_864305-MLA98576127295_112025-F-1024x196.jpg",1024,196,true],"1536x1536":["https:\/\/rms-enlinea.com.ar\/wp-content\/uploads\/2025\/11\/D_864305-MLA98576127295_112025-F.jpg",1181,226,false],"2048x2048":["https:\/\/rms-enlinea.com.ar\/wp-content\/uploads\/2025\/11\/D_864305-MLA98576127295_112025-F.jpg",1181,226,false],"woocommerce_thumbnail":["https:\/\/rms-enlinea.com.ar\/wp-content\/uploads\/2025\/11\/D_864305-MLA98576127295_112025-F-450x226.jpg",450,226,true],"woocommerce_single":["https:\/\/rms-enlinea.com.ar\/wp-content\/uploads\/2025\/11\/D_864305-MLA98576127295_112025-F-600x115.jpg",600,115,true],"woocommerce_gallery_thumbnail":["https:\/\/rms-enlinea.com.ar\/wp-content\/uploads\/2025\/11\/D_864305-MLA98576127295_112025-F-100x100.jpg",100,100,true]},"uagb_author_info":{"display_name":"nelson","author_link":"https:\/\/rms-enlinea.com.ar\/tienda\/author\/"},"uagb_comment_info":0,"uagb_excerpt":"AMPLIFICADOR PROFESIONAL &#8211; 4 X 1800W @ 4-OHMSTEX-41800 ES UNA AMPLIFICADOR DE CLASE D CON UNA POTENCIA DE SALIDA DE 4 X 1200W @ 8-OHM Y 4 X 1800W @ 4-OHM. LA NUEVA SERIE TEX DE TECSHOW EST\u00c1 DESTINADA A CUBRIR LAS NECESIDADES DEL MERCADO MASIVO, BRINDANDO UNA EXCELENTE RELACI\u00d3N PESO\/POTENCIA. UN MUY EFICIENTE SISTEMA&hellip;","_links":{"self":[{"href":"https:\/\/rms-enlinea.com.ar\/tienda\/wp-json\/wp\/v2\/product\/58650","targetHints":{"allow":["GET"]}}],"collection":[{"href":"https:\/\/rms-enlinea.com.ar\/tienda\/wp-json\/wp\/v2\/product"}],"about":[{"href":"https:\/\/rms-enlinea.com.ar\/tienda\/wp-json\/wp\/v2\/types\/product"}],"replies":[{"embeddable":true,"href":"https:\/\/rms-enlinea.com.ar\/tienda\/wp-json\/wp\/v2\/comments?post=58650"}],"wp:featuredmedia":[{"embeddable":true,"href":"https:\/\/rms-enlinea.com.ar\/tienda\/wp-json\/wp\/v2\/media\/58651"}],"wp:attachment":[{"href":"https:\/\/rms-enlinea.com.ar\/tienda\/wp-json\/wp\/v2\/media?parent=58650"}],"wp:term":[{"taxonomy":"product_brand","embeddable":true,"href":"https:\/\/rms-enlinea.com.ar\/tienda\/wp-json\/wp\/v2\/product_brand?post=58650"},{"taxonomy":"product_cat","embeddable":true,"href":"https:\/\/rms-enlinea.com.ar\/tienda\/wp-json\/wp\/v2\/product_cat?post=58650"},{"taxonomy":"product_tag","embeddable":true,"href":"https:\/\/rms-enlinea.com.ar\/tienda\/wp-json\/wp\/v2\/product_tag?post=58650"}],"curies":[{"name":"wp","href":"https:\/\/api.w.org\/{rel}","templated":true}]}}