{"id":58789,"date":"2025-11-22T17:20:07","date_gmt":"2025-11-22T20:20:07","guid":{"rendered":"https:\/\/rms-enlinea.com.ar\/tienda\/producto\/notebook-hp-250-g10-i3-n305-8gb-256gb-ssd-15-6-fhd-freedos\/"},"modified":"2026-04-21T03:40:33","modified_gmt":"2026-04-21T06:40:33","slug":"notebook-hp-250-g10-i3-n305-8gb-256gb-ssd-15-6-fhd-freedos","status":"publish","type":"product","link":"https:\/\/rms-enlinea.com.ar\/tienda\/producto\/notebook-hp-250-g10-i3-n305-8gb-256gb-ssd-15-6-fhd-freedos\/","title":{"rendered":"Notebook Hp 250 G10 I3-n305 8gb 256gb Ssd 15.6 Fhd Freedos"},"content":{"rendered":"<p>Sistema operativo FreeDOS 3.0<br \/>\nFamilia del procesador Procesador Intel\u00ae de la serie N<br \/>\nProcesador Intel\u00ae Core&#x2122; i3-N305 (hasta 3,8 GHz con tecnolog\u00eda Intel\u00ae Turbo Boost, 6 MB de cach\u00e9 L3, 8 n\u00facleos y 8 subprocesos) 1 2<br \/>\nGr\u00e1ficos Integradas,<br \/>\nGr\u00e1ficos Intel\u00ae UHD<br \/>\nMemoria RAM DDR4-3200 MT\/s de 8 GB (1 x 8 GB)<br \/>\nRanuras de memoria 1 SODIMM<br \/>\nAlmacenamiento interno Unidad de estado s\u00f3lido PCIe\u00ae NVMe&#x2122; de 256 GB<br \/>\nPantalla HD (1366 x 768) de 15,6&#8243; (39,6 cm), SVA, bisel estrecho, antirreflectante, 250 nits, 45% NTSC 3 4 5<br \/>\nPantalla t\u00e1ctil No<br \/>\nGama de colores 45% NTSC<br \/>\nBrillo 250 nits<br \/>\nDimensiones m\u00ednimas (anch. x prof. x alt.) 36 x 23,6 x 1,86 cm<br \/>\nPeso A partir de 1,52 kg (El peso var\u00eda seg\u00fan la configuraci\u00f3n. No incluye fuente de alimentaci\u00f3n.)<br \/>\nFunciones de gesti\u00f3n HP SSRM; Windows Push Button Reset Recovery<br \/>\nTipo de bater\u00eda Iones de litio de 3 celdas y 41 Wh de larga duraci\u00f3n HP<br \/>\nInal\u00e1mbrico Tarjeta inal\u00e1mbrica Wi-Fi 6 (2&#215;2) y Bluetooth\u00ae 5.3 opcional<br \/>\nColor de producto Plateado ceniza oscuro<br \/>\nTeclado Teclado de tama\u00f1o completo con teclado num\u00e9rico<br \/>\nC\u00e1mara C\u00e1mara HD de 720p<br \/>\nAudio Altavoces est\u00e9reo, micr\u00f3fono digital integrado<br \/>\nPuertos 1 USB Type-C\u00ae con velocidad de se\u00f1alizaci\u00f3n de 5 Gb\/s; 2 USB Type-A con velocidad de se\u00f1alizaci\u00f3n de 5 Gb\/s;<br \/>\n1 alimentaci\u00f3n de CA; 1 HDMI 1.4b; 1 conector est\u00e9reo para combinaci\u00f3n de auriculares y micr\u00f3fono<\/p>\n","protected":false},"excerpt":{"rendered":"<p>Sistema operativo FreeDOS 3.0 Familia del procesador Procesador Intel\u00ae de la serie N Procesador Intel\u00ae Core&#x2122; i3-N305 (hasta 3,8 GHz con tecnolog\u00eda Intel\u00ae Turbo Boost, 6 MB de cach\u00e9 L3, 8 n\u00facleos y 8 subprocesos) 1 2 Gr\u00e1ficos Integradas, Gr\u00e1ficos Intel\u00ae UHD Memoria RAM DDR4-3200 MT\/s de 8 GB (1 x 8 GB) Ranuras de [&hellip;]<\/p>\n","protected":false},"featured_media":58790,"comment_status":"open","ping_status":"closed","template":"","meta":{"_uag_custom_page_level_css":""},"product_brand":[552],"product_cat":[116],"product_tag":[],"class_list":{"0":"post-58789","1":"product","2":"type-product","3":"status-publish","4":"has-post-thumbnail","6":"product_brand-hp","7":"product_cat-notebooks-y-tablet","9":"first","10":"outofstock","11":"sale","12":"taxable","13":"shipping-taxable","14":"purchasable","15":"product-type-simple"},"uagb_featured_image_src":{"full":["https:\/\/rms-enlinea.com.ar\/wp-content\/uploads\/2025\/11\/D_682824-MLA98749325590_112025-F.jpg",1200,808,false],"thumbnail":["https:\/\/rms-enlinea.com.ar\/wp-content\/uploads\/2025\/11\/D_682824-MLA98749325590_112025-F-150x150.jpg",150,150,true],"medium":["https:\/\/rms-enlinea.com.ar\/wp-content\/uploads\/2025\/11\/D_682824-MLA98749325590_112025-F-300x202.jpg",300,202,true],"medium_large":["https:\/\/rms-enlinea.com.ar\/wp-content\/uploads\/2025\/11\/D_682824-MLA98749325590_112025-F-768x517.jpg",768,517,true],"large":["https:\/\/rms-enlinea.com.ar\/wp-content\/uploads\/2025\/11\/D_682824-MLA98749325590_112025-F-1024x689.jpg",1024,689,true],"1536x1536":["https:\/\/rms-enlinea.com.ar\/wp-content\/uploads\/2025\/11\/D_682824-MLA98749325590_112025-F.jpg",1200,808,false],"2048x2048":["https:\/\/rms-enlinea.com.ar\/wp-content\/uploads\/2025\/11\/D_682824-MLA98749325590_112025-F.jpg",1200,808,false],"woocommerce_thumbnail":["https:\/\/rms-enlinea.com.ar\/wp-content\/uploads\/2025\/11\/D_682824-MLA98749325590_112025-F-450x450.jpg",450,450,true],"woocommerce_single":["https:\/\/rms-enlinea.com.ar\/wp-content\/uploads\/2025\/11\/D_682824-MLA98749325590_112025-F-600x404.jpg",600,404,true],"woocommerce_gallery_thumbnail":["https:\/\/rms-enlinea.com.ar\/wp-content\/uploads\/2025\/11\/D_682824-MLA98749325590_112025-F-100x100.jpg",100,100,true]},"uagb_author_info":{"display_name":"nelson","author_link":"https:\/\/rms-enlinea.com.ar\/tienda\/author\/"},"uagb_comment_info":0,"uagb_excerpt":"Sistema operativo FreeDOS 3.0 Familia del procesador Procesador Intel\u00ae de la serie N Procesador Intel\u00ae Core&#x2122; i3-N305 (hasta 3,8 GHz con tecnolog\u00eda Intel\u00ae Turbo Boost, 6 MB de cach\u00e9 L3, 8 n\u00facleos y 8 subprocesos) 1 2 Gr\u00e1ficos Integradas, Gr\u00e1ficos Intel\u00ae UHD Memoria RAM DDR4-3200 MT\/s de 8 GB (1 x 8 GB) Ranuras de&hellip;","_links":{"self":[{"href":"https:\/\/rms-enlinea.com.ar\/tienda\/wp-json\/wp\/v2\/product\/58789","targetHints":{"allow":["GET"]}}],"collection":[{"href":"https:\/\/rms-enlinea.com.ar\/tienda\/wp-json\/wp\/v2\/product"}],"about":[{"href":"https:\/\/rms-enlinea.com.ar\/tienda\/wp-json\/wp\/v2\/types\/product"}],"replies":[{"embeddable":true,"href":"https:\/\/rms-enlinea.com.ar\/tienda\/wp-json\/wp\/v2\/comments?post=58789"}],"wp:featuredmedia":[{"embeddable":true,"href":"https:\/\/rms-enlinea.com.ar\/tienda\/wp-json\/wp\/v2\/media\/58790"}],"wp:attachment":[{"href":"https:\/\/rms-enlinea.com.ar\/tienda\/wp-json\/wp\/v2\/media?parent=58789"}],"wp:term":[{"taxonomy":"product_brand","embeddable":true,"href":"https:\/\/rms-enlinea.com.ar\/tienda\/wp-json\/wp\/v2\/product_brand?post=58789"},{"taxonomy":"product_cat","embeddable":true,"href":"https:\/\/rms-enlinea.com.ar\/tienda\/wp-json\/wp\/v2\/product_cat?post=58789"},{"taxonomy":"product_tag","embeddable":true,"href":"https:\/\/rms-enlinea.com.ar\/tienda\/wp-json\/wp\/v2\/product_tag?post=58789"}],"curies":[{"name":"wp","href":"https:\/\/api.w.org\/{rel}","templated":true}]}}