{"id":59280,"date":"2025-12-03T18:00:07","date_gmt":"2025-12-03T21:00:07","guid":{"rendered":"https:\/\/rms-enlinea.com.ar\/tienda\/producto\/volante-genius-speedmaster-x1-con-pedalera-y-palanca-cambios\/"},"modified":"2026-04-07T14:40:19","modified_gmt":"2026-04-07T17:40:19","slug":"volante-genius-speedmaster-x1-con-pedalera-y-palanca-cambios","status":"publish","type":"product","link":"https:\/\/rms-enlinea.com.ar\/tienda\/producto\/volante-genius-speedmaster-x1-con-pedalera-y-palanca-cambios\/","title":{"rendered":"Volante Genius Speedmaster X1 Con Pedalera Y Palanca Cambios"},"content":{"rendered":"<p>Juego de pedales<\/p>\n<p>3 pedales (Embrague \/ Freno \/ Acelerador)<br \/>\nInterfaz de conexi\u00f3n<\/p>\n<p>USB-A<br \/>\nPlayStation 3 \/ 4<\/p>\n<p>S\u00ed<br \/>\nPalanca de cambios<\/p>\n<p>S\u00ed (6 + R)<br \/>\nXbox One<\/p>\n<p>S\u00ed<br \/>\nGrado de rotaci\u00f3n del volante<\/p>\n<p>270 \/ 900 grados<br \/>\nPlataforma PC<\/p>\n<p>S\u00ed<\/p>\n","protected":false},"excerpt":{"rendered":"<p>Juego de pedales 3 pedales (Embrague \/ Freno \/ Acelerador) Interfaz de conexi\u00f3n USB-A PlayStation 3 \/ 4 S\u00ed Palanca de cambios S\u00ed (6 + R) Xbox One S\u00ed Grado de rotaci\u00f3n del volante 270 \/ 900 grados Plataforma PC S\u00ed<\/p>\n","protected":false},"featured_media":59281,"comment_status":"open","ping_status":"closed","template":"","meta":{"_uag_custom_page_level_css":""},"product_brand":[550],"product_cat":[111,15],"product_tag":[],"class_list":{"0":"post-59280","1":"product","2":"type-product","3":"status-publish","4":"has-post-thumbnail","6":"product_brand-genius","7":"product_cat-joystick","8":"product_cat-sin-categorizar","10":"first","11":"instock","12":"sale","13":"taxable","14":"shipping-taxable","15":"purchasable","16":"product-type-simple"},"uagb_featured_image_src":{"full":["https:\/\/rms-enlinea.com.ar\/wp-content\/uploads\/2025\/12\/D_944508-MLA99778995390_122025-F.jpg",904,1023,false],"thumbnail":["https:\/\/rms-enlinea.com.ar\/wp-content\/uploads\/2025\/12\/D_944508-MLA99778995390_122025-F-150x150.jpg",150,150,true],"medium":["https:\/\/rms-enlinea.com.ar\/wp-content\/uploads\/2025\/12\/D_944508-MLA99778995390_122025-F-265x300.jpg",265,300,true],"medium_large":["https:\/\/rms-enlinea.com.ar\/wp-content\/uploads\/2025\/12\/D_944508-MLA99778995390_122025-F-768x869.jpg",768,869,true],"large":["https:\/\/rms-enlinea.com.ar\/wp-content\/uploads\/2025\/12\/D_944508-MLA99778995390_122025-F.jpg",904,1023,false],"1536x1536":["https:\/\/rms-enlinea.com.ar\/wp-content\/uploads\/2025\/12\/D_944508-MLA99778995390_122025-F.jpg",904,1023,false],"2048x2048":["https:\/\/rms-enlinea.com.ar\/wp-content\/uploads\/2025\/12\/D_944508-MLA99778995390_122025-F.jpg",904,1023,false],"woocommerce_thumbnail":["https:\/\/rms-enlinea.com.ar\/wp-content\/uploads\/2025\/12\/D_944508-MLA99778995390_122025-F-450x450.jpg",450,450,true],"woocommerce_single":["https:\/\/rms-enlinea.com.ar\/wp-content\/uploads\/2025\/12\/D_944508-MLA99778995390_122025-F-600x679.jpg",600,679,true],"woocommerce_gallery_thumbnail":["https:\/\/rms-enlinea.com.ar\/wp-content\/uploads\/2025\/12\/D_944508-MLA99778995390_122025-F-100x100.jpg",100,100,true]},"uagb_author_info":{"display_name":"nelson","author_link":"https:\/\/rms-enlinea.com.ar\/tienda\/author\/"},"uagb_comment_info":0,"uagb_excerpt":"Juego de pedales 3 pedales (Embrague \/ Freno \/ Acelerador) Interfaz de conexi\u00f3n USB-A PlayStation 3 \/ 4 S\u00ed Palanca de cambios S\u00ed (6 + R) Xbox One S\u00ed Grado de rotaci\u00f3n del volante 270 \/ 900 grados Plataforma PC S\u00ed","_links":{"self":[{"href":"https:\/\/rms-enlinea.com.ar\/tienda\/wp-json\/wp\/v2\/product\/59280","targetHints":{"allow":["GET"]}}],"collection":[{"href":"https:\/\/rms-enlinea.com.ar\/tienda\/wp-json\/wp\/v2\/product"}],"about":[{"href":"https:\/\/rms-enlinea.com.ar\/tienda\/wp-json\/wp\/v2\/types\/product"}],"replies":[{"embeddable":true,"href":"https:\/\/rms-enlinea.com.ar\/tienda\/wp-json\/wp\/v2\/comments?post=59280"}],"wp:featuredmedia":[{"embeddable":true,"href":"https:\/\/rms-enlinea.com.ar\/tienda\/wp-json\/wp\/v2\/media\/59281"}],"wp:attachment":[{"href":"https:\/\/rms-enlinea.com.ar\/tienda\/wp-json\/wp\/v2\/media?parent=59280"}],"wp:term":[{"taxonomy":"product_brand","embeddable":true,"href":"https:\/\/rms-enlinea.com.ar\/tienda\/wp-json\/wp\/v2\/product_brand?post=59280"},{"taxonomy":"product_cat","embeddable":true,"href":"https:\/\/rms-enlinea.com.ar\/tienda\/wp-json\/wp\/v2\/product_cat?post=59280"},{"taxonomy":"product_tag","embeddable":true,"href":"https:\/\/rms-enlinea.com.ar\/tienda\/wp-json\/wp\/v2\/product_tag?post=59280"}],"curies":[{"name":"wp","href":"https:\/\/api.w.org\/{rel}","templated":true}]}}