{"id":59295,"date":"2025-12-03T18:21:01","date_gmt":"2025-12-03T21:21:01","guid":{"rendered":"https:\/\/rms-enlinea.com.ar\/tienda\/producto\/parlantes-genius-sp-hf180-madera-usb-mini-plug-pc-2-0-4w\/"},"modified":"2026-04-06T18:31:04","modified_gmt":"2026-04-06T21:31:04","slug":"parlantes-genius-sp-hf180-madera-usb-mini-plug-pc-2-0-4w","status":"publish","type":"product","link":"https:\/\/rms-enlinea.com.ar\/tienda\/producto\/parlantes-genius-sp-hf180-madera-usb-mini-plug-pc-2-0-4w\/","title":{"rendered":"Parlantes Genius Sp-hf180 Madera Usb Mini Plug Pc 2.0 4w"},"content":{"rendered":"<p>Marca<\/p>\n<p>Genius<br \/>Conectores de entrada<\/p>\n<p>USB<br \/>Es port\u00e1til<\/p>\n<p>S\u00ed<br \/>Potencia de salida (RMS)<\/p>\n<p>6 W<br \/>SKU<\/p>\n<p>511719<br \/>Peso<\/p>\n<p>650 g<br \/>Marca<\/p>\n<p>Genius<br \/>Configuraci\u00f3n de canales<\/p>\n<p>2.0<br \/>Profundidad<\/p>\n<p>11 cm<br \/>Altura<\/p>\n<p>11 cm<br \/>Incluye bater\u00eda recargable<\/p>\n<p>No<br \/>Incluye soporte<\/p>\n<p>No<br \/>Conectores de entrada<\/p>\n<p>USB<br \/>Lugares de colocaci\u00f3n<\/p>\n<p>Escritorio<br \/>Es kit<\/p>\n<p>No<br \/>Es port\u00e1til<\/p>\n<p>S\u00ed<br \/>Es a prueba de agua<\/p>\n<p>No<br \/>Es inal\u00e1mbrico<\/p>\n<p>No<br \/>Modelo<\/p>\n<p>SH-HE180<br \/>Potencia de salida (RMS)<\/p>\n<p>6 W<br \/>SKU<\/p>\n<p>11719<br \/>Cantidad de parlantes<\/p>\n<p>2<br \/>Tipos de filtros del parlante<\/p>\n<p>Activo<br \/>Formato del parlante<\/p>\n<p>Caja<br \/>Tipos de parlante<\/p>\n<p>PC,Escritorio,Notebook<br \/>Peso<\/p>\n<p>650 g<br \/>Ancho<\/p>\n<p>11 cm<br \/>Con base<\/p>\n<p>No<br \/>Con Bluetooth<\/p>\n<p>No<br \/>Con micr\u00f3fono<\/p>\n<p>No<br \/>Con Wi-Fi<\/p>\n<p>No<\/p>\n","protected":false},"excerpt":{"rendered":"<p>Marca GeniusConectores de entrada USBEs port\u00e1til S\u00edPotencia de salida (RMS) 6 WSKU 511719Peso 650 gMarca GeniusConfiguraci\u00f3n de canales 2.0Profundidad 11 cmAltura 11 cmIncluye bater\u00eda recargable NoIncluye soporte NoConectores de entrada USBLugares de colocaci\u00f3n EscritorioEs kit NoEs port\u00e1til S\u00edEs a prueba de agua NoEs inal\u00e1mbrico NoModelo SH-HE180Potencia de salida (RMS) 6 WSKU 11719Cantidad de parlantes 2Tipos [&hellip;]<\/p>\n","protected":false},"featured_media":33782,"comment_status":"open","ping_status":"closed","template":"","meta":{"_uag_custom_page_level_css":""},"product_brand":[550],"product_cat":[15,124],"product_tag":[],"class_list":{"0":"post-59295","1":"product","2":"type-product","3":"status-publish","4":"has-post-thumbnail","6":"product_brand-genius","7":"product_cat-sin-categorizar","8":"product_cat-sistemas-de-sonido-parlantes","10":"first","11":"outofstock","12":"sale","13":"taxable","14":"shipping-taxable","15":"purchasable","16":"product-type-simple"},"uagb_featured_image_src":{"full":["https:\/\/rms-enlinea.com.ar\/wp-content\/uploads\/2025\/06\/D_862422-MLA77976525067_072024-F.jpg",1200,651,false],"thumbnail":["https:\/\/rms-enlinea.com.ar\/wp-content\/uploads\/2025\/06\/D_862422-MLA77976525067_072024-F-150x150.jpg",150,150,true],"medium":["https:\/\/rms-enlinea.com.ar\/wp-content\/uploads\/2025\/06\/D_862422-MLA77976525067_072024-F-300x163.jpg",300,163,true],"medium_large":["https:\/\/rms-enlinea.com.ar\/wp-content\/uploads\/2025\/06\/D_862422-MLA77976525067_072024-F-768x417.jpg",768,417,true],"large":["https:\/\/rms-enlinea.com.ar\/wp-content\/uploads\/2025\/06\/D_862422-MLA77976525067_072024-F-1024x556.jpg",1024,556,true],"1536x1536":["https:\/\/rms-enlinea.com.ar\/wp-content\/uploads\/2025\/06\/D_862422-MLA77976525067_072024-F.jpg",1200,651,false],"2048x2048":["https:\/\/rms-enlinea.com.ar\/wp-content\/uploads\/2025\/06\/D_862422-MLA77976525067_072024-F.jpg",1200,651,false],"woocommerce_thumbnail":["https:\/\/rms-enlinea.com.ar\/wp-content\/uploads\/2025\/06\/D_862422-MLA77976525067_072024-F-450x450.jpg",450,450,true],"woocommerce_single":["https:\/\/rms-enlinea.com.ar\/wp-content\/uploads\/2025\/06\/D_862422-MLA77976525067_072024-F-600x326.jpg",600,326,true],"woocommerce_gallery_thumbnail":["https:\/\/rms-enlinea.com.ar\/wp-content\/uploads\/2025\/06\/D_862422-MLA77976525067_072024-F-100x100.jpg",100,100,true]},"uagb_author_info":{"display_name":"nelson","author_link":"https:\/\/rms-enlinea.com.ar\/tienda\/author\/"},"uagb_comment_info":0,"uagb_excerpt":"Marca GeniusConectores de entrada USBEs port\u00e1til S\u00edPotencia de salida (RMS) 6 WSKU 511719Peso 650 gMarca GeniusConfiguraci\u00f3n de canales 2.0Profundidad 11 cmAltura 11 cmIncluye bater\u00eda recargable NoIncluye soporte NoConectores de entrada USBLugares de colocaci\u00f3n EscritorioEs kit NoEs port\u00e1til S\u00edEs a prueba de agua NoEs inal\u00e1mbrico NoModelo SH-HE180Potencia de salida (RMS) 6 WSKU 11719Cantidad de parlantes 2Tipos&hellip;","_links":{"self":[{"href":"https:\/\/rms-enlinea.com.ar\/tienda\/wp-json\/wp\/v2\/product\/59295","targetHints":{"allow":["GET"]}}],"collection":[{"href":"https:\/\/rms-enlinea.com.ar\/tienda\/wp-json\/wp\/v2\/product"}],"about":[{"href":"https:\/\/rms-enlinea.com.ar\/tienda\/wp-json\/wp\/v2\/types\/product"}],"replies":[{"embeddable":true,"href":"https:\/\/rms-enlinea.com.ar\/tienda\/wp-json\/wp\/v2\/comments?post=59295"}],"wp:featuredmedia":[{"embeddable":true,"href":"https:\/\/rms-enlinea.com.ar\/tienda\/wp-json\/wp\/v2\/media\/33782"}],"wp:attachment":[{"href":"https:\/\/rms-enlinea.com.ar\/tienda\/wp-json\/wp\/v2\/media?parent=59295"}],"wp:term":[{"taxonomy":"product_brand","embeddable":true,"href":"https:\/\/rms-enlinea.com.ar\/tienda\/wp-json\/wp\/v2\/product_brand?post=59295"},{"taxonomy":"product_cat","embeddable":true,"href":"https:\/\/rms-enlinea.com.ar\/tienda\/wp-json\/wp\/v2\/product_cat?post=59295"},{"taxonomy":"product_tag","embeddable":true,"href":"https:\/\/rms-enlinea.com.ar\/tienda\/wp-json\/wp\/v2\/product_tag?post=59295"}],"curies":[{"name":"wp","href":"https:\/\/api.w.org\/{rel}","templated":true}]}}