{"id":59318,"date":"2025-12-03T23:20:10","date_gmt":"2025-12-04T02:20:10","guid":{"rendered":"https:\/\/rms-enlinea.com.ar\/tienda\/producto\/webcam-camara-web-genius-widecam-f100-v2-full-hd-30-fps\/"},"modified":"2026-04-21T04:34:44","modified_gmt":"2026-04-21T07:34:44","slug":"webcam-camara-web-genius-widecam-f100-v2-full-hd-30-fps","status":"publish","type":"product","link":"https:\/\/rms-enlinea.com.ar\/tienda\/producto\/webcam-camara-web-genius-widecam-f100-v2-full-hd-30-fps\/","title":{"rendered":"Webcam Camara Web Genius Widecam F100 V2 Full Hd 30 Fps"},"content":{"rendered":"<p>Micr\u00f3fono incorporado<\/p>\n<p>S\u00cd<br \/>\nEnfoque<\/p>\n<p>manual<br \/>\nInterfaz<\/p>\n<p>USB 2.0<br \/>\nTipo de sensor<\/p>\n<p>CMOS de 2 megap\u00edxeles<br \/>\n\u00c1ngulo de la lente<\/p>\n<p>120\u00b0<br \/>\nResoluci\u00f3n<\/p>\n<p>Alta definici\u00f3n completa 1080P<\/p>\n","protected":false},"excerpt":{"rendered":"<p>Micr\u00f3fono incorporado S\u00cd Enfoque manual Interfaz USB 2.0 Tipo de sensor CMOS de 2 megap\u00edxeles \u00c1ngulo de la lente 120\u00b0 Resoluci\u00f3n Alta definici\u00f3n completa 1080P<\/p>\n","protected":false},"featured_media":59319,"comment_status":"open","ping_status":"closed","template":"","meta":{"_uag_custom_page_level_css":""},"product_brand":[550],"product_cat":[102,15],"product_tag":[],"class_list":{"0":"post-59318","1":"product","2":"type-product","3":"status-publish","4":"has-post-thumbnail","6":"product_brand-genius","7":"product_cat-camaras-webcam","8":"product_cat-sin-categorizar","10":"first","11":"outofstock","12":"sale","13":"taxable","14":"shipping-taxable","15":"purchasable","16":"product-type-simple"},"uagb_featured_image_src":{"full":["https:\/\/rms-enlinea.com.ar\/wp-content\/uploads\/2025\/12\/D_661719-MLA99494926946_112025-F.jpg",1200,1090,false],"thumbnail":["https:\/\/rms-enlinea.com.ar\/wp-content\/uploads\/2025\/12\/D_661719-MLA99494926946_112025-F-150x150.jpg",150,150,true],"medium":["https:\/\/rms-enlinea.com.ar\/wp-content\/uploads\/2025\/12\/D_661719-MLA99494926946_112025-F-300x273.jpg",300,273,true],"medium_large":["https:\/\/rms-enlinea.com.ar\/wp-content\/uploads\/2025\/12\/D_661719-MLA99494926946_112025-F-768x698.jpg",768,698,true],"large":["https:\/\/rms-enlinea.com.ar\/wp-content\/uploads\/2025\/12\/D_661719-MLA99494926946_112025-F-1024x930.jpg",1024,930,true],"1536x1536":["https:\/\/rms-enlinea.com.ar\/wp-content\/uploads\/2025\/12\/D_661719-MLA99494926946_112025-F.jpg",1200,1090,false],"2048x2048":["https:\/\/rms-enlinea.com.ar\/wp-content\/uploads\/2025\/12\/D_661719-MLA99494926946_112025-F.jpg",1200,1090,false],"woocommerce_thumbnail":["https:\/\/rms-enlinea.com.ar\/wp-content\/uploads\/2025\/12\/D_661719-MLA99494926946_112025-F-450x450.jpg",450,450,true],"woocommerce_single":["https:\/\/rms-enlinea.com.ar\/wp-content\/uploads\/2025\/12\/D_661719-MLA99494926946_112025-F-600x545.jpg",600,545,true],"woocommerce_gallery_thumbnail":["https:\/\/rms-enlinea.com.ar\/wp-content\/uploads\/2025\/12\/D_661719-MLA99494926946_112025-F-100x100.jpg",100,100,true]},"uagb_author_info":{"display_name":"nelson","author_link":"https:\/\/rms-enlinea.com.ar\/tienda\/author\/"},"uagb_comment_info":0,"uagb_excerpt":"Micr\u00f3fono incorporado S\u00cd Enfoque manual Interfaz USB 2.0 Tipo de sensor CMOS de 2 megap\u00edxeles \u00c1ngulo de la lente 120\u00b0 Resoluci\u00f3n Alta definici\u00f3n completa 1080P","_links":{"self":[{"href":"https:\/\/rms-enlinea.com.ar\/tienda\/wp-json\/wp\/v2\/product\/59318","targetHints":{"allow":["GET"]}}],"collection":[{"href":"https:\/\/rms-enlinea.com.ar\/tienda\/wp-json\/wp\/v2\/product"}],"about":[{"href":"https:\/\/rms-enlinea.com.ar\/tienda\/wp-json\/wp\/v2\/types\/product"}],"replies":[{"embeddable":true,"href":"https:\/\/rms-enlinea.com.ar\/tienda\/wp-json\/wp\/v2\/comments?post=59318"}],"wp:featuredmedia":[{"embeddable":true,"href":"https:\/\/rms-enlinea.com.ar\/tienda\/wp-json\/wp\/v2\/media\/59319"}],"wp:attachment":[{"href":"https:\/\/rms-enlinea.com.ar\/tienda\/wp-json\/wp\/v2\/media?parent=59318"}],"wp:term":[{"taxonomy":"product_brand","embeddable":true,"href":"https:\/\/rms-enlinea.com.ar\/tienda\/wp-json\/wp\/v2\/product_brand?post=59318"},{"taxonomy":"product_cat","embeddable":true,"href":"https:\/\/rms-enlinea.com.ar\/tienda\/wp-json\/wp\/v2\/product_cat?post=59318"},{"taxonomy":"product_tag","embeddable":true,"href":"https:\/\/rms-enlinea.com.ar\/tienda\/wp-json\/wp\/v2\/product_tag?post=59318"}],"curies":[{"name":"wp","href":"https:\/\/api.w.org\/{rel}","templated":true}]}}