{"id":59377,"date":"2025-12-04T22:50:14","date_gmt":"2025-12-05T01:50:14","guid":{"rendered":"https:\/\/rms-enlinea.com.ar\/tienda\/producto\/barra-de-sonido-trust-arys-usb-12w-plug-3-5-parlantes-pc-tv\/"},"modified":"2026-04-21T06:28:36","modified_gmt":"2026-04-21T09:28:36","slug":"barra-de-sonido-trust-arys-usb-12w-plug-3-5-parlantes-pc-tv","status":"publish","type":"product","link":"https:\/\/rms-enlinea.com.ar\/tienda\/producto\/barra-de-sonido-trust-arys-usb-12w-plug-3-5-parlantes-pc-tv\/","title":{"rendered":"Barra De Sonido Trust Arys Usb 12w Plug 3.5 Parlantes Pc Tv"},"content":{"rendered":"<p>Marca<\/p>\n<p>Trust<br \/>\nConfiguraci\u00f3n de canales<\/p>\n<p>2.1<br \/>\nC\u00f3digo universal de producto<\/p>\n<p>8713439229462<br \/>\nIncluye bater\u00eda recargable<\/p>\n<p>No<br \/>\nIncluye soporte<\/p>\n<p>No<br \/>\nLugares de colocaci\u00f3n<\/p>\n<p>Mesa,Escritorio<br \/>\nEs gamer<\/p>\n<p>No<br \/>\nEs port\u00e1til<\/p>\n<p>No<br \/>\nEs a prueba de agua<\/p>\n<p>No<br \/>\nEs inal\u00e1mbrico<\/p>\n<p>No<br \/>\nL\u00ednea<\/p>\n<p>Arys<br \/>\nModelo<\/p>\n<p>Arys<br \/>\nPotencia de salida (RMS)<\/p>\n<p>6 W<br \/>\nTipos de alimentaci\u00f3n<\/p>\n<p>USB<br \/>\nCantidad de parlantes<\/p>\n<p>1<br \/>\nTipos de filtros del parlante<\/p>\n<p>Pasivo,Activo<br \/>\nFormato del parlante<\/p>\n<p>Barra de sonido<br \/>\nTipos de parlante<\/p>\n<p>Soundbar<br \/>\nCon base<\/p>\n<p>No<br \/>\nCon Bluetooth<\/p>\n<p>No<br \/>\nCon modo manos libres<\/p>\n<p>No<br \/>\nCon controladores DJ integrados<\/p>\n<p>No<br \/>\nCon funci\u00f3n karaoke<\/p>\n<p>No<br \/>\nCon luces LED<\/p>\n<p>No<br \/>\nCon micr\u00f3fono<\/p>\n<p>No<br \/>\nCon radio<\/p>\n<p>No<br \/>\nCon efecto de voz<\/p>\n<p>No<br \/>\nCon Wi-Fi<\/p>\n<p>No<\/p>\n","protected":false},"excerpt":{"rendered":"<p>Marca Trust Configuraci\u00f3n de canales 2.1 C\u00f3digo universal de producto 8713439229462 Incluye bater\u00eda recargable No Incluye soporte No Lugares de colocaci\u00f3n Mesa,Escritorio Es gamer No Es port\u00e1til No Es a prueba de agua No Es inal\u00e1mbrico No L\u00ednea Arys Modelo Arys Potencia de salida (RMS) 6 W Tipos de alimentaci\u00f3n USB Cantidad de parlantes 1 [&hellip;]<\/p>\n","protected":false},"featured_media":10115,"comment_status":"open","ping_status":"closed","template":"","meta":{"_uag_custom_page_level_css":""},"product_brand":[542],"product_cat":[15,124],"product_tag":[],"class_list":{"0":"post-59377","1":"product","2":"type-product","3":"status-publish","4":"has-post-thumbnail","6":"product_brand-trustgaming","7":"product_cat-sin-categorizar","8":"product_cat-sistemas-de-sonido-parlantes","10":"first","11":"outofstock","12":"sale","13":"taxable","14":"shipping-taxable","15":"purchasable","16":"product-type-simple"},"uagb_featured_image_src":{"full":["https:\/\/rms-enlinea.com.ar\/wp-content\/uploads\/2025\/06\/D_695109-MLA76025340530_052024-F.jpg",1200,262,false],"thumbnail":["https:\/\/rms-enlinea.com.ar\/wp-content\/uploads\/2025\/06\/D_695109-MLA76025340530_052024-F-150x150.jpg",150,150,true],"medium":["https:\/\/rms-enlinea.com.ar\/wp-content\/uploads\/2025\/06\/D_695109-MLA76025340530_052024-F-300x66.jpg",300,66,true],"medium_large":["https:\/\/rms-enlinea.com.ar\/wp-content\/uploads\/2025\/06\/D_695109-MLA76025340530_052024-F-768x168.jpg",768,168,true],"large":["https:\/\/rms-enlinea.com.ar\/wp-content\/uploads\/2025\/06\/D_695109-MLA76025340530_052024-F-1024x224.jpg",1024,224,true],"1536x1536":["https:\/\/rms-enlinea.com.ar\/wp-content\/uploads\/2025\/06\/D_695109-MLA76025340530_052024-F.jpg",1200,262,false],"2048x2048":["https:\/\/rms-enlinea.com.ar\/wp-content\/uploads\/2025\/06\/D_695109-MLA76025340530_052024-F.jpg",1200,262,false],"woocommerce_thumbnail":["https:\/\/rms-enlinea.com.ar\/wp-content\/uploads\/2025\/06\/D_695109-MLA76025340530_052024-F-450x262.jpg",450,262,true],"woocommerce_single":["https:\/\/rms-enlinea.com.ar\/wp-content\/uploads\/2025\/06\/D_695109-MLA76025340530_052024-F-600x131.jpg",600,131,true],"woocommerce_gallery_thumbnail":["https:\/\/rms-enlinea.com.ar\/wp-content\/uploads\/2025\/06\/D_695109-MLA76025340530_052024-F-100x100.jpg",100,100,true]},"uagb_author_info":{"display_name":"nelson","author_link":"https:\/\/rms-enlinea.com.ar\/tienda\/author\/"},"uagb_comment_info":0,"uagb_excerpt":"Marca Trust Configuraci\u00f3n de canales 2.1 C\u00f3digo universal de producto 8713439229462 Incluye bater\u00eda recargable No Incluye soporte No Lugares de colocaci\u00f3n Mesa,Escritorio Es gamer No Es port\u00e1til No Es a prueba de agua No Es inal\u00e1mbrico No L\u00ednea Arys Modelo Arys Potencia de salida (RMS) 6 W Tipos de alimentaci\u00f3n USB Cantidad de parlantes 1&hellip;","_links":{"self":[{"href":"https:\/\/rms-enlinea.com.ar\/tienda\/wp-json\/wp\/v2\/product\/59377","targetHints":{"allow":["GET"]}}],"collection":[{"href":"https:\/\/rms-enlinea.com.ar\/tienda\/wp-json\/wp\/v2\/product"}],"about":[{"href":"https:\/\/rms-enlinea.com.ar\/tienda\/wp-json\/wp\/v2\/types\/product"}],"replies":[{"embeddable":true,"href":"https:\/\/rms-enlinea.com.ar\/tienda\/wp-json\/wp\/v2\/comments?post=59377"}],"wp:featuredmedia":[{"embeddable":true,"href":"https:\/\/rms-enlinea.com.ar\/tienda\/wp-json\/wp\/v2\/media\/10115"}],"wp:attachment":[{"href":"https:\/\/rms-enlinea.com.ar\/tienda\/wp-json\/wp\/v2\/media?parent=59377"}],"wp:term":[{"taxonomy":"product_brand","embeddable":true,"href":"https:\/\/rms-enlinea.com.ar\/tienda\/wp-json\/wp\/v2\/product_brand?post=59377"},{"taxonomy":"product_cat","embeddable":true,"href":"https:\/\/rms-enlinea.com.ar\/tienda\/wp-json\/wp\/v2\/product_cat?post=59377"},{"taxonomy":"product_tag","embeddable":true,"href":"https:\/\/rms-enlinea.com.ar\/tienda\/wp-json\/wp\/v2\/product_tag?post=59377"}],"curies":[{"name":"wp","href":"https:\/\/api.w.org\/{rel}","templated":true}]}}