{"id":59461,"date":"2025-12-06T10:50:07","date_gmt":"2025-12-06T13:50:07","guid":{"rendered":"https:\/\/rms-enlinea.com.ar\/tienda\/producto\/consola-mixer-lexsen-pasivo-vivo-3-usb-3-canales-eq-phantom\/"},"modified":"2026-04-21T04:30:23","modified_gmt":"2026-04-21T07:30:23","slug":"consola-mixer-lexsen-pasivo-vivo-3-usb-3-canales-eq-phantom","status":"publish","type":"product","link":"https:\/\/rms-enlinea.com.ar\/tienda\/producto\/consola-mixer-lexsen-pasivo-vivo-3-usb-3-canales-eq-phantom\/","title":{"rendered":"Consola Mixer Lexsen Pasivo Vivo 3 Usb 3 Canales Eq Phantom"},"content":{"rendered":"<p>Consola Lexsen VIVO 3 Entradas 1Mic 1Line USB 48V Phantom Power, Monitor.<\/p>\n<p>Mixer de audio profesional de la marca LEXSEN, adem\u00e1s de su excelente calidad, este mixer pasivo lo podr\u00e1s utilizar con parlantes con potencia, podr\u00e1s conectar micr\u00f3fonos e instrumentos musicales, con su tama\u00f1o lo podr\u00e1s trasladar en cualquier lugar, y gracias a su peso ligero podr\u00e1s usarlo en tu habitaci\u00f3n.<\/p>\n<p>ESPECIFICACIONES:<\/p>\n<p>Entradas:<br \/>-mono de mic\/line: 1 (Ganancia 14\/40 dB) (+48V, Phantom)<br \/>-mono de guitarra: 1 Ganancia 14 dB<br \/>-Est\u00e9reo(LINE): 1 Ganancia +40 dB<br \/>-REPRODUCCION USB: 1<\/p>\n<p>Salidas:<br \/>-PRINCIPAL L\/R SALIDA<br \/>-AURICULARES: 1<\/p>\n<p>Ecualizador:<br \/>-2 BANDAS, 50Hz, 12 Khz, 15 dB<\/p>\n<p>USB:<br \/>-Clase 2.0 (4.8V a 5.2V 0.5A)<br \/>-Entrada y salida Est\u00e9reo<br \/>-Frecuencia de muestreo: Max. 48kHz<br \/>-Profundidad de BITS: 16 bits<br \/>-Conector tipo B<\/p>\n<p>MEDIDOR DE NIVEL:<br \/>-2&#215;1 puntos LED medidor (CLIP;SIG)<\/p>\n<p>REQUISITOS DE ALIMENTACION:<br \/>-DC 5 V, 500 mA<\/p>\n<p>CONSUMO DE ENERGIA:<br \/>&#8211; Max 2.5 W<\/p>\n<p>COMPATIBILIDAD:<br \/>Windows 2000\/XP, Vista, Win 7\/8\/10 y Mac OSX, sistemas IOS para Smartphone apple<\/p>\n<p>DIMENCIONES:<br \/>&#8211; (L x An x Al): 135mm x 114mm x 32mm (5.31 x 4.49 x 1.26 )<\/p>\n<p>PESO NETO<br \/>-0.62kg (1.36 libras)<\/p>\n<p>CONTENIDO DE LA CAJA:<\/p>\n<p>-Consola<br \/>-Cable USB<br \/>-Certificado garant\u00eda<br \/>-Manual<\/p>\n<p>***NO INCLUYE TRAFO***<\/p>\n","protected":false},"excerpt":{"rendered":"<p>Consola Lexsen VIVO 3 Entradas 1Mic 1Line USB 48V Phantom Power, Monitor. Mixer de audio profesional de la marca LEXSEN, adem\u00e1s de su excelente calidad, este mixer pasivo lo podr\u00e1s utilizar con parlantes con potencia, podr\u00e1s conectar micr\u00f3fonos e instrumentos musicales, con su tama\u00f1o lo podr\u00e1s trasladar en cualquier lugar, y gracias a su peso [&hellip;]<\/p>\n","protected":false},"featured_media":59462,"comment_status":"open","ping_status":"closed","template":"","meta":{"_uag_custom_page_level_css":""},"product_brand":[677],"product_cat":[59,15],"product_tag":[],"class_list":{"0":"post-59461","1":"product","2":"type-product","3":"status-publish","4":"has-post-thumbnail","6":"product_brand-lexsen","7":"product_cat-consolas-y-mixers","8":"product_cat-sin-categorizar","10":"first","11":"outofstock","12":"sale","13":"taxable","14":"shipping-taxable","15":"purchasable","16":"product-type-simple"},"uagb_featured_image_src":{"full":["https:\/\/rms-enlinea.com.ar\/wp-content\/uploads\/2025\/12\/D_843235-MLA99454510916_112025-F.jpg",987,1200,false],"thumbnail":["https:\/\/rms-enlinea.com.ar\/wp-content\/uploads\/2025\/12\/D_843235-MLA99454510916_112025-F-150x150.jpg",150,150,true],"medium":["https:\/\/rms-enlinea.com.ar\/wp-content\/uploads\/2025\/12\/D_843235-MLA99454510916_112025-F-247x300.jpg",247,300,true],"medium_large":["https:\/\/rms-enlinea.com.ar\/wp-content\/uploads\/2025\/12\/D_843235-MLA99454510916_112025-F-768x934.jpg",768,934,true],"large":["https:\/\/rms-enlinea.com.ar\/wp-content\/uploads\/2025\/12\/D_843235-MLA99454510916_112025-F-842x1024.jpg",842,1024,true],"1536x1536":["https:\/\/rms-enlinea.com.ar\/wp-content\/uploads\/2025\/12\/D_843235-MLA99454510916_112025-F.jpg",987,1200,false],"2048x2048":["https:\/\/rms-enlinea.com.ar\/wp-content\/uploads\/2025\/12\/D_843235-MLA99454510916_112025-F.jpg",987,1200,false],"woocommerce_thumbnail":["https:\/\/rms-enlinea.com.ar\/wp-content\/uploads\/2025\/12\/D_843235-MLA99454510916_112025-F-450x450.jpg",450,450,true],"woocommerce_single":["https:\/\/rms-enlinea.com.ar\/wp-content\/uploads\/2025\/12\/D_843235-MLA99454510916_112025-F-600x729.jpg",600,729,true],"woocommerce_gallery_thumbnail":["https:\/\/rms-enlinea.com.ar\/wp-content\/uploads\/2025\/12\/D_843235-MLA99454510916_112025-F-100x100.jpg",100,100,true]},"uagb_author_info":{"display_name":"nelson","author_link":"https:\/\/rms-enlinea.com.ar\/tienda\/author\/"},"uagb_comment_info":0,"uagb_excerpt":"Consola Lexsen VIVO 3 Entradas 1Mic 1Line USB 48V Phantom Power, Monitor. Mixer de audio profesional de la marca LEXSEN, adem\u00e1s de su excelente calidad, este mixer pasivo lo podr\u00e1s utilizar con parlantes con potencia, podr\u00e1s conectar micr\u00f3fonos e instrumentos musicales, con su tama\u00f1o lo podr\u00e1s trasladar en cualquier lugar, y gracias a su peso&hellip;","_links":{"self":[{"href":"https:\/\/rms-enlinea.com.ar\/tienda\/wp-json\/wp\/v2\/product\/59461","targetHints":{"allow":["GET"]}}],"collection":[{"href":"https:\/\/rms-enlinea.com.ar\/tienda\/wp-json\/wp\/v2\/product"}],"about":[{"href":"https:\/\/rms-enlinea.com.ar\/tienda\/wp-json\/wp\/v2\/types\/product"}],"replies":[{"embeddable":true,"href":"https:\/\/rms-enlinea.com.ar\/tienda\/wp-json\/wp\/v2\/comments?post=59461"}],"wp:featuredmedia":[{"embeddable":true,"href":"https:\/\/rms-enlinea.com.ar\/tienda\/wp-json\/wp\/v2\/media\/59462"}],"wp:attachment":[{"href":"https:\/\/rms-enlinea.com.ar\/tienda\/wp-json\/wp\/v2\/media?parent=59461"}],"wp:term":[{"taxonomy":"product_brand","embeddable":true,"href":"https:\/\/rms-enlinea.com.ar\/tienda\/wp-json\/wp\/v2\/product_brand?post=59461"},{"taxonomy":"product_cat","embeddable":true,"href":"https:\/\/rms-enlinea.com.ar\/tienda\/wp-json\/wp\/v2\/product_cat?post=59461"},{"taxonomy":"product_tag","embeddable":true,"href":"https:\/\/rms-enlinea.com.ar\/tienda\/wp-json\/wp\/v2\/product_tag?post=59461"}],"curies":[{"name":"wp","href":"https:\/\/api.w.org\/{rel}","templated":true}]}}