{"id":59467,"date":"2025-12-06T10:50:19","date_gmt":"2025-12-06T13:50:19","guid":{"rendered":"https:\/\/rms-enlinea.com.ar\/tienda\/producto\/consola-mixer-lexsen-pasivo-vivo-4-usb-4-canales-eq-phantom\/"},"modified":"2026-04-06T14:12:46","modified_gmt":"2026-04-06T17:12:46","slug":"consola-mixer-lexsen-pasivo-vivo-4-usb-4-canales-eq-phantom","status":"publish","type":"product","link":"https:\/\/rms-enlinea.com.ar\/tienda\/producto\/consola-mixer-lexsen-pasivo-vivo-4-usb-4-canales-eq-phantom\/","title":{"rendered":"Consola Mixer Lexsen Pasivo Vivo 4 Usb 4 Canales Eq Phantom"},"content":{"rendered":"<p>Consola Lexsen VIVO 4 Entradas 2Mic 1Line USB 48V Phantom Power, Monitor.<\/p>\n<p>Esta consola profesional de 4 canales excelente calidad es un mixer pasivo que lo podr\u00e1s utilizar con parlantes con potencia, adem\u00e1s podr\u00e1s conectar micr\u00f3fonos, instrumentos musicales y por USB, con su tama\u00f1o lo trasladas en cualquier lugar, y con su gran comodidad de peso lo podr\u00e1s usar en tu propia pieza.<\/p>\n<p>ESPECIFICACIONES:<\/p>\n<p>ENTRADAS:<br \/>-4 CANALES: MIC-LINE\/ INST-LINE\/ ENTRADA EST\u00c9REO\/ REPRODUCCION USB<\/p>\n<p>SALIDAS:<br \/>-4 CANALES: MIX L\/R\/ HEADPHONES\/ GRABADORA USB<br \/>&#8211; CANAL DE ENTRADA DE MICROFONO CON ESCUALIZADOR Y EFECTO (ECO)<br \/>&#8211; SALIDA DE MONITOR CONTROLA EL NIVEL DE VOLUMEN GENERAL.<br \/>&#8211; SALIDA DE SE\u00d1AL A TRAVES DE LOS AURICULARES<\/p>\n<p>INCLUYE:<\/p>\n<p>-Garant\u00eda<br \/>-Manual<br \/>-Consola<br \/>-Cable USB<\/p>\n<p>NO INCLUYE TRAFO<\/p>\n","protected":false},"excerpt":{"rendered":"<p>Consola Lexsen VIVO 4 Entradas 2Mic 1Line USB 48V Phantom Power, Monitor. Esta consola profesional de 4 canales excelente calidad es un mixer pasivo que lo podr\u00e1s utilizar con parlantes con potencia, adem\u00e1s podr\u00e1s conectar micr\u00f3fonos, instrumentos musicales y por USB, con su tama\u00f1o lo trasladas en cualquier lugar, y con su gran comodidad de [&hellip;]<\/p>\n","protected":false},"featured_media":59468,"comment_status":"open","ping_status":"closed","template":"","meta":{"_uag_custom_page_level_css":""},"product_brand":[677],"product_cat":[59,15],"product_tag":[],"class_list":{"0":"post-59467","1":"product","2":"type-product","3":"status-publish","4":"has-post-thumbnail","6":"product_brand-lexsen","7":"product_cat-consolas-y-mixers","8":"product_cat-sin-categorizar","10":"first","11":"instock","12":"sale","13":"taxable","14":"shipping-taxable","15":"purchasable","16":"product-type-simple"},"uagb_featured_image_src":{"full":["https:\/\/rms-enlinea.com.ar\/wp-content\/uploads\/2025\/12\/D_838665-MLA100087498266_122025-F.jpg",377,437,false],"thumbnail":["https:\/\/rms-enlinea.com.ar\/wp-content\/uploads\/2025\/12\/D_838665-MLA100087498266_122025-F-150x150.jpg",150,150,true],"medium":["https:\/\/rms-enlinea.com.ar\/wp-content\/uploads\/2025\/12\/D_838665-MLA100087498266_122025-F-259x300.jpg",259,300,true],"medium_large":["https:\/\/rms-enlinea.com.ar\/wp-content\/uploads\/2025\/12\/D_838665-MLA100087498266_122025-F.jpg",377,437,false],"large":["https:\/\/rms-enlinea.com.ar\/wp-content\/uploads\/2025\/12\/D_838665-MLA100087498266_122025-F.jpg",377,437,false],"1536x1536":["https:\/\/rms-enlinea.com.ar\/wp-content\/uploads\/2025\/12\/D_838665-MLA100087498266_122025-F.jpg",377,437,false],"2048x2048":["https:\/\/rms-enlinea.com.ar\/wp-content\/uploads\/2025\/12\/D_838665-MLA100087498266_122025-F.jpg",377,437,false],"woocommerce_thumbnail":["https:\/\/rms-enlinea.com.ar\/wp-content\/uploads\/2025\/12\/D_838665-MLA100087498266_122025-F.jpg",377,437,false],"woocommerce_single":["https:\/\/rms-enlinea.com.ar\/wp-content\/uploads\/2025\/12\/D_838665-MLA100087498266_122025-F.jpg",377,437,false],"woocommerce_gallery_thumbnail":["https:\/\/rms-enlinea.com.ar\/wp-content\/uploads\/2025\/12\/D_838665-MLA100087498266_122025-F-100x100.jpg",100,100,true]},"uagb_author_info":{"display_name":"nelson","author_link":"https:\/\/rms-enlinea.com.ar\/tienda\/author\/"},"uagb_comment_info":0,"uagb_excerpt":"Consola Lexsen VIVO 4 Entradas 2Mic 1Line USB 48V Phantom Power, Monitor. Esta consola profesional de 4 canales excelente calidad es un mixer pasivo que lo podr\u00e1s utilizar con parlantes con potencia, adem\u00e1s podr\u00e1s conectar micr\u00f3fonos, instrumentos musicales y por USB, con su tama\u00f1o lo trasladas en cualquier lugar, y con su gran comodidad de&hellip;","_links":{"self":[{"href":"https:\/\/rms-enlinea.com.ar\/tienda\/wp-json\/wp\/v2\/product\/59467","targetHints":{"allow":["GET"]}}],"collection":[{"href":"https:\/\/rms-enlinea.com.ar\/tienda\/wp-json\/wp\/v2\/product"}],"about":[{"href":"https:\/\/rms-enlinea.com.ar\/tienda\/wp-json\/wp\/v2\/types\/product"}],"replies":[{"embeddable":true,"href":"https:\/\/rms-enlinea.com.ar\/tienda\/wp-json\/wp\/v2\/comments?post=59467"}],"wp:featuredmedia":[{"embeddable":true,"href":"https:\/\/rms-enlinea.com.ar\/tienda\/wp-json\/wp\/v2\/media\/59468"}],"wp:attachment":[{"href":"https:\/\/rms-enlinea.com.ar\/tienda\/wp-json\/wp\/v2\/media?parent=59467"}],"wp:term":[{"taxonomy":"product_brand","embeddable":true,"href":"https:\/\/rms-enlinea.com.ar\/tienda\/wp-json\/wp\/v2\/product_brand?post=59467"},{"taxonomy":"product_cat","embeddable":true,"href":"https:\/\/rms-enlinea.com.ar\/tienda\/wp-json\/wp\/v2\/product_cat?post=59467"},{"taxonomy":"product_tag","embeddable":true,"href":"https:\/\/rms-enlinea.com.ar\/tienda\/wp-json\/wp\/v2\/product_tag?post=59467"}],"curies":[{"name":"wp","href":"https:\/\/api.w.org\/{rel}","templated":true}]}}