{"id":59546,"date":"2025-12-11T21:31:55","date_gmt":"2025-12-12T00:31:55","guid":{"rendered":"https:\/\/rms-enlinea.com.ar\/tienda\/producto\/auricular-inalambrico-razer-blackshark-v2-pro-wireless-bt\/"},"modified":"2026-04-21T05:54:32","modified_gmt":"2026-04-21T08:54:32","slug":"auricular-inalambrico-razer-blackshark-v2-pro-wireless-bt","status":"publish","type":"product","link":"https:\/\/rms-enlinea.com.ar\/tienda\/producto\/auricular-inalambrico-razer-blackshark-v2-pro-wireless-bt\/","title":{"rendered":"Auricular Inalambrico Razer Blackshark V2 Pro Wireless Bt"},"content":{"rendered":"<p>Marca Razer<br \/>\nRespuesta en frecuencia 12 Hz &#8211; 28 kHz<br \/>\nFormato del auricular Over-ear<br \/>\nEs inal\u00e1mbrico S\u00ed<br \/>\nCondici\u00f3n del \u00edtem Nuevo<br \/>\nCondici\u00f3n del \u00edtem Nuevo<br \/>\nModelo Blackshark V2 Pro<br \/>\nRespuesta en frecuencia 12 Hz &#8211; 28 kHz<br \/>\nFormato del aud\u00edfono Over-ear<br \/>\nModelo Blackshark V2 Pro<br \/>\nCon micr\u00f3fono S\u00ed<br \/>\nModelo RZ04-04530200-R3U1<br \/>\nColor White<br \/>\nEs gamer<\/p>\n<p>S\u00ed<\/p>\n","protected":false},"excerpt":{"rendered":"<p>Marca Razer Respuesta en frecuencia 12 Hz &#8211; 28 kHz Formato del auricular Over-ear Es inal\u00e1mbrico S\u00ed Condici\u00f3n del \u00edtem Nuevo Condici\u00f3n del \u00edtem Nuevo Modelo Blackshark V2 Pro Respuesta en frecuencia 12 Hz &#8211; 28 kHz Formato del aud\u00edfono Over-ear Modelo Blackshark V2 Pro Con micr\u00f3fono S\u00ed Modelo RZ04-04530200-R3U1 Color White Es gamer S\u00ed<\/p>\n","protected":false},"featured_media":59547,"comment_status":"open","ping_status":"closed","template":"","meta":{"_uag_custom_page_level_css":""},"product_brand":[559],"product_cat":[99,15],"product_tag":[],"class_list":{"0":"post-59546","1":"product","2":"type-product","3":"status-publish","4":"has-post-thumbnail","6":"product_brand-razer","7":"product_cat-auriculares-computacion","8":"product_cat-sin-categorizar","10":"first","11":"outofstock","12":"sale","13":"taxable","14":"shipping-taxable","15":"purchasable","16":"product-type-simple"},"uagb_featured_image_src":{"full":["https:\/\/rms-enlinea.com.ar\/wp-content\/uploads\/2025\/12\/D_699727-MLA99995673867_112025-F.jpg",974,954,false],"thumbnail":["https:\/\/rms-enlinea.com.ar\/wp-content\/uploads\/2025\/12\/D_699727-MLA99995673867_112025-F-150x150.jpg",150,150,true],"medium":["https:\/\/rms-enlinea.com.ar\/wp-content\/uploads\/2025\/12\/D_699727-MLA99995673867_112025-F-300x294.jpg",300,294,true],"medium_large":["https:\/\/rms-enlinea.com.ar\/wp-content\/uploads\/2025\/12\/D_699727-MLA99995673867_112025-F-768x752.jpg",768,752,true],"large":["https:\/\/rms-enlinea.com.ar\/wp-content\/uploads\/2025\/12\/D_699727-MLA99995673867_112025-F.jpg",974,954,false],"1536x1536":["https:\/\/rms-enlinea.com.ar\/wp-content\/uploads\/2025\/12\/D_699727-MLA99995673867_112025-F.jpg",974,954,false],"2048x2048":["https:\/\/rms-enlinea.com.ar\/wp-content\/uploads\/2025\/12\/D_699727-MLA99995673867_112025-F.jpg",974,954,false],"woocommerce_thumbnail":["https:\/\/rms-enlinea.com.ar\/wp-content\/uploads\/2025\/12\/D_699727-MLA99995673867_112025-F-450x450.jpg",450,450,true],"woocommerce_single":["https:\/\/rms-enlinea.com.ar\/wp-content\/uploads\/2025\/12\/D_699727-MLA99995673867_112025-F-600x588.jpg",600,588,true],"woocommerce_gallery_thumbnail":["https:\/\/rms-enlinea.com.ar\/wp-content\/uploads\/2025\/12\/D_699727-MLA99995673867_112025-F-100x100.jpg",100,100,true]},"uagb_author_info":{"display_name":"nelson","author_link":"https:\/\/rms-enlinea.com.ar\/tienda\/author\/"},"uagb_comment_info":0,"uagb_excerpt":"Marca Razer Respuesta en frecuencia 12 Hz &#8211; 28 kHz Formato del auricular Over-ear Es inal\u00e1mbrico S\u00ed Condici\u00f3n del \u00edtem Nuevo Condici\u00f3n del \u00edtem Nuevo Modelo Blackshark V2 Pro Respuesta en frecuencia 12 Hz &#8211; 28 kHz Formato del aud\u00edfono Over-ear Modelo Blackshark V2 Pro Con micr\u00f3fono S\u00ed Modelo RZ04-04530200-R3U1 Color White Es gamer S\u00ed","_links":{"self":[{"href":"https:\/\/rms-enlinea.com.ar\/tienda\/wp-json\/wp\/v2\/product\/59546","targetHints":{"allow":["GET"]}}],"collection":[{"href":"https:\/\/rms-enlinea.com.ar\/tienda\/wp-json\/wp\/v2\/product"}],"about":[{"href":"https:\/\/rms-enlinea.com.ar\/tienda\/wp-json\/wp\/v2\/types\/product"}],"replies":[{"embeddable":true,"href":"https:\/\/rms-enlinea.com.ar\/tienda\/wp-json\/wp\/v2\/comments?post=59546"}],"wp:featuredmedia":[{"embeddable":true,"href":"https:\/\/rms-enlinea.com.ar\/tienda\/wp-json\/wp\/v2\/media\/59547"}],"wp:attachment":[{"href":"https:\/\/rms-enlinea.com.ar\/tienda\/wp-json\/wp\/v2\/media?parent=59546"}],"wp:term":[{"taxonomy":"product_brand","embeddable":true,"href":"https:\/\/rms-enlinea.com.ar\/tienda\/wp-json\/wp\/v2\/product_brand?post=59546"},{"taxonomy":"product_cat","embeddable":true,"href":"https:\/\/rms-enlinea.com.ar\/tienda\/wp-json\/wp\/v2\/product_cat?post=59546"},{"taxonomy":"product_tag","embeddable":true,"href":"https:\/\/rms-enlinea.com.ar\/tienda\/wp-json\/wp\/v2\/product_tag?post=59546"}],"curies":[{"name":"wp","href":"https:\/\/api.w.org\/{rel}","templated":true}]}}