{"id":59652,"date":"2025-12-17T18:30:05","date_gmt":"2025-12-17T21:30:05","guid":{"rendered":"https:\/\/rms-enlinea.com.ar\/tienda\/producto\/procesador-intel-core-ultra-7-265k-20-nucleos-s1851-5-5ghz\/"},"modified":"2026-03-31T18:42:24","modified_gmt":"2026-03-31T21:42:24","slug":"procesador-intel-core-ultra-7-265k-20-nucleos-s1851-5-5ghz","status":"publish","type":"product","link":"https:\/\/rms-enlinea.com.ar\/tienda\/producto\/procesador-intel-core-ultra-7-265k-20-nucleos-s1851-5-5ghz\/","title":{"rendered":"Procesador Intel Core Ultra 7 265k 20 Nucleos S1851 5.5ghz"},"content":{"rendered":"<p>Cantidad de n\u00facleos: 20.<\/p>\n<p>Cantidad de Performance-cores: 8.<\/p>\n<p>Cantidad de Efficient-cores: 12.<\/p>\n<p>Total de subprocesos: 20.<\/p>\n<p>Frecuencia turbo m\u00e1xima: 5.5 GHz.<\/p>\n<p>Frecuencia de la Tecnolog\u00eda Intel Turbo Boost Max 3.0: 5.5 GHz.<\/p>\n<p>Frecuencia turbo m\u00e1xima del Performance-core: 5.4 GHz.<\/p>\n<p>Frecuencia turbo m\u00e1xima de Efficient-core: 4.6 GHz.<\/p>\n<p>Frecuencia base de Performance-core: 3.9 GHz.<\/p>\n<p>Frecuencia base de Efficient-core: 3.3 GHz.<\/p>\n<p>Cach\u00e9: 30 MB Intel Smart Cache.<\/p>\n<p>Cach\u00e9 L2 total: 36 MB.<\/p>\n<p>Potencia base del procesador: 125 W.<\/p>\n<p>Potencia turbo m\u00e1xima: 250 W.<\/p>\n<p>Tama\u00f1o de memoria m\u00e1ximo (depende del tipo de memoria): 192 GB.<\/p>\n<p>Tipos de memoria Up to DDR5: 6400 MT\/s.<\/p>\n<p>M\u00e1xima velocidad de memoria: 6400 MHz.<\/p>\n<p>Cantidad m\u00e1xima de canales de memoria: 2.<\/p>\n<p>Compatible con memoria ECC: Si.<\/p>\n","protected":false},"excerpt":{"rendered":"<p>Cantidad de n\u00facleos: 20. Cantidad de Performance-cores: 8. Cantidad de Efficient-cores: 12. Total de subprocesos: 20. Frecuencia turbo m\u00e1xima: 5.5 GHz. Frecuencia de la Tecnolog\u00eda Intel Turbo Boost Max 3.0: 5.5 GHz. Frecuencia turbo m\u00e1xima del Performance-core: 5.4 GHz. Frecuencia turbo m\u00e1xima de Efficient-core: 4.6 GHz. Frecuencia base de Performance-core: 3.9 GHz. Frecuencia base de [&hellip;]<\/p>\n","protected":false},"featured_media":18169,"comment_status":"open","ping_status":"closed","template":"","meta":{"_uag_custom_page_level_css":""},"product_brand":[530],"product_cat":[121,15],"product_tag":[],"class_list":{"0":"post-59652","1":"product","2":"type-product","3":"status-publish","4":"has-post-thumbnail","6":"product_brand-intel","7":"product_cat-procesadores-computacion","8":"product_cat-sin-categorizar","10":"first","11":"outofstock","12":"sale","13":"taxable","14":"shipping-taxable","15":"purchasable","16":"product-type-simple"},"uagb_featured_image_src":{"full":["https:\/\/rms-enlinea.com.ar\/wp-content\/uploads\/2025\/06\/D_949324-MLA80356274813_102024-F.jpg",627,759,false],"thumbnail":["https:\/\/rms-enlinea.com.ar\/wp-content\/uploads\/2025\/06\/D_949324-MLA80356274813_102024-F-150x150.jpg",150,150,true],"medium":["https:\/\/rms-enlinea.com.ar\/wp-content\/uploads\/2025\/06\/D_949324-MLA80356274813_102024-F-248x300.jpg",248,300,true],"medium_large":["https:\/\/rms-enlinea.com.ar\/wp-content\/uploads\/2025\/06\/D_949324-MLA80356274813_102024-F.jpg",627,759,false],"large":["https:\/\/rms-enlinea.com.ar\/wp-content\/uploads\/2025\/06\/D_949324-MLA80356274813_102024-F.jpg",627,759,false],"1536x1536":["https:\/\/rms-enlinea.com.ar\/wp-content\/uploads\/2025\/06\/D_949324-MLA80356274813_102024-F.jpg",627,759,false],"2048x2048":["https:\/\/rms-enlinea.com.ar\/wp-content\/uploads\/2025\/06\/D_949324-MLA80356274813_102024-F.jpg",627,759,false],"woocommerce_thumbnail":["https:\/\/rms-enlinea.com.ar\/wp-content\/uploads\/2025\/06\/D_949324-MLA80356274813_102024-F-450x450.jpg",450,450,true],"woocommerce_single":["https:\/\/rms-enlinea.com.ar\/wp-content\/uploads\/2025\/06\/D_949324-MLA80356274813_102024-F-600x726.jpg",600,726,true],"woocommerce_gallery_thumbnail":["https:\/\/rms-enlinea.com.ar\/wp-content\/uploads\/2025\/06\/D_949324-MLA80356274813_102024-F-100x100.jpg",100,100,true]},"uagb_author_info":{"display_name":"nelson","author_link":"https:\/\/rms-enlinea.com.ar\/tienda\/author\/"},"uagb_comment_info":0,"uagb_excerpt":"Cantidad de n\u00facleos: 20. Cantidad de Performance-cores: 8. Cantidad de Efficient-cores: 12. Total de subprocesos: 20. Frecuencia turbo m\u00e1xima: 5.5 GHz. Frecuencia de la Tecnolog\u00eda Intel Turbo Boost Max 3.0: 5.5 GHz. Frecuencia turbo m\u00e1xima del Performance-core: 5.4 GHz. Frecuencia turbo m\u00e1xima de Efficient-core: 4.6 GHz. Frecuencia base de Performance-core: 3.9 GHz. Frecuencia base de&hellip;","_links":{"self":[{"href":"https:\/\/rms-enlinea.com.ar\/tienda\/wp-json\/wp\/v2\/product\/59652","targetHints":{"allow":["GET"]}}],"collection":[{"href":"https:\/\/rms-enlinea.com.ar\/tienda\/wp-json\/wp\/v2\/product"}],"about":[{"href":"https:\/\/rms-enlinea.com.ar\/tienda\/wp-json\/wp\/v2\/types\/product"}],"replies":[{"embeddable":true,"href":"https:\/\/rms-enlinea.com.ar\/tienda\/wp-json\/wp\/v2\/comments?post=59652"}],"wp:featuredmedia":[{"embeddable":true,"href":"https:\/\/rms-enlinea.com.ar\/tienda\/wp-json\/wp\/v2\/media\/18169"}],"wp:attachment":[{"href":"https:\/\/rms-enlinea.com.ar\/tienda\/wp-json\/wp\/v2\/media?parent=59652"}],"wp:term":[{"taxonomy":"product_brand","embeddable":true,"href":"https:\/\/rms-enlinea.com.ar\/tienda\/wp-json\/wp\/v2\/product_brand?post=59652"},{"taxonomy":"product_cat","embeddable":true,"href":"https:\/\/rms-enlinea.com.ar\/tienda\/wp-json\/wp\/v2\/product_cat?post=59652"},{"taxonomy":"product_tag","embeddable":true,"href":"https:\/\/rms-enlinea.com.ar\/tienda\/wp-json\/wp\/v2\/product_tag?post=59652"}],"curies":[{"name":"wp","href":"https:\/\/api.w.org\/{rel}","templated":true}]}}