{"id":59983,"date":"2025-12-27T10:20:19","date_gmt":"2025-12-27T13:20:19","guid":{"rendered":"https:\/\/rms-enlinea.com.ar\/tienda\/producto\/monitor-27-gamer-zowie-xl2731-led-tn-fhd-144hz-9h-lhrlb-qpl\/"},"modified":"2026-04-06T13:57:00","modified_gmt":"2026-04-06T16:57:00","slug":"monitor-27-gamer-zowie-xl2731-led-tn-fhd-144hz-9h-lhrlb-qpl","status":"publish","type":"product","link":"https:\/\/rms-enlinea.com.ar\/tienda\/producto\/monitor-27-gamer-zowie-xl2731-led-tn-fhd-144hz-9h-lhrlb-qpl\/","title":{"rendered":"Monitor 27 Gamer Zowie Xl2731 Led Tn Fhd 144hz 9h.lhrlb.qpl"},"content":{"rendered":"<p>Marca<\/p>\n<p>BenQ<br \/>\nConexiones del monitor<\/p>\n<p>: Dvi-dl,hdmi 2.0 X2,dp1.2,headphone Jack<br \/>\nResoluci\u00f3n de la pantalla<\/p>\n<p>1920 X1080<br \/>\nTama\u00f1o de la pantalla<\/p>\n<p>27 &#8221;<br \/>\nEs curvo<\/p>\n<p>No<br \/>\nEs gamer<\/p>\n<p>S\u00ed<br \/>\nL\u00ednea<\/p>\n<p>Zowie<br \/>\nModelo<\/p>\n<p>Xl2731<br \/>\nFrecuencia de refresco<\/p>\n<p>144 Hz<br \/>\nTipo de resoluci\u00f3n<\/p>\n<p>Full HD<br \/>\nTipo de pantalla<\/p>\n<p>LED<br \/>\nVoltaje<\/p>\n<p>220V<\/p>\n","protected":false},"excerpt":{"rendered":"<p>Marca BenQ Conexiones del monitor : Dvi-dl,hdmi 2.0 X2,dp1.2,headphone Jack Resoluci\u00f3n de la pantalla 1920 X1080 Tama\u00f1o de la pantalla 27 &#8221; Es curvo No Es gamer S\u00ed L\u00ednea Zowie Modelo Xl2731 Frecuencia de refresco 144 Hz Tipo de resoluci\u00f3n Full HD Tipo de pantalla LED Voltaje 220V<\/p>\n","protected":false},"featured_media":59984,"comment_status":"open","ping_status":"closed","template":"","meta":{"_uag_custom_page_level_css":""},"product_brand":[584],"product_cat":[114,15],"product_tag":[],"class_list":{"0":"post-59983","1":"product","2":"type-product","3":"status-publish","4":"has-post-thumbnail","6":"product_brand-benq","7":"product_cat-monitores","8":"product_cat-sin-categorizar","10":"first","11":"instock","12":"sale","13":"taxable","14":"shipping-taxable","15":"purchasable","16":"product-type-simple"},"uagb_featured_image_src":{"full":["https:\/\/rms-enlinea.com.ar\/wp-content\/uploads\/2025\/12\/D_854382-MLA102264846602_122025-F.jpg",982,993,false],"thumbnail":["https:\/\/rms-enlinea.com.ar\/wp-content\/uploads\/2025\/12\/D_854382-MLA102264846602_122025-F-150x150.jpg",150,150,true],"medium":["https:\/\/rms-enlinea.com.ar\/wp-content\/uploads\/2025\/12\/D_854382-MLA102264846602_122025-F-297x300.jpg",297,300,true],"medium_large":["https:\/\/rms-enlinea.com.ar\/wp-content\/uploads\/2025\/12\/D_854382-MLA102264846602_122025-F-768x777.jpg",768,777,true],"large":["https:\/\/rms-enlinea.com.ar\/wp-content\/uploads\/2025\/12\/D_854382-MLA102264846602_122025-F.jpg",982,993,false],"1536x1536":["https:\/\/rms-enlinea.com.ar\/wp-content\/uploads\/2025\/12\/D_854382-MLA102264846602_122025-F.jpg",982,993,false],"2048x2048":["https:\/\/rms-enlinea.com.ar\/wp-content\/uploads\/2025\/12\/D_854382-MLA102264846602_122025-F.jpg",982,993,false],"woocommerce_thumbnail":["https:\/\/rms-enlinea.com.ar\/wp-content\/uploads\/2025\/12\/D_854382-MLA102264846602_122025-F-450x450.jpg",450,450,true],"woocommerce_single":["https:\/\/rms-enlinea.com.ar\/wp-content\/uploads\/2025\/12\/D_854382-MLA102264846602_122025-F-600x607.jpg",600,607,true],"woocommerce_gallery_thumbnail":["https:\/\/rms-enlinea.com.ar\/wp-content\/uploads\/2025\/12\/D_854382-MLA102264846602_122025-F-100x100.jpg",100,100,true]},"uagb_author_info":{"display_name":"nelson","author_link":"https:\/\/rms-enlinea.com.ar\/tienda\/author\/"},"uagb_comment_info":0,"uagb_excerpt":"Marca BenQ Conexiones del monitor : Dvi-dl,hdmi 2.0 X2,dp1.2,headphone Jack Resoluci\u00f3n de la pantalla 1920 X1080 Tama\u00f1o de la pantalla 27 &#8221; Es curvo No Es gamer S\u00ed L\u00ednea Zowie Modelo Xl2731 Frecuencia de refresco 144 Hz Tipo de resoluci\u00f3n Full HD Tipo de pantalla LED Voltaje 220V","_links":{"self":[{"href":"https:\/\/rms-enlinea.com.ar\/tienda\/wp-json\/wp\/v2\/product\/59983","targetHints":{"allow":["GET"]}}],"collection":[{"href":"https:\/\/rms-enlinea.com.ar\/tienda\/wp-json\/wp\/v2\/product"}],"about":[{"href":"https:\/\/rms-enlinea.com.ar\/tienda\/wp-json\/wp\/v2\/types\/product"}],"replies":[{"embeddable":true,"href":"https:\/\/rms-enlinea.com.ar\/tienda\/wp-json\/wp\/v2\/comments?post=59983"}],"wp:featuredmedia":[{"embeddable":true,"href":"https:\/\/rms-enlinea.com.ar\/tienda\/wp-json\/wp\/v2\/media\/59984"}],"wp:attachment":[{"href":"https:\/\/rms-enlinea.com.ar\/tienda\/wp-json\/wp\/v2\/media?parent=59983"}],"wp:term":[{"taxonomy":"product_brand","embeddable":true,"href":"https:\/\/rms-enlinea.com.ar\/tienda\/wp-json\/wp\/v2\/product_brand?post=59983"},{"taxonomy":"product_cat","embeddable":true,"href":"https:\/\/rms-enlinea.com.ar\/tienda\/wp-json\/wp\/v2\/product_cat?post=59983"},{"taxonomy":"product_tag","embeddable":true,"href":"https:\/\/rms-enlinea.com.ar\/tienda\/wp-json\/wp\/v2\/product_tag?post=59983"}],"curies":[{"name":"wp","href":"https:\/\/api.w.org\/{rel}","templated":true}]}}