{"id":6009,"date":"2025-06-12T03:51:58","date_gmt":"2025-06-12T06:51:58","guid":{"rendered":"https:\/\/rms-enlinea.com.ar\/tienda\/producto\/mouse-gamer-rgb-16000dpi-vsg-aquila-air-vg-m550-blk-mat\/"},"modified":"2026-04-06T14:24:56","modified_gmt":"2026-04-06T17:24:56","slug":"mouse-gamer-rgb-16000dpi-vsg-aquila-air-vg-m550-blk-mat","status":"publish","type":"product","link":"https:\/\/rms-enlinea.com.ar\/tienda\/producto\/mouse-gamer-rgb-16000dpi-vsg-aquila-air-vg-m550-blk-mat\/","title":{"rendered":"Mouse Gamer Rgb 16000dpi Vsg Aquila Air Vg-m550-blk-mat"},"content":{"rendered":"<p>MODELO: AQUILA AIR BLACK MATTE<br \/>C\u00d3DIGO SKU: VG-M550-BLK-MAT<br \/>EMPAQUE(MM)LARGOXANCHOXPROF: 162S162S78<br \/>TIPO DE MOUSE: AL\u00c1MBRICO<br \/>SENSOR MARCA: PIXART<br \/>SENSOR REF: PMW3389<br \/>SENSOR TIPO: \u00d3PTICO<br \/>VELOCIDAD (IPS): 400<br \/>ACELERACI\u00d3N: 50<br \/>TASA DE SONDEO POR DEFECTO: 500<br \/>TASAS DE SONDEO: 125\/250\/500\/1000<br \/>CPI PREDETERMINADOS: 400\/800\/1200\/2400\/3200\/6400\/16000<br \/>PESO: 60\/61<br \/>DIMENSIONES: 66X120X42<br \/>INTERRUPTORES PRINCIPALES: OMRON<br \/>DURABILIDAD: 20<br \/>CABLE: PARACORD<br \/>LONGITUD: 1.8M<br \/>ILUMINACI\u00d3N: RGB<br \/>EFECTOS: 10<br \/>BOTONES: 6<\/p>\n","protected":false},"excerpt":{"rendered":"<p>MODELO: AQUILA AIR BLACK MATTEC\u00d3DIGO SKU: VG-M550-BLK-MATEMPAQUE(MM)LARGOXANCHOXPROF: 162S162S78TIPO DE MOUSE: AL\u00c1MBRICOSENSOR MARCA: PIXARTSENSOR REF: PMW3389SENSOR TIPO: \u00d3PTICOVELOCIDAD (IPS): 400ACELERACI\u00d3N: 50TASA DE SONDEO POR DEFECTO: 500TASAS DE SONDEO: 125\/250\/500\/1000CPI PREDETERMINADOS: 400\/800\/1200\/2400\/3200\/6400\/16000PESO: 60\/61DIMENSIONES: 66X120X42INTERRUPTORES PRINCIPALES: OMRONDURABILIDAD: 20CABLE: PARACORDLONGITUD: 1.8MILUMINACI\u00d3N: RGBEFECTOS: 10BOTONES: 6<\/p>\n","protected":false},"featured_media":6010,"comment_status":"open","ping_status":"closed","template":"","meta":{"_uag_custom_page_level_css":""},"product_brand":[544],"product_cat":[125],"product_tag":[],"class_list":{"0":"post-6009","1":"product","2":"type-product","3":"status-publish","4":"has-post-thumbnail","6":"product_brand-vsg","7":"product_cat-teclados-y-mouses","9":"first","10":"outofstock","11":"sale","12":"taxable","13":"shipping-taxable","14":"purchasable","15":"product-type-simple"},"uagb_featured_image_src":{"full":["https:\/\/rms-enlinea.com.ar\/wp-content\/uploads\/2025\/06\/D_946184-MLA44670321929_012021-F.jpg",580,1118,false],"thumbnail":["https:\/\/rms-enlinea.com.ar\/wp-content\/uploads\/2025\/06\/D_946184-MLA44670321929_012021-F-150x150.jpg",150,150,true],"medium":["https:\/\/rms-enlinea.com.ar\/wp-content\/uploads\/2025\/06\/D_946184-MLA44670321929_012021-F-156x300.jpg",156,300,true],"medium_large":["https:\/\/rms-enlinea.com.ar\/wp-content\/uploads\/2025\/06\/D_946184-MLA44670321929_012021-F.jpg",580,1118,false],"large":["https:\/\/rms-enlinea.com.ar\/wp-content\/uploads\/2025\/06\/D_946184-MLA44670321929_012021-F-531x1024.jpg",531,1024,true],"1536x1536":["https:\/\/rms-enlinea.com.ar\/wp-content\/uploads\/2025\/06\/D_946184-MLA44670321929_012021-F.jpg",580,1118,false],"2048x2048":["https:\/\/rms-enlinea.com.ar\/wp-content\/uploads\/2025\/06\/D_946184-MLA44670321929_012021-F.jpg",580,1118,false],"woocommerce_thumbnail":["https:\/\/rms-enlinea.com.ar\/wp-content\/uploads\/2025\/06\/D_946184-MLA44670321929_012021-F-450x450.jpg",450,450,true],"woocommerce_single":["https:\/\/rms-enlinea.com.ar\/wp-content\/uploads\/2025\/06\/D_946184-MLA44670321929_012021-F.jpg",580,1118,false],"woocommerce_gallery_thumbnail":["https:\/\/rms-enlinea.com.ar\/wp-content\/uploads\/2025\/06\/D_946184-MLA44670321929_012021-F-100x100.jpg",100,100,true]},"uagb_author_info":{"display_name":"l0071054","author_link":"https:\/\/rms-enlinea.com.ar\/tienda\/author\/"},"uagb_comment_info":0,"uagb_excerpt":"MODELO: AQUILA AIR BLACK MATTEC\u00d3DIGO SKU: VG-M550-BLK-MATEMPAQUE(MM)LARGOXANCHOXPROF: 162S162S78TIPO DE MOUSE: AL\u00c1MBRICOSENSOR MARCA: PIXARTSENSOR REF: PMW3389SENSOR TIPO: \u00d3PTICOVELOCIDAD (IPS): 400ACELERACI\u00d3N: 50TASA DE SONDEO POR DEFECTO: 500TASAS DE SONDEO: 125\/250\/500\/1000CPI PREDETERMINADOS: 400\/800\/1200\/2400\/3200\/6400\/16000PESO: 60\/61DIMENSIONES: 66X120X42INTERRUPTORES PRINCIPALES: OMRONDURABILIDAD: 20CABLE: PARACORDLONGITUD: 1.8MILUMINACI\u00d3N: RGBEFECTOS: 10BOTONES: 6","_links":{"self":[{"href":"https:\/\/rms-enlinea.com.ar\/tienda\/wp-json\/wp\/v2\/product\/6009","targetHints":{"allow":["GET"]}}],"collection":[{"href":"https:\/\/rms-enlinea.com.ar\/tienda\/wp-json\/wp\/v2\/product"}],"about":[{"href":"https:\/\/rms-enlinea.com.ar\/tienda\/wp-json\/wp\/v2\/types\/product"}],"replies":[{"embeddable":true,"href":"https:\/\/rms-enlinea.com.ar\/tienda\/wp-json\/wp\/v2\/comments?post=6009"}],"wp:featuredmedia":[{"embeddable":true,"href":"https:\/\/rms-enlinea.com.ar\/tienda\/wp-json\/wp\/v2\/media\/6010"}],"wp:attachment":[{"href":"https:\/\/rms-enlinea.com.ar\/tienda\/wp-json\/wp\/v2\/media?parent=6009"}],"wp:term":[{"taxonomy":"product_brand","embeddable":true,"href":"https:\/\/rms-enlinea.com.ar\/tienda\/wp-json\/wp\/v2\/product_brand?post=6009"},{"taxonomy":"product_cat","embeddable":true,"href":"https:\/\/rms-enlinea.com.ar\/tienda\/wp-json\/wp\/v2\/product_cat?post=6009"},{"taxonomy":"product_tag","embeddable":true,"href":"https:\/\/rms-enlinea.com.ar\/tienda\/wp-json\/wp\/v2\/product_tag?post=6009"}],"curies":[{"name":"wp","href":"https:\/\/api.w.org\/{rel}","templated":true}]}}