{"id":60105,"date":"2025-12-28T22:10:50","date_gmt":"2025-12-29T01:10:50","guid":{"rendered":"https:\/\/rms-enlinea.com.ar\/tienda\/producto\/ups-estabilizador-lyonn-ctb-2000-ap-led-4-tomas-usb-soft\/"},"modified":"2026-04-21T04:35:48","modified_gmt":"2026-04-21T07:35:48","slug":"ups-estabilizador-lyonn-ctb-2000-ap-led-4-tomas-usb-soft","status":"publish","type":"product","link":"https:\/\/rms-enlinea.com.ar\/tienda\/producto\/ups-estabilizador-lyonn-ctb-2000-ap-led-4-tomas-usb-soft\/","title":{"rendered":"Ups Estabilizador Lyonn Ctb-2000-ap Led 4 Tomas Usb Soft"},"content":{"rendered":"<p>Voltaje de entrada<\/p>\n<p>220<br \/>\nCon pantalla LCD<\/p>\n<p>No<br \/>\nCon indicador LED<\/p>\n<p>S\u00ed<br \/>\nAncho<\/p>\n<p>39.7 cm<br \/>\nModelo alfanum\u00e9rico<\/p>\n<p>CTB-2000V<br \/>\nMarca<\/p>\n<p>Lyonn<br \/>\nProfundidad<\/p>\n<p>14.6 cm<br \/>\nAltura<\/p>\n<p>20.5 cm<br \/>\nDenominaci\u00f3n de voltaje<\/p>\n<p>Monovolt<br \/>\nPotencia pico<\/p>\n<p>2000VA<br \/>\nTipos de producto<\/p>\n<p>UPS<br \/>\nPotencia nominal<\/p>\n<p>2000 W<br \/>\nTipos de alarma sonora<\/p>\n<p>Sobrecarga<br \/>\nCantidad de puertos USB<\/p>\n<p>1<br \/>\nL\u00ednea<\/p>\n<p>Desire CTB<br \/>\nModelo<\/p>\n<p>CTB-2000<br \/>\nVoltaje de salida<\/p>\n<p>220<br \/>\nVoltaje de salida CA<\/p>\n<p>220V<br \/>\nRango de voltaje de entrada<\/p>\n<p>162-290<br \/>\nRango de voltaje de entrada CA<\/p>\n<p>220<br \/>\nCondici\u00f3n del \u00edtem<\/p>\n<p>Nuevo<br \/>\nVoltaje de entrada CA<\/p>\n<p>220V\/230V\/240V<\/p>\n","protected":false},"excerpt":{"rendered":"<p>Voltaje de entrada 220 Con pantalla LCD No Con indicador LED S\u00ed Ancho 39.7 cm Modelo alfanum\u00e9rico CTB-2000V Marca Lyonn Profundidad 14.6 cm Altura 20.5 cm Denominaci\u00f3n de voltaje Monovolt Potencia pico 2000VA Tipos de producto UPS Potencia nominal 2000 W Tipos de alarma sonora Sobrecarga Cantidad de puertos USB 1 L\u00ednea Desire CTB Modelo [&hellip;]<\/p>\n","protected":false},"featured_media":44278,"comment_status":"open","ping_status":"closed","template":"","meta":{"_uag_custom_page_level_css":""},"product_brand":[569],"product_cat":[107,15],"product_tag":[],"class_list":{"0":"post-60105","1":"product","2":"type-product","3":"status-publish","4":"has-post-thumbnail","6":"product_brand-lyonn","7":"product_cat-estabilizadores-y-ups","8":"product_cat-sin-categorizar","10":"first","11":"outofstock","12":"sale","13":"taxable","14":"shipping-taxable","15":"purchasable","16":"product-type-simple"},"uagb_featured_image_src":{"full":["https:\/\/rms-enlinea.com.ar\/wp-content\/uploads\/2025\/06\/D_841988-MLU54982606682_042023-F.jpg",472,500,false],"thumbnail":["https:\/\/rms-enlinea.com.ar\/wp-content\/uploads\/2025\/06\/D_841988-MLU54982606682_042023-F-150x150.jpg",150,150,true],"medium":["https:\/\/rms-enlinea.com.ar\/wp-content\/uploads\/2025\/06\/D_841988-MLU54982606682_042023-F-283x300.jpg",283,300,true],"medium_large":["https:\/\/rms-enlinea.com.ar\/wp-content\/uploads\/2025\/06\/D_841988-MLU54982606682_042023-F.jpg",472,500,false],"large":["https:\/\/rms-enlinea.com.ar\/wp-content\/uploads\/2025\/06\/D_841988-MLU54982606682_042023-F.jpg",472,500,false],"1536x1536":["https:\/\/rms-enlinea.com.ar\/wp-content\/uploads\/2025\/06\/D_841988-MLU54982606682_042023-F.jpg",472,500,false],"2048x2048":["https:\/\/rms-enlinea.com.ar\/wp-content\/uploads\/2025\/06\/D_841988-MLU54982606682_042023-F.jpg",472,500,false],"woocommerce_thumbnail":["https:\/\/rms-enlinea.com.ar\/wp-content\/uploads\/2025\/06\/D_841988-MLU54982606682_042023-F-450x450.jpg",450,450,true],"woocommerce_single":["https:\/\/rms-enlinea.com.ar\/wp-content\/uploads\/2025\/06\/D_841988-MLU54982606682_042023-F.jpg",472,500,false],"woocommerce_gallery_thumbnail":["https:\/\/rms-enlinea.com.ar\/wp-content\/uploads\/2025\/06\/D_841988-MLU54982606682_042023-F-100x100.jpg",100,100,true]},"uagb_author_info":{"display_name":"nelson","author_link":"https:\/\/rms-enlinea.com.ar\/tienda\/author\/"},"uagb_comment_info":0,"uagb_excerpt":"Voltaje de entrada 220 Con pantalla LCD No Con indicador LED S\u00ed Ancho 39.7 cm Modelo alfanum\u00e9rico CTB-2000V Marca Lyonn Profundidad 14.6 cm Altura 20.5 cm Denominaci\u00f3n de voltaje Monovolt Potencia pico 2000VA Tipos de producto UPS Potencia nominal 2000 W Tipos de alarma sonora Sobrecarga Cantidad de puertos USB 1 L\u00ednea Desire CTB Modelo&hellip;","_links":{"self":[{"href":"https:\/\/rms-enlinea.com.ar\/tienda\/wp-json\/wp\/v2\/product\/60105","targetHints":{"allow":["GET"]}}],"collection":[{"href":"https:\/\/rms-enlinea.com.ar\/tienda\/wp-json\/wp\/v2\/product"}],"about":[{"href":"https:\/\/rms-enlinea.com.ar\/tienda\/wp-json\/wp\/v2\/types\/product"}],"replies":[{"embeddable":true,"href":"https:\/\/rms-enlinea.com.ar\/tienda\/wp-json\/wp\/v2\/comments?post=60105"}],"wp:featuredmedia":[{"embeddable":true,"href":"https:\/\/rms-enlinea.com.ar\/tienda\/wp-json\/wp\/v2\/media\/44278"}],"wp:attachment":[{"href":"https:\/\/rms-enlinea.com.ar\/tienda\/wp-json\/wp\/v2\/media?parent=60105"}],"wp:term":[{"taxonomy":"product_brand","embeddable":true,"href":"https:\/\/rms-enlinea.com.ar\/tienda\/wp-json\/wp\/v2\/product_brand?post=60105"},{"taxonomy":"product_cat","embeddable":true,"href":"https:\/\/rms-enlinea.com.ar\/tienda\/wp-json\/wp\/v2\/product_cat?post=60105"},{"taxonomy":"product_tag","embeddable":true,"href":"https:\/\/rms-enlinea.com.ar\/tienda\/wp-json\/wp\/v2\/product_tag?post=60105"}],"curies":[{"name":"wp","href":"https:\/\/api.w.org\/{rel}","templated":true}]}}