{"id":60149,"date":"2025-12-30T13:30:09","date_gmt":"2025-12-30T16:30:09","guid":{"rendered":"https:\/\/rms-enlinea.com.ar\/tienda\/producto\/soporte-para-bafle-xp-audio-x-pole-hasta-30kgs\/"},"modified":"2026-02-18T01:42:14","modified_gmt":"2026-02-18T04:42:14","slug":"soporte-para-bafle-xp-audio-x-pole-hasta-30kgs","status":"publish","type":"product","link":"https:\/\/rms-enlinea.com.ar\/tienda\/producto\/soporte-para-bafle-xp-audio-x-pole-hasta-30kgs\/","title":{"rendered":"Soporte Para Bafle Xp Audio X-pole Hasta 30kgs"},"content":{"rendered":"<p>Soporte de tubo telesc\u00f3pico con dise\u00f1o liviano y resistente.<\/p>\n<p>Caracter\u00edsticas: Altura ajustable de 790 a 1350 mm, capacidad de carga de hasta 30 kg, tubo de 38-35 mm con 0.7 mm de espesor, cierre de pl\u00e1stico resistente, peso neto: 0.87 kg.<\/p>\n","protected":false},"excerpt":{"rendered":"<p>Soporte de tubo telesc\u00f3pico con dise\u00f1o liviano y resistente. Caracter\u00edsticas: Altura ajustable de 790 a 1350 mm, capacidad de carga de hasta 30 kg, tubo de 38-35 mm con 0.7 mm de espesor, cierre de pl\u00e1stico resistente, peso neto: 0.87 kg.<\/p>\n","protected":false},"featured_media":60150,"comment_status":"open","ping_status":"closed","template":"","meta":{"_uag_custom_page_level_css":""},"product_brand":[662],"product_cat":[81,96],"product_tag":[],"class_list":{"0":"post-60149","1":"product","2":"type-product","3":"status-publish","4":"has-post-thumbnail","6":"product_brand-xp-audio","7":"product_cat-tripodes-y-soportes","8":"product_cat-tripodes-y-soportes-iluminacion-profesional","10":"first","11":"instock","12":"sale","13":"taxable","14":"shipping-taxable","15":"purchasable","16":"product-type-simple"},"uagb_featured_image_src":{"full":["https:\/\/rms-enlinea.com.ar\/wp-content\/uploads\/2025\/12\/D_691165-MLA102622079230_122025-F.jpg",98,1182,false],"thumbnail":["https:\/\/rms-enlinea.com.ar\/wp-content\/uploads\/2025\/12\/D_691165-MLA102622079230_122025-F-98x150.jpg",98,150,true],"medium":["https:\/\/rms-enlinea.com.ar\/wp-content\/uploads\/2025\/12\/D_691165-MLA102622079230_122025-F-25x300.jpg",25,300,true],"medium_large":["https:\/\/rms-enlinea.com.ar\/wp-content\/uploads\/2025\/12\/D_691165-MLA102622079230_122025-F.jpg",98,1182,false],"large":["https:\/\/rms-enlinea.com.ar\/wp-content\/uploads\/2025\/12\/D_691165-MLA102622079230_122025-F-85x1024.jpg",85,1024,true],"1536x1536":["https:\/\/rms-enlinea.com.ar\/wp-content\/uploads\/2025\/12\/D_691165-MLA102622079230_122025-F.jpg",98,1182,false],"2048x2048":["https:\/\/rms-enlinea.com.ar\/wp-content\/uploads\/2025\/12\/D_691165-MLA102622079230_122025-F.jpg",98,1182,false],"woocommerce_thumbnail":["https:\/\/rms-enlinea.com.ar\/wp-content\/uploads\/2025\/12\/D_691165-MLA102622079230_122025-F-98x450.jpg",98,450,true],"woocommerce_single":["https:\/\/rms-enlinea.com.ar\/wp-content\/uploads\/2025\/12\/D_691165-MLA102622079230_122025-F.jpg",98,1182,false],"woocommerce_gallery_thumbnail":["https:\/\/rms-enlinea.com.ar\/wp-content\/uploads\/2025\/12\/D_691165-MLA102622079230_122025-F-98x100.jpg",98,100,true]},"uagb_author_info":{"display_name":"mario","author_link":"https:\/\/rms-enlinea.com.ar\/tienda\/author\/"},"uagb_comment_info":0,"uagb_excerpt":"Soporte de tubo telesc\u00f3pico con dise\u00f1o liviano y resistente. Caracter\u00edsticas: Altura ajustable de 790 a 1350 mm, capacidad de carga de hasta 30 kg, tubo de 38-35 mm con 0.7 mm de espesor, cierre de pl\u00e1stico resistente, peso neto: 0.87 kg.","_links":{"self":[{"href":"https:\/\/rms-enlinea.com.ar\/tienda\/wp-json\/wp\/v2\/product\/60149","targetHints":{"allow":["GET"]}}],"collection":[{"href":"https:\/\/rms-enlinea.com.ar\/tienda\/wp-json\/wp\/v2\/product"}],"about":[{"href":"https:\/\/rms-enlinea.com.ar\/tienda\/wp-json\/wp\/v2\/types\/product"}],"replies":[{"embeddable":true,"href":"https:\/\/rms-enlinea.com.ar\/tienda\/wp-json\/wp\/v2\/comments?post=60149"}],"wp:featuredmedia":[{"embeddable":true,"href":"https:\/\/rms-enlinea.com.ar\/tienda\/wp-json\/wp\/v2\/media\/60150"}],"wp:attachment":[{"href":"https:\/\/rms-enlinea.com.ar\/tienda\/wp-json\/wp\/v2\/media?parent=60149"}],"wp:term":[{"taxonomy":"product_brand","embeddable":true,"href":"https:\/\/rms-enlinea.com.ar\/tienda\/wp-json\/wp\/v2\/product_brand?post=60149"},{"taxonomy":"product_cat","embeddable":true,"href":"https:\/\/rms-enlinea.com.ar\/tienda\/wp-json\/wp\/v2\/product_cat?post=60149"},{"taxonomy":"product_tag","embeddable":true,"href":"https:\/\/rms-enlinea.com.ar\/tienda\/wp-json\/wp\/v2\/product_tag?post=60149"}],"curies":[{"name":"wp","href":"https:\/\/api.w.org\/{rel}","templated":true}]}}