{"id":60244,"date":"2026-01-02T21:10:08","date_gmt":"2026-01-03T00:10:08","guid":{"rendered":"https:\/\/rms-enlinea.com.ar\/tienda\/producto\/ups-estabilizador-1200va-720w-lyonn-display-lcd-4-salidas-2\/"},"modified":"2026-04-02T19:10:21","modified_gmt":"2026-04-02T22:10:21","slug":"ups-estabilizador-1200va-720w-lyonn-display-lcd-4-salidas-2","status":"publish","type":"product","link":"https:\/\/rms-enlinea.com.ar\/tienda\/producto\/ups-estabilizador-1200va-720w-lyonn-display-lcd-4-salidas-2\/","title":{"rendered":"Ups Estabilizador 1200va \/ 720w Lyonn Display Lcd 4 Salidas"},"content":{"rendered":"<p>Marca<\/p>\n<p>Lyonn<br \/>Interfaces de comunicaci\u00f3n<\/p>\n<p>COM<br \/>Profundidad<\/p>\n<p>350 mm<br \/>Altura<\/p>\n<p>160 mm<br \/>Voltaje de entrada<\/p>\n<p>220V<br \/>Voltaje de entrada CA<\/p>\n<p>220V\/230V\/240V<br \/>Rango de voltaje de entrada<\/p>\n<p>220V<br \/>Rango de voltaje de entrada CA<\/p>\n<p>162V &#8211; 290V<br \/>L\u00ednea<\/p>\n<p>CTB<br \/>Autonom\u00eda m\u00e1xima de la bater\u00eda<\/p>\n<p>15 m<br \/>Tiempo m\u00e1ximo de carga<\/p>\n<p>5 h<br \/>Nivel m\u00e1ximo de ruido<\/p>\n<p>40 dB<br \/>Modelo<\/p>\n<p>CTB-1200ap<br \/>Cantidad de tomas<\/p>\n<p>4<br \/>Rango de estabilizaci\u00f3n de salida<\/p>\n<p>10%<br \/>Voltaje de salida<\/p>\n<p>220V<br \/>Voltaje de salida CA<\/p>\n<p>220V<br \/>Potencia pico<\/p>\n<p>1200VA<br \/>Tipos de producto<\/p>\n<p>UPS<br \/>Potencia nominal<\/p>\n<p>1200 VA<br \/>Tipos de alarma sonora<\/p>\n<p>Modo de bater\u00eda,Bater\u00eda baja,Sobrecarga<br \/>Denominaci\u00f3n de voltaje<\/p>\n<p>Monovolt<br \/>Peso<\/p>\n<p>4.9 kg<br \/>Ancho<\/p>\n<p>146 mm<br \/>Con indicador LED<\/p>\n<p>S\u00ed<br \/>Con bot\u00f3n de encendido\/apagado<\/p>\n<p>S\u00ed<\/p>\n","protected":false},"excerpt":{"rendered":"<p>Marca LyonnInterfaces de comunicaci\u00f3n COMProfundidad 350 mmAltura 160 mmVoltaje de entrada 220VVoltaje de entrada CA 220V\/230V\/240VRango de voltaje de entrada 220VRango de voltaje de entrada CA 162V &#8211; 290VL\u00ednea CTBAutonom\u00eda m\u00e1xima de la bater\u00eda 15 mTiempo m\u00e1ximo de carga 5 hNivel m\u00e1ximo de ruido 40 dBModelo CTB-1200apCantidad de tomas 4Rango de estabilizaci\u00f3n de salida 10%Voltaje [&hellip;]<\/p>\n","protected":false},"featured_media":60245,"comment_status":"open","ping_status":"closed","template":"","meta":{"_uag_custom_page_level_css":""},"product_brand":[569],"product_cat":[107,15],"product_tag":[],"class_list":{"0":"post-60244","1":"product","2":"type-product","3":"status-publish","4":"has-post-thumbnail","6":"product_brand-lyonn","7":"product_cat-estabilizadores-y-ups","8":"product_cat-sin-categorizar","10":"first","11":"instock","12":"sale","13":"taxable","14":"shipping-taxable","15":"purchasable","16":"product-type-simple"},"uagb_featured_image_src":{"full":["https:\/\/rms-enlinea.com.ar\/wp-content\/uploads\/2026\/01\/D_865281-MLA102942045270_012026-F.jpg",1200,1149,false],"thumbnail":["https:\/\/rms-enlinea.com.ar\/wp-content\/uploads\/2026\/01\/D_865281-MLA102942045270_012026-F-150x150.jpg",150,150,true],"medium":["https:\/\/rms-enlinea.com.ar\/wp-content\/uploads\/2026\/01\/D_865281-MLA102942045270_012026-F-300x287.jpg",300,287,true],"medium_large":["https:\/\/rms-enlinea.com.ar\/wp-content\/uploads\/2026\/01\/D_865281-MLA102942045270_012026-F-768x735.jpg",768,735,true],"large":["https:\/\/rms-enlinea.com.ar\/wp-content\/uploads\/2026\/01\/D_865281-MLA102942045270_012026-F-1024x980.jpg",1024,980,true],"1536x1536":["https:\/\/rms-enlinea.com.ar\/wp-content\/uploads\/2026\/01\/D_865281-MLA102942045270_012026-F.jpg",1200,1149,false],"2048x2048":["https:\/\/rms-enlinea.com.ar\/wp-content\/uploads\/2026\/01\/D_865281-MLA102942045270_012026-F.jpg",1200,1149,false],"woocommerce_thumbnail":["https:\/\/rms-enlinea.com.ar\/wp-content\/uploads\/2026\/01\/D_865281-MLA102942045270_012026-F-450x450.jpg",450,450,true],"woocommerce_single":["https:\/\/rms-enlinea.com.ar\/wp-content\/uploads\/2026\/01\/D_865281-MLA102942045270_012026-F-600x575.jpg",600,575,true],"woocommerce_gallery_thumbnail":["https:\/\/rms-enlinea.com.ar\/wp-content\/uploads\/2026\/01\/D_865281-MLA102942045270_012026-F-100x100.jpg",100,100,true]},"uagb_author_info":{"display_name":"nelson","author_link":"https:\/\/rms-enlinea.com.ar\/tienda\/author\/"},"uagb_comment_info":0,"uagb_excerpt":"Marca LyonnInterfaces de comunicaci\u00f3n COMProfundidad 350 mmAltura 160 mmVoltaje de entrada 220VVoltaje de entrada CA 220V\/230V\/240VRango de voltaje de entrada 220VRango de voltaje de entrada CA 162V &#8211; 290VL\u00ednea CTBAutonom\u00eda m\u00e1xima de la bater\u00eda 15 mTiempo m\u00e1ximo de carga 5 hNivel m\u00e1ximo de ruido 40 dBModelo CTB-1200apCantidad de tomas 4Rango de estabilizaci\u00f3n de salida 10%Voltaje&hellip;","_links":{"self":[{"href":"https:\/\/rms-enlinea.com.ar\/tienda\/wp-json\/wp\/v2\/product\/60244","targetHints":{"allow":["GET"]}}],"collection":[{"href":"https:\/\/rms-enlinea.com.ar\/tienda\/wp-json\/wp\/v2\/product"}],"about":[{"href":"https:\/\/rms-enlinea.com.ar\/tienda\/wp-json\/wp\/v2\/types\/product"}],"replies":[{"embeddable":true,"href":"https:\/\/rms-enlinea.com.ar\/tienda\/wp-json\/wp\/v2\/comments?post=60244"}],"wp:featuredmedia":[{"embeddable":true,"href":"https:\/\/rms-enlinea.com.ar\/tienda\/wp-json\/wp\/v2\/media\/60245"}],"wp:attachment":[{"href":"https:\/\/rms-enlinea.com.ar\/tienda\/wp-json\/wp\/v2\/media?parent=60244"}],"wp:term":[{"taxonomy":"product_brand","embeddable":true,"href":"https:\/\/rms-enlinea.com.ar\/tienda\/wp-json\/wp\/v2\/product_brand?post=60244"},{"taxonomy":"product_cat","embeddable":true,"href":"https:\/\/rms-enlinea.com.ar\/tienda\/wp-json\/wp\/v2\/product_cat?post=60244"},{"taxonomy":"product_tag","embeddable":true,"href":"https:\/\/rms-enlinea.com.ar\/tienda\/wp-json\/wp\/v2\/product_tag?post=60244"}],"curies":[{"name":"wp","href":"https:\/\/api.w.org\/{rel}","templated":true}]}}