{"id":60263,"date":"2026-01-06T11:12:06","date_gmt":"2026-01-06T14:12:06","guid":{"rendered":"https:\/\/rms-enlinea.com.ar\/tienda\/producto\/repetidor-extensor-de-red-tp-link-re305-ac1200-dual-band\/"},"modified":"2026-04-21T06:06:56","modified_gmt":"2026-04-21T09:06:56","slug":"repetidor-extensor-de-red-tp-link-re305-ac1200-dual-band","status":"publish","type":"product","link":"https:\/\/rms-enlinea.com.ar\/tienda\/producto\/repetidor-extensor-de-red-tp-link-re305-ac1200-dual-band\/","title":{"rendered":"Repetidor Extensor De Red Tp-link Re305 Ac1200 Dual Band"},"content":{"rendered":"<p>CARACTER\u00cdSTICAS DE HARDWARE<br \/>\nTipo de enchufe EU, UK, US<br \/>\nInterfaz 1 puerto Ethernet de 10\/100 Mbps (RJ45)<br \/>\nBotones Bot\u00f3n WPS y bot\u00f3n Reset<br \/>\nPotencia de entrada 100\u2013240V~50\/60Hz<br \/>\nConsumo de potencia 7.3W (m\u00e1ximo)<br \/>\nDimensiones 80 \u00d7 78 \u00d7 77 mm<br \/>\nAntenas 2 externas<br \/>\nCARACTER\u00cdSTICAS INAL\u00c1MBRICAS<br \/>\nEst\u00e1ndares inal\u00e1mbricos IEEE 802.11a\/n\/ac 5GHz, IEEE 802.11b\/g\/n 2.4GHz<br \/>\nFrecuencia 2.4GHz y 5GHz (11ac)<br \/>\nTasa de se\u00f1al 5GHz: hasta 867 Mbps<br \/>\n2.4GHz: hasta 300 Mbps<br \/>\nSensibilidad de recepci\u00f3n (5GHz) 11a 6Mbps: -91dBm<br \/>\n11a 54Mbps: -74dBm<br \/>\n11ac HT20 mcs8: -68dBm<br \/>\n11ac HT40 mcs9: -63dBm<br \/>\n11ac HT80 mcs9: -59dBm<br \/>\nSensibilidad de recepci\u00f3n (2.4GHz) 11g 54Mbps: -79dBm<br \/>\n11n HT20 mcs7: -77dBm<br \/>\n11n HT40 mcs7: -74dBm<br \/>\nModos inal\u00e1mbricos \u2014<br \/>\nFunciones inal\u00e1mbricas Habilitar\/deshabilitar radio inal\u00e1mbrica<br \/>\nDFS (requiere versi\u00f3n m\u00e1s reciente de firmware y hardware)<br \/>\nControl de acceso<br \/>\nControl LED<br \/>\nHorario de energ\u00eda<br \/>\nCobertura Wi-Fi<br \/>\nSeguridad inal\u00e1mbrica 64\/128-bit WEP, WPA-PSK \/ WPA2-PSK<br \/>\nPotencia de transmisi\u00f3n<\/p>\n","protected":false},"excerpt":{"rendered":"<p>CARACTER\u00cdSTICAS DE HARDWARE Tipo de enchufe EU, UK, US Interfaz 1 puerto Ethernet de 10\/100 Mbps (RJ45) Botones Bot\u00f3n WPS y bot\u00f3n Reset Potencia de entrada 100\u2013240V~50\/60Hz Consumo de potencia 7.3W (m\u00e1ximo) Dimensiones 80 \u00d7 78 \u00d7 77 mm Antenas 2 externas CARACTER\u00cdSTICAS INAL\u00c1MBRICAS Est\u00e1ndares inal\u00e1mbricos IEEE 802.11a\/n\/ac 5GHz, IEEE 802.11b\/g\/n 2.4GHz Frecuencia 2.4GHz y [&hellip;]<\/p>\n","protected":false},"featured_media":60264,"comment_status":"open","ping_status":"closed","template":"","meta":{"_uag_custom_page_level_css":""},"product_brand":[546],"product_cat":[122,15],"product_tag":[],"class_list":{"0":"post-60263","1":"product","2":"type-product","3":"status-publish","4":"has-post-thumbnail","6":"product_brand-tplink","7":"product_cat-redes-y-conectividad","8":"product_cat-sin-categorizar","10":"first","11":"outofstock","12":"sale","13":"taxable","14":"shipping-taxable","15":"purchasable","16":"product-type-simple"},"uagb_featured_image_src":{"full":["https:\/\/rms-enlinea.com.ar\/wp-content\/uploads\/2026\/01\/D_932743-MLA80710582137_112024-F.jpg",822,1199,false],"thumbnail":["https:\/\/rms-enlinea.com.ar\/wp-content\/uploads\/2026\/01\/D_932743-MLA80710582137_112024-F-150x150.jpg",150,150,true],"medium":["https:\/\/rms-enlinea.com.ar\/wp-content\/uploads\/2026\/01\/D_932743-MLA80710582137_112024-F-206x300.jpg",206,300,true],"medium_large":["https:\/\/rms-enlinea.com.ar\/wp-content\/uploads\/2026\/01\/D_932743-MLA80710582137_112024-F-768x1120.jpg",768,1120,true],"large":["https:\/\/rms-enlinea.com.ar\/wp-content\/uploads\/2026\/01\/D_932743-MLA80710582137_112024-F-702x1024.jpg",702,1024,true],"1536x1536":["https:\/\/rms-enlinea.com.ar\/wp-content\/uploads\/2026\/01\/D_932743-MLA80710582137_112024-F.jpg",822,1199,false],"2048x2048":["https:\/\/rms-enlinea.com.ar\/wp-content\/uploads\/2026\/01\/D_932743-MLA80710582137_112024-F.jpg",822,1199,false],"woocommerce_thumbnail":["https:\/\/rms-enlinea.com.ar\/wp-content\/uploads\/2026\/01\/D_932743-MLA80710582137_112024-F-450x450.jpg",450,450,true],"woocommerce_single":["https:\/\/rms-enlinea.com.ar\/wp-content\/uploads\/2026\/01\/D_932743-MLA80710582137_112024-F-600x875.jpg",600,875,true],"woocommerce_gallery_thumbnail":["https:\/\/rms-enlinea.com.ar\/wp-content\/uploads\/2026\/01\/D_932743-MLA80710582137_112024-F-100x100.jpg",100,100,true]},"uagb_author_info":{"display_name":"nelson","author_link":"https:\/\/rms-enlinea.com.ar\/tienda\/author\/"},"uagb_comment_info":0,"uagb_excerpt":"CARACTER\u00cdSTICAS DE HARDWARE Tipo de enchufe EU, UK, US Interfaz 1 puerto Ethernet de 10\/100 Mbps (RJ45) Botones Bot\u00f3n WPS y bot\u00f3n Reset Potencia de entrada 100\u2013240V~50\/60Hz Consumo de potencia 7.3W (m\u00e1ximo) Dimensiones 80 \u00d7 78 \u00d7 77 mm Antenas 2 externas CARACTER\u00cdSTICAS INAL\u00c1MBRICAS Est\u00e1ndares inal\u00e1mbricos IEEE 802.11a\/n\/ac 5GHz, IEEE 802.11b\/g\/n 2.4GHz Frecuencia 2.4GHz y&hellip;","_links":{"self":[{"href":"https:\/\/rms-enlinea.com.ar\/tienda\/wp-json\/wp\/v2\/product\/60263","targetHints":{"allow":["GET"]}}],"collection":[{"href":"https:\/\/rms-enlinea.com.ar\/tienda\/wp-json\/wp\/v2\/product"}],"about":[{"href":"https:\/\/rms-enlinea.com.ar\/tienda\/wp-json\/wp\/v2\/types\/product"}],"replies":[{"embeddable":true,"href":"https:\/\/rms-enlinea.com.ar\/tienda\/wp-json\/wp\/v2\/comments?post=60263"}],"wp:featuredmedia":[{"embeddable":true,"href":"https:\/\/rms-enlinea.com.ar\/tienda\/wp-json\/wp\/v2\/media\/60264"}],"wp:attachment":[{"href":"https:\/\/rms-enlinea.com.ar\/tienda\/wp-json\/wp\/v2\/media?parent=60263"}],"wp:term":[{"taxonomy":"product_brand","embeddable":true,"href":"https:\/\/rms-enlinea.com.ar\/tienda\/wp-json\/wp\/v2\/product_brand?post=60263"},{"taxonomy":"product_cat","embeddable":true,"href":"https:\/\/rms-enlinea.com.ar\/tienda\/wp-json\/wp\/v2\/product_cat?post=60263"},{"taxonomy":"product_tag","embeddable":true,"href":"https:\/\/rms-enlinea.com.ar\/tienda\/wp-json\/wp\/v2\/product_tag?post=60263"}],"curies":[{"name":"wp","href":"https:\/\/api.w.org\/{rel}","templated":true}]}}