{"id":60318,"date":"2026-01-10T10:10:31","date_gmt":"2026-01-10T13:10:31","guid":{"rendered":"https:\/\/rms-enlinea.com.ar\/tienda\/producto\/mother-msi-pro-b760m-a-wifi-ddr5-1700-12va-13va-gen-intel\/"},"modified":"2026-04-21T04:01:40","modified_gmt":"2026-04-21T07:01:40","slug":"mother-msi-pro-b760m-a-wifi-ddr5-1700-12va-13va-gen-intel","status":"publish","type":"product","link":"https:\/\/rms-enlinea.com.ar\/tienda\/producto\/mother-msi-pro-b760m-a-wifi-ddr5-1700-12va-13va-gen-intel\/","title":{"rendered":"Mother Msi Pro B760m-a Wifi Ddr5 1700 12va 13va Gen Intel"},"content":{"rendered":"<p>La Serie PRO est\u00e1 dise\u00f1ada para profesionales de todos los \u00e1mbitos de la vida. La l\u00ednea presenta un rendimiento impresionante y alta calidad, al tiempo que apunta a brindar a los usuarios una experiencia incre\u00edble. Los usuarios que se preocupan por la productividad y la eficiencia definitivamente pueden contar con la serie MSI PRO para ayudarlos a realizar m\u00faltiples tareas y aumentar la eficiencia.<\/p>\n","protected":false},"excerpt":{"rendered":"<p>La Serie PRO est\u00e1 dise\u00f1ada para profesionales de todos los \u00e1mbitos de la vida. La l\u00ednea presenta un rendimiento impresionante y alta calidad, al tiempo que apunta a brindar a los usuarios una experiencia incre\u00edble. Los usuarios que se preocupan por la productividad y la eficiencia definitivamente pueden contar con la serie MSI PRO para [&hellip;]<\/p>\n","protected":false},"featured_media":36784,"comment_status":"open","ping_status":"closed","template":"","meta":{"_uag_custom_page_level_css":""},"product_brand":[557],"product_cat":[115,15],"product_tag":[],"class_list":{"0":"post-60318","1":"product","2":"type-product","3":"status-publish","4":"has-post-thumbnail","6":"product_brand-msi","7":"product_cat-mother","8":"product_cat-sin-categorizar","10":"first","11":"outofstock","12":"sale","13":"taxable","14":"shipping-taxable","15":"purchasable","16":"product-type-simple"},"uagb_featured_image_src":{"full":["https:\/\/rms-enlinea.com.ar\/wp-content\/uploads\/2025\/06\/D_660800-MLU70610904010_072023-F.jpg",500,307,false],"thumbnail":["https:\/\/rms-enlinea.com.ar\/wp-content\/uploads\/2025\/06\/D_660800-MLU70610904010_072023-F-150x150.jpg",150,150,true],"medium":["https:\/\/rms-enlinea.com.ar\/wp-content\/uploads\/2025\/06\/D_660800-MLU70610904010_072023-F-300x184.jpg",300,184,true],"medium_large":["https:\/\/rms-enlinea.com.ar\/wp-content\/uploads\/2025\/06\/D_660800-MLU70610904010_072023-F.jpg",500,307,false],"large":["https:\/\/rms-enlinea.com.ar\/wp-content\/uploads\/2025\/06\/D_660800-MLU70610904010_072023-F.jpg",500,307,false],"1536x1536":["https:\/\/rms-enlinea.com.ar\/wp-content\/uploads\/2025\/06\/D_660800-MLU70610904010_072023-F.jpg",500,307,false],"2048x2048":["https:\/\/rms-enlinea.com.ar\/wp-content\/uploads\/2025\/06\/D_660800-MLU70610904010_072023-F.jpg",500,307,false],"woocommerce_thumbnail":["https:\/\/rms-enlinea.com.ar\/wp-content\/uploads\/2025\/06\/D_660800-MLU70610904010_072023-F-450x307.jpg",450,307,true],"woocommerce_single":["https:\/\/rms-enlinea.com.ar\/wp-content\/uploads\/2025\/06\/D_660800-MLU70610904010_072023-F.jpg",500,307,false],"woocommerce_gallery_thumbnail":["https:\/\/rms-enlinea.com.ar\/wp-content\/uploads\/2025\/06\/D_660800-MLU70610904010_072023-F-100x100.jpg",100,100,true]},"uagb_author_info":{"display_name":"nelson","author_link":"https:\/\/rms-enlinea.com.ar\/tienda\/author\/"},"uagb_comment_info":0,"uagb_excerpt":"La Serie PRO est\u00e1 dise\u00f1ada para profesionales de todos los \u00e1mbitos de la vida. La l\u00ednea presenta un rendimiento impresionante y alta calidad, al tiempo que apunta a brindar a los usuarios una experiencia incre\u00edble. Los usuarios que se preocupan por la productividad y la eficiencia definitivamente pueden contar con la serie MSI PRO para&hellip;","_links":{"self":[{"href":"https:\/\/rms-enlinea.com.ar\/tienda\/wp-json\/wp\/v2\/product\/60318","targetHints":{"allow":["GET"]}}],"collection":[{"href":"https:\/\/rms-enlinea.com.ar\/tienda\/wp-json\/wp\/v2\/product"}],"about":[{"href":"https:\/\/rms-enlinea.com.ar\/tienda\/wp-json\/wp\/v2\/types\/product"}],"replies":[{"embeddable":true,"href":"https:\/\/rms-enlinea.com.ar\/tienda\/wp-json\/wp\/v2\/comments?post=60318"}],"wp:featuredmedia":[{"embeddable":true,"href":"https:\/\/rms-enlinea.com.ar\/tienda\/wp-json\/wp\/v2\/media\/36784"}],"wp:attachment":[{"href":"https:\/\/rms-enlinea.com.ar\/tienda\/wp-json\/wp\/v2\/media?parent=60318"}],"wp:term":[{"taxonomy":"product_brand","embeddable":true,"href":"https:\/\/rms-enlinea.com.ar\/tienda\/wp-json\/wp\/v2\/product_brand?post=60318"},{"taxonomy":"product_cat","embeddable":true,"href":"https:\/\/rms-enlinea.com.ar\/tienda\/wp-json\/wp\/v2\/product_cat?post=60318"},{"taxonomy":"product_tag","embeddable":true,"href":"https:\/\/rms-enlinea.com.ar\/tienda\/wp-json\/wp\/v2\/product_tag?post=60318"}],"curies":[{"name":"wp","href":"https:\/\/api.w.org\/{rel}","templated":true}]}}