{"id":60507,"date":"2026-01-22T18:41:30","date_gmt":"2026-01-22T21:41:30","guid":{"rendered":"https:\/\/rms-enlinea.com.ar\/tienda\/producto\/procesador-intel-core-i3-14100f-s-graficos-c-cooler\/"},"modified":"2026-03-28T11:10:11","modified_gmt":"2026-03-28T14:10:11","slug":"procesador-intel-core-i3-14100f-s-graficos-c-cooler","status":"publish","type":"product","link":"https:\/\/rms-enlinea.com.ar\/tienda\/producto\/procesador-intel-core-i3-14100f-s-graficos-c-cooler\/","title":{"rendered":"Procesador Intel Core I3 14100f S\/graficos C\/cooler"},"content":{"rendered":"<p>Especificaciones de la CPU<br \/>\nCantidad de n\u00facleos<br \/>\n4<br \/>\nCantidad de Performance-cores<br \/>\n4<br \/>\nCantidad de Efficient-cores<br \/>\n0<br \/>\nTotal de subprocesos<br \/>\n8<br \/>\nFrecuencia turbo m\u00e1xima<br \/>\n4,7 GHz<br \/>\nFrecuencia turbo m\u00e1xima del Performance-core<br \/>\n4,7 GHz<br \/>\nFrecuencia base de Performance-core<br \/>\n3,5 GHz<br \/>\nOculto<br \/>\n12 MB de cach\u00e9 inteligente Intel\u00ae<br \/>\nTotal oculto L2<br \/>\n5 MB<br \/>\nPotencia base del procesador<br \/>\n58 W<br \/>\nPotencia turbo m\u00e1xima<br \/>\n110 vatios<\/p>\n","protected":false},"excerpt":{"rendered":"<p>Especificaciones de la CPU Cantidad de n\u00facleos 4 Cantidad de Performance-cores 4 Cantidad de Efficient-cores 0 Total de subprocesos 8 Frecuencia turbo m\u00e1xima 4,7 GHz Frecuencia turbo m\u00e1xima del Performance-core 4,7 GHz Frecuencia base de Performance-core 3,5 GHz Oculto 12 MB de cach\u00e9 inteligente Intel\u00ae Total oculto L2 5 MB Potencia base del procesador 58 [&hellip;]<\/p>\n","protected":false},"featured_media":60508,"comment_status":"open","ping_status":"closed","template":"","meta":{"_uag_custom_page_level_css":""},"product_brand":[530],"product_cat":[121,15],"product_tag":[],"class_list":{"0":"post-60507","1":"product","2":"type-product","3":"status-publish","4":"has-post-thumbnail","6":"product_brand-intel","7":"product_cat-procesadores-computacion","8":"product_cat-sin-categorizar","10":"first","11":"instock","12":"sale","13":"taxable","14":"shipping-taxable","15":"purchasable","16":"product-type-simple"},"uagb_featured_image_src":{"full":["https:\/\/rms-enlinea.com.ar\/wp-content\/uploads\/2026\/01\/D_974714-MLA100849065857_122025-F.jpg",1102,1177,false],"thumbnail":["https:\/\/rms-enlinea.com.ar\/wp-content\/uploads\/2026\/01\/D_974714-MLA100849065857_122025-F-150x150.jpg",150,150,true],"medium":["https:\/\/rms-enlinea.com.ar\/wp-content\/uploads\/2026\/01\/D_974714-MLA100849065857_122025-F-281x300.jpg",281,300,true],"medium_large":["https:\/\/rms-enlinea.com.ar\/wp-content\/uploads\/2026\/01\/D_974714-MLA100849065857_122025-F-768x820.jpg",768,820,true],"large":["https:\/\/rms-enlinea.com.ar\/wp-content\/uploads\/2026\/01\/D_974714-MLA100849065857_122025-F-959x1024.jpg",959,1024,true],"1536x1536":["https:\/\/rms-enlinea.com.ar\/wp-content\/uploads\/2026\/01\/D_974714-MLA100849065857_122025-F.jpg",1102,1177,false],"2048x2048":["https:\/\/rms-enlinea.com.ar\/wp-content\/uploads\/2026\/01\/D_974714-MLA100849065857_122025-F.jpg",1102,1177,false],"woocommerce_thumbnail":["https:\/\/rms-enlinea.com.ar\/wp-content\/uploads\/2026\/01\/D_974714-MLA100849065857_122025-F-450x450.jpg",450,450,true],"woocommerce_single":["https:\/\/rms-enlinea.com.ar\/wp-content\/uploads\/2026\/01\/D_974714-MLA100849065857_122025-F-600x641.jpg",600,641,true],"woocommerce_gallery_thumbnail":["https:\/\/rms-enlinea.com.ar\/wp-content\/uploads\/2026\/01\/D_974714-MLA100849065857_122025-F-100x100.jpg",100,100,true]},"uagb_author_info":{"display_name":"nelson","author_link":"https:\/\/rms-enlinea.com.ar\/tienda\/author\/"},"uagb_comment_info":0,"uagb_excerpt":"Especificaciones de la CPU Cantidad de n\u00facleos 4 Cantidad de Performance-cores 4 Cantidad de Efficient-cores 0 Total de subprocesos 8 Frecuencia turbo m\u00e1xima 4,7 GHz Frecuencia turbo m\u00e1xima del Performance-core 4,7 GHz Frecuencia base de Performance-core 3,5 GHz Oculto 12 MB de cach\u00e9 inteligente Intel\u00ae Total oculto L2 5 MB Potencia base del procesador 58&hellip;","_links":{"self":[{"href":"https:\/\/rms-enlinea.com.ar\/tienda\/wp-json\/wp\/v2\/product\/60507","targetHints":{"allow":["GET"]}}],"collection":[{"href":"https:\/\/rms-enlinea.com.ar\/tienda\/wp-json\/wp\/v2\/product"}],"about":[{"href":"https:\/\/rms-enlinea.com.ar\/tienda\/wp-json\/wp\/v2\/types\/product"}],"replies":[{"embeddable":true,"href":"https:\/\/rms-enlinea.com.ar\/tienda\/wp-json\/wp\/v2\/comments?post=60507"}],"wp:featuredmedia":[{"embeddable":true,"href":"https:\/\/rms-enlinea.com.ar\/tienda\/wp-json\/wp\/v2\/media\/60508"}],"wp:attachment":[{"href":"https:\/\/rms-enlinea.com.ar\/tienda\/wp-json\/wp\/v2\/media?parent=60507"}],"wp:term":[{"taxonomy":"product_brand","embeddable":true,"href":"https:\/\/rms-enlinea.com.ar\/tienda\/wp-json\/wp\/v2\/product_brand?post=60507"},{"taxonomy":"product_cat","embeddable":true,"href":"https:\/\/rms-enlinea.com.ar\/tienda\/wp-json\/wp\/v2\/product_cat?post=60507"},{"taxonomy":"product_tag","embeddable":true,"href":"https:\/\/rms-enlinea.com.ar\/tienda\/wp-json\/wp\/v2\/product_tag?post=60507"}],"curies":[{"name":"wp","href":"https:\/\/api.w.org\/{rel}","templated":true}]}}