{"id":60597,"date":"2026-01-30T15:30:13","date_gmt":"2026-01-30T18:30:13","guid":{"rendered":"https:\/\/rms-enlinea.com.ar\/tienda\/producto\/cabezal-movil-350w-zoom-electronico-tecshow-halo-740-pix\/"},"modified":"2026-04-14T01:21:36","modified_gmt":"2026-04-14T04:21:36","slug":"cabezal-movil-350w-zoom-electronico-tecshow-halo-740-pix","status":"publish","type":"product","link":"https:\/\/rms-enlinea.com.ar\/tienda\/producto\/cabezal-movil-350w-zoom-electronico-tecshow-halo-740-pix\/","title":{"rendered":"Cabezal M\u00f3vil 350w Zoom Electronico Tecshow Halo 740 Pix"},"content":{"rendered":"<p>Cabezal m\u00f3vil LED de 350W con zoom electr\u00f3nico 3\u00b0\u201360\u00b0, mezcla RGBW y control pixel por pixel. Ideal escenarios.<\/p>\n<p>Halo 740PIX es un potente cabezal m\u00f3vil LED de 350W con zoom electr\u00f3nico de 3\u00b0 a 60\u00b0, ideal tanto para efectos beam intensos como para ba\u00f1ados amplios. Gracias a sus 7 LEDs de 40W 4 en 1 y control por pixel, permite generar desde haces n\u00edtidos y definidos hasta escenas de color uniformes con gran cobertura.<\/p>\n","protected":false},"excerpt":{"rendered":"<p>Cabezal m\u00f3vil LED de 350W con zoom electr\u00f3nico 3\u00b0\u201360\u00b0, mezcla RGBW y control pixel por pixel. Ideal escenarios. Halo 740PIX es un potente cabezal m\u00f3vil LED de 350W con zoom electr\u00f3nico de 3\u00b0 a 60\u00b0, ideal tanto para efectos beam intensos como para ba\u00f1ados amplios. Gracias a sus 7 LEDs de 40W 4 en 1 [&hellip;]<\/p>\n","protected":false},"featured_media":60598,"comment_status":"open","ping_status":"closed","template":"","meta":{"_uag_custom_page_level_css":""},"product_brand":[477],"product_cat":[84,15],"product_tag":[],"class_list":{"0":"post-60597","1":"product","2":"type-product","3":"status-publish","4":"has-post-thumbnail","6":"product_brand-ampro","7":"product_cat-cabezales-moviles","8":"product_cat-sin-categorizar","10":"first","11":"instock","12":"sale","13":"taxable","14":"shipping-taxable","15":"purchasable","16":"product-type-simple"},"uagb_featured_image_src":{"full":["https:\/\/rms-enlinea.com.ar\/wp-content\/uploads\/2026\/01\/D_936181-MLA106268919243_012026-F.jpg",563,814,false],"thumbnail":["https:\/\/rms-enlinea.com.ar\/wp-content\/uploads\/2026\/01\/D_936181-MLA106268919243_012026-F-150x150.jpg",150,150,true],"medium":["https:\/\/rms-enlinea.com.ar\/wp-content\/uploads\/2026\/01\/D_936181-MLA106268919243_012026-F-207x300.jpg",207,300,true],"medium_large":["https:\/\/rms-enlinea.com.ar\/wp-content\/uploads\/2026\/01\/D_936181-MLA106268919243_012026-F.jpg",563,814,false],"large":["https:\/\/rms-enlinea.com.ar\/wp-content\/uploads\/2026\/01\/D_936181-MLA106268919243_012026-F.jpg",563,814,false],"1536x1536":["https:\/\/rms-enlinea.com.ar\/wp-content\/uploads\/2026\/01\/D_936181-MLA106268919243_012026-F.jpg",563,814,false],"2048x2048":["https:\/\/rms-enlinea.com.ar\/wp-content\/uploads\/2026\/01\/D_936181-MLA106268919243_012026-F.jpg",563,814,false],"woocommerce_thumbnail":["https:\/\/rms-enlinea.com.ar\/wp-content\/uploads\/2026\/01\/D_936181-MLA106268919243_012026-F-450x450.jpg",450,450,true],"woocommerce_single":["https:\/\/rms-enlinea.com.ar\/wp-content\/uploads\/2026\/01\/D_936181-MLA106268919243_012026-F.jpg",563,814,false],"woocommerce_gallery_thumbnail":["https:\/\/rms-enlinea.com.ar\/wp-content\/uploads\/2026\/01\/D_936181-MLA106268919243_012026-F-100x100.jpg",100,100,true]},"uagb_author_info":{"display_name":"nelson","author_link":"https:\/\/rms-enlinea.com.ar\/tienda\/author\/"},"uagb_comment_info":0,"uagb_excerpt":"Cabezal m\u00f3vil LED de 350W con zoom electr\u00f3nico 3\u00b0\u201360\u00b0, mezcla RGBW y control pixel por pixel. Ideal escenarios. Halo 740PIX es un potente cabezal m\u00f3vil LED de 350W con zoom electr\u00f3nico de 3\u00b0 a 60\u00b0, ideal tanto para efectos beam intensos como para ba\u00f1ados amplios. Gracias a sus 7 LEDs de 40W 4 en 1&hellip;","_links":{"self":[{"href":"https:\/\/rms-enlinea.com.ar\/tienda\/wp-json\/wp\/v2\/product\/60597","targetHints":{"allow":["GET"]}}],"collection":[{"href":"https:\/\/rms-enlinea.com.ar\/tienda\/wp-json\/wp\/v2\/product"}],"about":[{"href":"https:\/\/rms-enlinea.com.ar\/tienda\/wp-json\/wp\/v2\/types\/product"}],"replies":[{"embeddable":true,"href":"https:\/\/rms-enlinea.com.ar\/tienda\/wp-json\/wp\/v2\/comments?post=60597"}],"wp:featuredmedia":[{"embeddable":true,"href":"https:\/\/rms-enlinea.com.ar\/tienda\/wp-json\/wp\/v2\/media\/60598"}],"wp:attachment":[{"href":"https:\/\/rms-enlinea.com.ar\/tienda\/wp-json\/wp\/v2\/media?parent=60597"}],"wp:term":[{"taxonomy":"product_brand","embeddable":true,"href":"https:\/\/rms-enlinea.com.ar\/tienda\/wp-json\/wp\/v2\/product_brand?post=60597"},{"taxonomy":"product_cat","embeddable":true,"href":"https:\/\/rms-enlinea.com.ar\/tienda\/wp-json\/wp\/v2\/product_cat?post=60597"},{"taxonomy":"product_tag","embeddable":true,"href":"https:\/\/rms-enlinea.com.ar\/tienda\/wp-json\/wp\/v2\/product_tag?post=60597"}],"curies":[{"name":"wp","href":"https:\/\/api.w.org\/{rel}","templated":true}]}}