{"id":60639,"date":"2026-01-31T11:30:38","date_gmt":"2026-01-31T14:30:38","guid":{"rendered":"https:\/\/rms-enlinea.com.ar\/tienda\/producto\/controlador-de-dj-2ch-usb-c-pioneer-ddj-flx4\/"},"modified":"2026-04-21T04:19:21","modified_gmt":"2026-04-21T07:19:21","slug":"controlador-de-dj-2ch-usb-c-pioneer-ddj-flx4","status":"publish","type":"product","link":"https:\/\/rms-enlinea.com.ar\/tienda\/producto\/controlador-de-dj-2ch-usb-c-pioneer-ddj-flx4\/","title":{"rendered":"Controlador De Dj 2ch Usb-c Pioneer Ddj-flx4"},"content":{"rendered":"<p>Especificaciones<br \/>Ancho<br \/>482 mm<br \/>Profundo<br \/>272,8 mm<br \/>Alto<br \/>59,2 mm<br \/>Peso<br \/>2,1 kg<br \/>Tarjeta de sonido<br \/>16bits\/24bits, 44.1 kHz\/48 kHz<br \/>Relaci\u00f3n Se\u00f1al\/Ruido<br \/>103 dB<br \/>Distorsi\u00f3n<br \/>&lt; 0.005 % (USB)<br \/>Power Consumption<br \/>A trav\u00e9s del adaptador USB: CC 9V, 3A<br \/>A trav\u00e9s de alimentaci\u00f3n bus USB: CC 5 V, 500 mA<br \/>Rango de frecuencia<br \/>20 &#8211; 20000 Hz<br \/>Control de rendimiento<br \/>Canales<br \/>2<br \/>Control de plato<br \/>2<br \/>Mando de ajuste<br \/>S\u00ed<br \/>Jog Wheel (Maximum Dimensions)<br \/>111.6mm<br \/>Beat FX<br \/>S\u00ed<br \/>Sound color FX<br \/>S\u00ed<br \/>Sampler<br \/>rekordbox 16 slot \/ Serato DJ Lite 4 slot<br \/>Hot Cues<br \/>rekordbox 8 \/ Serato DJ Lite 4<br \/>Pad Modes rekordbox<br \/>Hot Cue<br \/>Pad FX 1<br \/>Pad FX 2<br \/>Beat Jump<br \/>Sampler<br \/>Keyboard<br \/>Beat Loop<br \/>Key Shift<br \/>Pad Modes Serato<br \/>Hot Cue<br \/>Pad FX<br \/>Beat Jump<br \/>Sampler<br \/>Roll<br \/>Auto Loop<br \/>Loop Manual<br \/>S\u00ed<br \/>Auto Beat Loop<br \/>S\u00ed<br \/>Terminales<br \/>Entradas<br \/>1 MIC (Jack 1\/4 pulgadas)<br \/>Salidas<br \/>1 MASTER (RCA)<br \/>1 PHONES (3.5-mm stereo mini jack)<br \/>USB<br \/>USB Tipo-C x 2 (conexi\u00f3n PC\/Mac y alimentaci\u00f3n \u00d7 1, solo alimentaci\u00f3n \u00d7 1)<\/p>\n","protected":false},"excerpt":{"rendered":"<p>EspecificacionesAncho482 mmProfundo272,8 mmAlto59,2 mmPeso2,1 kgTarjeta de sonido16bits\/24bits, 44.1 kHz\/48 kHzRelaci\u00f3n Se\u00f1al\/Ruido103 dBDistorsi\u00f3n&lt; 0.005 % (USB)Power ConsumptionA trav\u00e9s del adaptador USB: CC 9V, 3AA trav\u00e9s de alimentaci\u00f3n bus USB: CC 5 V, 500 mARango de frecuencia20 &#8211; 20000 HzControl de rendimientoCanales2Control de plato2Mando de ajusteS\u00edJog Wheel (Maximum Dimensions)111.6mmBeat FXS\u00edSound color FXS\u00edSamplerrekordbox 16 slot \/ Serato DJ [&hellip;]<\/p>\n","protected":false},"featured_media":60640,"comment_status":"open","ping_status":"closed","template":"","meta":{"_uag_custom_page_level_css":""},"product_brand":[669],"product_cat":[60,15],"product_tag":[],"class_list":{"0":"post-60639","1":"product","2":"type-product","3":"status-publish","4":"has-post-thumbnail","6":"product_brand-pionner-dj","7":"product_cat-controladores","8":"product_cat-sin-categorizar","10":"first","11":"outofstock","12":"sale","13":"taxable","14":"shipping-taxable","15":"purchasable","16":"product-type-simple"},"uagb_featured_image_src":{"full":["https:\/\/rms-enlinea.com.ar\/wp-content\/uploads\/2026\/01\/D_812240-MLA99936143515_112025-F.jpg",958,542,false],"thumbnail":["https:\/\/rms-enlinea.com.ar\/wp-content\/uploads\/2026\/01\/D_812240-MLA99936143515_112025-F-150x150.jpg",150,150,true],"medium":["https:\/\/rms-enlinea.com.ar\/wp-content\/uploads\/2026\/01\/D_812240-MLA99936143515_112025-F-300x170.jpg",300,170,true],"medium_large":["https:\/\/rms-enlinea.com.ar\/wp-content\/uploads\/2026\/01\/D_812240-MLA99936143515_112025-F-768x435.jpg",768,435,true],"large":["https:\/\/rms-enlinea.com.ar\/wp-content\/uploads\/2026\/01\/D_812240-MLA99936143515_112025-F.jpg",958,542,false],"1536x1536":["https:\/\/rms-enlinea.com.ar\/wp-content\/uploads\/2026\/01\/D_812240-MLA99936143515_112025-F.jpg",958,542,false],"2048x2048":["https:\/\/rms-enlinea.com.ar\/wp-content\/uploads\/2026\/01\/D_812240-MLA99936143515_112025-F.jpg",958,542,false],"woocommerce_thumbnail":["https:\/\/rms-enlinea.com.ar\/wp-content\/uploads\/2026\/01\/D_812240-MLA99936143515_112025-F-450x450.jpg",450,450,true],"woocommerce_single":["https:\/\/rms-enlinea.com.ar\/wp-content\/uploads\/2026\/01\/D_812240-MLA99936143515_112025-F-600x339.jpg",600,339,true],"woocommerce_gallery_thumbnail":["https:\/\/rms-enlinea.com.ar\/wp-content\/uploads\/2026\/01\/D_812240-MLA99936143515_112025-F-100x100.jpg",100,100,true]},"uagb_author_info":{"display_name":"nelson","author_link":"https:\/\/rms-enlinea.com.ar\/tienda\/author\/"},"uagb_comment_info":0,"uagb_excerpt":"EspecificacionesAncho482 mmProfundo272,8 mmAlto59,2 mmPeso2,1 kgTarjeta de sonido16bits\/24bits, 44.1 kHz\/48 kHzRelaci\u00f3n Se\u00f1al\/Ruido103 dBDistorsi\u00f3n&lt; 0.005 % (USB)Power ConsumptionA trav\u00e9s del adaptador USB: CC 9V, 3AA trav\u00e9s de alimentaci\u00f3n bus USB: CC 5 V, 500 mARango de frecuencia20 &#8211; 20000 HzControl de rendimientoCanales2Control de plato2Mando de ajusteS\u00edJog Wheel (Maximum Dimensions)111.6mmBeat FXS\u00edSound color FXS\u00edSamplerrekordbox 16 slot \/ Serato DJ&hellip;","_links":{"self":[{"href":"https:\/\/rms-enlinea.com.ar\/tienda\/wp-json\/wp\/v2\/product\/60639","targetHints":{"allow":["GET"]}}],"collection":[{"href":"https:\/\/rms-enlinea.com.ar\/tienda\/wp-json\/wp\/v2\/product"}],"about":[{"href":"https:\/\/rms-enlinea.com.ar\/tienda\/wp-json\/wp\/v2\/types\/product"}],"replies":[{"embeddable":true,"href":"https:\/\/rms-enlinea.com.ar\/tienda\/wp-json\/wp\/v2\/comments?post=60639"}],"wp:featuredmedia":[{"embeddable":true,"href":"https:\/\/rms-enlinea.com.ar\/tienda\/wp-json\/wp\/v2\/media\/60640"}],"wp:attachment":[{"href":"https:\/\/rms-enlinea.com.ar\/tienda\/wp-json\/wp\/v2\/media?parent=60639"}],"wp:term":[{"taxonomy":"product_brand","embeddable":true,"href":"https:\/\/rms-enlinea.com.ar\/tienda\/wp-json\/wp\/v2\/product_brand?post=60639"},{"taxonomy":"product_cat","embeddable":true,"href":"https:\/\/rms-enlinea.com.ar\/tienda\/wp-json\/wp\/v2\/product_cat?post=60639"},{"taxonomy":"product_tag","embeddable":true,"href":"https:\/\/rms-enlinea.com.ar\/tienda\/wp-json\/wp\/v2\/product_tag?post=60639"}],"curies":[{"name":"wp","href":"https:\/\/api.w.org\/{rel}","templated":true}]}}