{"id":60918,"date":"2026-02-02T14:01:48","date_gmt":"2026-02-02T17:01:48","guid":{"rendered":"https:\/\/rms-enlinea.com.ar\/tienda\/producto\/joystick-razer-wolverine-v3-tournament-8k-pc-rz06-05550100\/"},"modified":"2026-02-18T01:13:32","modified_gmt":"2026-02-18T04:13:32","slug":"joystick-razer-wolverine-v3-tournament-8k-pc-rz06-05550100","status":"publish","type":"product","link":"https:\/\/rms-enlinea.com.ar\/tienda\/producto\/joystick-razer-wolverine-v3-tournament-8k-pc-rz06-05550100\/","title":{"rendered":"Joystick Razer Wolverine V3 Tournament 8k Pc Rz06-05550100"},"content":{"rendered":"<p>TECNOLOG\u00cdA DE HYPERPOLLING DE 8K HZ \u2014 Experimenta un rendimiento ultrarr\u00e1pido con una verdadera tasa de polling de 8000 Hz; aprovecha su velocidad vertiginosa y haz que cada milisegundo cuente cuando se trata de jugadas cruciales<br \/>\nPALANCAS TMR CON TAPAS INTERCAMBIABLES \u2014 Ajustadas finamente para el control m\u00e1s preciso en el juego, domina con punter\u00eda l\u00e1ser utilizando palancas TMR magn\u00e9ticas anti-deriva que han evolucionado m\u00e1s all\u00e1 de los dise\u00f1os t\u00edpicos de Efecto Hall<br \/>\nEL CONTROLADOR INAL\u00c1MBRICO M\u00c1S LIGERO DE RAZER PARA ESPORTS \u2014 Experimenta cero fatiga en la mano con un factor de forma dise\u00f1ado y refinado con los mejores jugadores de esports<br \/>\n4 BOTONES DE CLIC TRASEROS DEL MOUSE Y 2 PARACHOQUES DE AGARRE DE GARRA \u2014 Disfruta de la misma activaci\u00f3n ultra-responsiva que se encuentra en los mejores ratones gaming de Razer con 4 botones integrados en las empu\u00f1aduras ergon\u00f3micas de goma del controlador, complementados con 2 parachoques de agarre de garra para a\u00fan m\u00e1s control<br \/>\nPRO HYPERTRIGGERS \u2014 Siempre s\u00e9 el primero en disparar con clics de rat\u00f3n ultrarr\u00e1pidos que se encuentran en nuestros mejores ratones para juegos, o habilita el control anal\u00f3gico completo para una precisi\u00f3n mejorada, todo con un movimiento de interruptor<br \/>\nBOTONES DE ACCI\u00d3N MECA-T\u00c1CTILES Y PANEL DIGITAL DE 8 DIRECIONES FLOTANTE \u2014 Al combinar la velocidad de los microinterruptores con la comodidad acolchada de una membrana de goma, compite con entradas m\u00e1s r\u00e1pidas que se sienten igual de c\u00f3modas de presionar<br \/>\nPERSONALIZACI\u00d3N A NIVEL PRO \u2014 Ajusta la sensibilidad del joystick, personaliza y guarda hasta 4 perfiles en la memoria integrada, y asigna cualquier tecla del teclado a los 6 botones programables del controlador<br \/>\nCABLE TRENZADO DESMONTABLE DE 2 M \u2014 Prep\u00e1rate para competir en cualquier PC con un dise\u00f1o port\u00e1til plug-and-play; con\u00e9ctalo y disfruta de una conexi\u00f3n por cable con latencia cero, crucial para el juego competitivo<\/p>\n","protected":false},"excerpt":{"rendered":"<p>TECNOLOG\u00cdA DE HYPERPOLLING DE 8K HZ \u2014 Experimenta un rendimiento ultrarr\u00e1pido con una verdadera tasa de polling de 8000 Hz; aprovecha su velocidad vertiginosa y haz que cada milisegundo cuente cuando se trata de jugadas cruciales PALANCAS TMR CON TAPAS INTERCAMBIABLES \u2014 Ajustadas finamente para el control m\u00e1s preciso en el juego, domina con punter\u00eda [&hellip;]<\/p>\n","protected":false},"featured_media":60919,"comment_status":"open","ping_status":"closed","template":"","meta":{"_uag_custom_page_level_css":""},"product_brand":[559],"product_cat":[111,15],"product_tag":[],"class_list":{"0":"post-60918","1":"product","2":"type-product","3":"status-publish","4":"has-post-thumbnail","6":"product_brand-razer","7":"product_cat-joystick","8":"product_cat-sin-categorizar","10":"first","11":"instock","12":"sale","13":"taxable","14":"shipping-taxable","15":"purchasable","16":"product-type-simple"},"uagb_featured_image_src":{"full":["https:\/\/rms-enlinea.com.ar\/wp-content\/uploads\/2026\/02\/D_836040-MLA99461758596_112025-F.jpg",977,1200,false],"thumbnail":["https:\/\/rms-enlinea.com.ar\/wp-content\/uploads\/2026\/02\/D_836040-MLA99461758596_112025-F-150x150.jpg",150,150,true],"medium":["https:\/\/rms-enlinea.com.ar\/wp-content\/uploads\/2026\/02\/D_836040-MLA99461758596_112025-F-244x300.jpg",244,300,true],"medium_large":["https:\/\/rms-enlinea.com.ar\/wp-content\/uploads\/2026\/02\/D_836040-MLA99461758596_112025-F-768x943.jpg",768,943,true],"large":["https:\/\/rms-enlinea.com.ar\/wp-content\/uploads\/2026\/02\/D_836040-MLA99461758596_112025-F-834x1024.jpg",834,1024,true],"1536x1536":["https:\/\/rms-enlinea.com.ar\/wp-content\/uploads\/2026\/02\/D_836040-MLA99461758596_112025-F.jpg",977,1200,false],"2048x2048":["https:\/\/rms-enlinea.com.ar\/wp-content\/uploads\/2026\/02\/D_836040-MLA99461758596_112025-F.jpg",977,1200,false],"woocommerce_thumbnail":["https:\/\/rms-enlinea.com.ar\/wp-content\/uploads\/2026\/02\/D_836040-MLA99461758596_112025-F-450x450.jpg",450,450,true],"woocommerce_single":["https:\/\/rms-enlinea.com.ar\/wp-content\/uploads\/2026\/02\/D_836040-MLA99461758596_112025-F-600x737.jpg",600,737,true],"woocommerce_gallery_thumbnail":["https:\/\/rms-enlinea.com.ar\/wp-content\/uploads\/2026\/02\/D_836040-MLA99461758596_112025-F-100x100.jpg",100,100,true]},"uagb_author_info":{"display_name":"nelson","author_link":"https:\/\/rms-enlinea.com.ar\/tienda\/author\/"},"uagb_comment_info":0,"uagb_excerpt":"TECNOLOG\u00cdA DE HYPERPOLLING DE 8K HZ \u2014 Experimenta un rendimiento ultrarr\u00e1pido con una verdadera tasa de polling de 8000 Hz; aprovecha su velocidad vertiginosa y haz que cada milisegundo cuente cuando se trata de jugadas cruciales PALANCAS TMR CON TAPAS INTERCAMBIABLES \u2014 Ajustadas finamente para el control m\u00e1s preciso en el juego, domina con punter\u00eda&hellip;","_links":{"self":[{"href":"https:\/\/rms-enlinea.com.ar\/tienda\/wp-json\/wp\/v2\/product\/60918","targetHints":{"allow":["GET"]}}],"collection":[{"href":"https:\/\/rms-enlinea.com.ar\/tienda\/wp-json\/wp\/v2\/product"}],"about":[{"href":"https:\/\/rms-enlinea.com.ar\/tienda\/wp-json\/wp\/v2\/types\/product"}],"replies":[{"embeddable":true,"href":"https:\/\/rms-enlinea.com.ar\/tienda\/wp-json\/wp\/v2\/comments?post=60918"}],"wp:featuredmedia":[{"embeddable":true,"href":"https:\/\/rms-enlinea.com.ar\/tienda\/wp-json\/wp\/v2\/media\/60919"}],"wp:attachment":[{"href":"https:\/\/rms-enlinea.com.ar\/tienda\/wp-json\/wp\/v2\/media?parent=60918"}],"wp:term":[{"taxonomy":"product_brand","embeddable":true,"href":"https:\/\/rms-enlinea.com.ar\/tienda\/wp-json\/wp\/v2\/product_brand?post=60918"},{"taxonomy":"product_cat","embeddable":true,"href":"https:\/\/rms-enlinea.com.ar\/tienda\/wp-json\/wp\/v2\/product_cat?post=60918"},{"taxonomy":"product_tag","embeddable":true,"href":"https:\/\/rms-enlinea.com.ar\/tienda\/wp-json\/wp\/v2\/product_tag?post=60918"}],"curies":[{"name":"wp","href":"https:\/\/api.w.org\/{rel}","templated":true}]}}