{"id":61059,"date":"2026-02-06T23:42:54","date_gmt":"2026-02-07T02:42:54","guid":{"rendered":"https:\/\/rms-enlinea.com.ar\/tienda\/producto\/teclado-inalambrico-bluetooth-logitech-k250-rosado\/"},"modified":"2026-04-11T10:40:23","modified_gmt":"2026-04-11T13:40:23","slug":"teclado-inalambrico-bluetooth-logitech-k250-rosado","status":"publish","type":"product","link":"https:\/\/rms-enlinea.com.ar\/tienda\/producto\/teclado-inalambrico-bluetooth-logitech-k250-rosado\/","title":{"rendered":"Teclado Inal\u00e1mbrico Bluetooth Logitech K250 Rosado Rosa Espa\u00f1ol Espa\u00f1a"},"content":{"rendered":"<p>Escribe con facilidad durante tus tareas diarias con el teclado inal\u00e1mbrico Bluetooth Logitech K250. Con\u00e9ctate en segundos sin necesidad de un dongle, lo que garantiza una configuraci\u00f3n perfecta y sin complicaciones. El dise\u00f1o permite ahorrar espacio e incluye una secci\u00f3n num\u00e9rica y todas las funciones en un formato compacto. Disfruta de teclas c\u00f3modas y sensibles en un dise\u00f1o resistente a salpicaduras, que garantiza una experiencia de escritura confiable y consistente. Logitech, una marca conocida por su calidad inigualable desde 1981, fabric\u00f3 el K250 con pl\u00e1stico reciclado para sea duradero.<\/p>\n<p>*El K250 combina practicidad y durabilidad en un teclado compacto con todas las funciones.<\/p>\n<p>*Las piezas de pl\u00e1stico tienen un m\u00ednimo del 64 % de materiales reciclados. No incluye el conjunto de cableado impreso (PWA) ni el embalaje.<\/p>\n<p>\u2022 Conexi\u00f3n en segundos: La tecnolog\u00eda inal\u00e1mbrica Bluetooth simple y r\u00e1pida se conecta f\u00e1cilmente sin necesidad de un dongle o un puerto USB.<\/p>\n<p>\u2022 Duraci\u00f3n y confiabilidad: Dise\u00f1ado para ofrecer calidad, el K250 tiene teclas duraderas y un dise\u00f1o resistente a salpicaduras.<\/p>\n<p>\u2022 La comodidad es clave: El dise\u00f1o de teclas sensibles y patas con inclinaci\u00f3n ajustables hacen que la escritura sea agradable.<\/p>\n<p>\u2022 Ahorro de espacio: Tiene un dise\u00f1o compacto que incluye la secci\u00f3n num\u00e9rica, las teclas de direcci\u00f3n y los pr\u00e1cticos accesos directos de las teclas F.<\/p>\n<p>\u2022 Hecho de manera responsable: Dise\u00f1ado para la durabilidad, las piezas de pl\u00e1stico del K250 incluyen un m\u00ednimo del 64 % de pl\u00e1stico reciclado para soportar el uso diario.<\/p>\n<p>\u2022 Duraci\u00f3n de las bater\u00edas (sin preocupaciones): Disfruta de 12 meses de uso diario antes de cambiar las bater\u00edas.<\/p>\n<p>\u2022 Hecho para todos por Logitech, una marca conocida por su calidad inigualable desde 1981.<\/p>\n<p>DIMENSIONES<\/p>\n<p>TECLADO<br \/>\n\u2022 Altura: 136.9 mm<br \/>\n\u2022 Anchura: 369.9 mm<br \/>\n\u2022 Profundidad: 22.8 mm<br \/>\n\u2022 Peso: 380 g<\/p>\n<p>ESPECIFICACIONES T\u00c9CNICAS<\/p>\n<p>ESPECIFICAIONES GENERALES<br \/>\n\u2022 Indicador luminoso: Conectividad LED<br \/>\n\u2022 Botones\/Teclas especiales: Bot\u00f3n de encendido\/apagado<br \/>\n\u2022 Caracter\u00edsticas adicionales: Patas inclinables (para un \u00e1ngulo de escritura de 7 grados)<br \/>\n\u2022 Distribuci\u00f3n: Dise\u00f1o compacto con secci\u00f3n num\u00e9rica<br \/>\n\u2022 Dise\u00f1o impreso multisistema operativo: S\u00ed<\/p>\n<p>BATER\u00cdA Y CARGA<br \/>\n\u2022 Tipo de pilas\/bater\u00eda: Bater\u00eda alcalina<br \/>\n\u2022 Duraci\u00f3n de bater\u00edas: 12 meses<br \/>\n\u2022 N\u00famero de bater\u00edas: 2 AAA (incluidas)<\/p>\n<p>CONECTIVIDAD<br \/>\n\u2022 Tipo de conexi\u00f3n: Pulsaci\u00f3n prolongada de los botones de encendido\/apagado para el emparejamiento<br \/>\n\u2022 Tecnolog\u00eda inal\u00e1mbrica: Tecnolog\u00eda Bluetooth Low Energy<br \/>\n\u2022 Alcance inal\u00e1mbrico: 10 m<\/p>\n<p>REQUISITOS DEL SISTEMA<br \/>\n\u2022 Requisitos: Tecnolog\u00eda inal\u00e1mbrica Bluetooth Low Energy<br \/>\n\u2022 Compatibilidad: Windows 10, 11 o versiones posteriores; macOS 12 o versiones posteriores; ChromeOS; Linux; iPadOS 15 o versiones posteriores; iOS 15 o versiones posteriores; Android 12 o versiones posteriores<br \/>\n\u2022 Certified for: Este producto ha obtenido la certificaci\u00f3n de cumplimiento de los est\u00e1ndares de compatibilidad de Google. Chromebook y la insignia Works With Chromebook son marcas de Google LLC.<\/p>\n<p>SOSTENIBILIDAD<\/p>\n<p>\u2022 Pl\u00e1stico reciclado<br \/>\nLas piezas de pl\u00e1stico de K250 Compact Bluetooth Wireless Keyboard incluyen pl\u00e1stico reciclado posconsumo certificado para darle una nueva vida al pl\u00e1stico de los productos electr\u00f3nicos de consumo viejos y ayudar a reducir nuestra huella de carbono.<\/p>\n<p>\u2022 Grafito pl\u00e1sticos: 74% de material reciclado<br \/>\n\u2022 Blanco crudo pl\u00e1sticos: 69% de material reciclado<br \/>\n\u2022 Rosa pl\u00e1sticos: 69% de material reciclado<\/p>\n<p>*Excluye empaque, conjunto de cableado impreso<\/p>\n","protected":false},"excerpt":{"rendered":"<p>Escribe con facilidad durante tus tareas diarias con el teclado inal\u00e1mbrico Bluetooth Logitech K250. Con\u00e9ctate en segundos sin necesidad de un dongle, lo que garantiza una configuraci\u00f3n perfecta y sin complicaciones. El dise\u00f1o permite ahorrar espacio e incluye una secci\u00f3n num\u00e9rica y todas las funciones en un formato compacto. Disfruta de teclas c\u00f3modas y sensibles [&hellip;]<\/p>\n","protected":false},"featured_media":61060,"comment_status":"open","ping_status":"closed","template":"","meta":{"_uag_custom_page_level_css":""},"product_brand":[549],"product_cat":[15,125],"product_tag":[],"class_list":{"0":"post-61059","1":"product","2":"type-product","3":"status-publish","4":"has-post-thumbnail","6":"product_brand-logitech","7":"product_cat-sin-categorizar","8":"product_cat-teclados-y-mouses","10":"first","11":"instock","12":"sale","13":"taxable","14":"shipping-taxable","15":"purchasable","16":"product-type-simple"},"uagb_featured_image_src":{"full":["https:\/\/rms-enlinea.com.ar\/wp-content\/uploads\/2026\/02\/D_725264-MLA99988984123_112025-F.jpg",1200,584,false],"thumbnail":["https:\/\/rms-enlinea.com.ar\/wp-content\/uploads\/2026\/02\/D_725264-MLA99988984123_112025-F-150x150.jpg",150,150,true],"medium":["https:\/\/rms-enlinea.com.ar\/wp-content\/uploads\/2026\/02\/D_725264-MLA99988984123_112025-F-300x146.jpg",300,146,true],"medium_large":["https:\/\/rms-enlinea.com.ar\/wp-content\/uploads\/2026\/02\/D_725264-MLA99988984123_112025-F-768x374.jpg",768,374,true],"large":["https:\/\/rms-enlinea.com.ar\/wp-content\/uploads\/2026\/02\/D_725264-MLA99988984123_112025-F-1024x498.jpg",1024,498,true],"1536x1536":["https:\/\/rms-enlinea.com.ar\/wp-content\/uploads\/2026\/02\/D_725264-MLA99988984123_112025-F.jpg",1200,584,false],"2048x2048":["https:\/\/rms-enlinea.com.ar\/wp-content\/uploads\/2026\/02\/D_725264-MLA99988984123_112025-F.jpg",1200,584,false],"woocommerce_thumbnail":["https:\/\/rms-enlinea.com.ar\/wp-content\/uploads\/2026\/02\/D_725264-MLA99988984123_112025-F-450x450.jpg",450,450,true],"woocommerce_single":["https:\/\/rms-enlinea.com.ar\/wp-content\/uploads\/2026\/02\/D_725264-MLA99988984123_112025-F-600x292.jpg",600,292,true],"woocommerce_gallery_thumbnail":["https:\/\/rms-enlinea.com.ar\/wp-content\/uploads\/2026\/02\/D_725264-MLA99988984123_112025-F-100x100.jpg",100,100,true]},"uagb_author_info":{"display_name":"nelson","author_link":"https:\/\/rms-enlinea.com.ar\/tienda\/author\/"},"uagb_comment_info":0,"uagb_excerpt":"Escribe con facilidad durante tus tareas diarias con el teclado inal\u00e1mbrico Bluetooth Logitech K250. Con\u00e9ctate en segundos sin necesidad de un dongle, lo que garantiza una configuraci\u00f3n perfecta y sin complicaciones. El dise\u00f1o permite ahorrar espacio e incluye una secci\u00f3n num\u00e9rica y todas las funciones en un formato compacto. Disfruta de teclas c\u00f3modas y sensibles&hellip;","_links":{"self":[{"href":"https:\/\/rms-enlinea.com.ar\/tienda\/wp-json\/wp\/v2\/product\/61059","targetHints":{"allow":["GET"]}}],"collection":[{"href":"https:\/\/rms-enlinea.com.ar\/tienda\/wp-json\/wp\/v2\/product"}],"about":[{"href":"https:\/\/rms-enlinea.com.ar\/tienda\/wp-json\/wp\/v2\/types\/product"}],"replies":[{"embeddable":true,"href":"https:\/\/rms-enlinea.com.ar\/tienda\/wp-json\/wp\/v2\/comments?post=61059"}],"wp:featuredmedia":[{"embeddable":true,"href":"https:\/\/rms-enlinea.com.ar\/tienda\/wp-json\/wp\/v2\/media\/61060"}],"wp:attachment":[{"href":"https:\/\/rms-enlinea.com.ar\/tienda\/wp-json\/wp\/v2\/media?parent=61059"}],"wp:term":[{"taxonomy":"product_brand","embeddable":true,"href":"https:\/\/rms-enlinea.com.ar\/tienda\/wp-json\/wp\/v2\/product_brand?post=61059"},{"taxonomy":"product_cat","embeddable":true,"href":"https:\/\/rms-enlinea.com.ar\/tienda\/wp-json\/wp\/v2\/product_cat?post=61059"},{"taxonomy":"product_tag","embeddable":true,"href":"https:\/\/rms-enlinea.com.ar\/tienda\/wp-json\/wp\/v2\/product_tag?post=61059"}],"curies":[{"name":"wp","href":"https:\/\/api.w.org\/{rel}","templated":true}]}}