{"id":61347,"date":"2026-02-18T01:43:53","date_gmt":"2026-02-18T04:43:53","guid":{"rendered":"https:\/\/rms-enlinea.com.ar\/tienda\/producto\/auricular-gamer-multiplataforma-trust-carus-gxt-492-pc-ps5-negro\/"},"modified":"2026-04-21T07:02:00","modified_gmt":"2026-04-21T10:02:00","slug":"auricular-gamer-multiplataforma-trust-carus-gxt-492-pc-ps5-negro","status":"publish","type":"product","link":"https:\/\/rms-enlinea.com.ar\/tienda\/producto\/auricular-gamer-multiplataforma-trust-carus-gxt-492-pc-ps5-negro\/","title":{"rendered":"Auricular Gamer Multiplataforma Trust Carus Gxt 492 Pc Ps5 Negro"},"content":{"rendered":"<p>**COD. 23582 BLACK**<\/p>\n<p>XXXXXXXXXXXXXXXXXXXXXXXXXXXXXXXX<br \/>\nGXT492 Carus Auriculares multiplataforma<br \/>\nXXXXXXXXXXXXXXXXXXXXXXXXXXXXXXXX<\/p>\n<p>Potentes y c\u00f3modos auriculares gaming circumaurales aptos para PC, ordenadores port\u00e1tiles y consolas.<\/p>\n<p>**Supersonido**<br \/>\nCon estos auriculares, no hay sonido que se escape. Sus controladores de 50 mm facilitan una experiencia ac\u00fastica asombrosa por la que escuchar\u00e1s los pasos que se acercan, las explosiones y mucho m\u00e1s con una claridad excepcional.<\/p>\n<p>**La comodidad, a otro nivel**<br \/>\nLos buenos auriculares crean buenos gamers. Por ello, los Carus se han dise\u00f1ado para ofrecer el m\u00e1ximo confort, independientemente de lo que dure la sesi\u00f3n de gaming. Con un dise\u00f1o textil circumaural y copas de auriculares de polipiel, su comodidad es tal que igual prefieres no quit\u00e1rtelos.<\/p>\n<p>**Micr\u00f3fono m\u00e1gico**<br \/>\nCon una flexibilidad \u00fanica, el micr\u00f3fono extra\u00edble de los auriculares Carus te permite comunicarte claramente durante la intensidad del gameplay y retirarlo cuando no lo necesites.<\/p>\n<p>**Lo tienen todo**<br \/>\nComodidad, control y ajuste: con estos auriculares no renuncias a nada. Las copas de los auriculares giran horizontalmente y la diadema se puede ajustar para encontrar la posici\u00f3n perfecta, mientras que el control de volumen supraaural y el silenciador del micr\u00f3fono facilitan el uso que m\u00e1s te guste.<\/p>\n<p>**A gusto en todas partes**<br \/>\nUn sonido excelente, en todas las plataformas. Independientemente de si prefieres usar tu PC, PlayStation, Xbox, Switch 2 o cualquier otra cosa, los auriculares gaming multiplataforma Carus se conectan f\u00e1cilmente a cualquier dispositivo de 3,5 mm a trav\u00e9s del cable extra\u00edble de 1,2 m o del cable de extensi\u00f3n de 1 m.<\/p>\n<p>**E S P E C I F I C A C I O N E S**<\/p>\n<p>Conectividad<br \/>\nTipo de cable: redondo<\/p>\n<p>Audio<br \/>\nTama\u00f1o del driver: 50 mm<br \/>\nRespuesta de frecuencia: 20 Hz \u2013 20000 Hz<br \/>\nNivel m\u00e1ximo de presi\u00f3n sonora: 100 dB<br \/>\nMicr\u00f3fono: S\u00ed<\/p>\n<p>Funciones<br \/>\nSoftware: No<br \/>\nPlegables: No<\/p>\n<p>Auriculares<br \/>\nCanales de salida: 2<br \/>\nCascos giratorios: S\u00ed<br \/>\nDiadema ajustable: S\u00ed<br \/>\nCascos rotatorios: No<\/p>\n<p>Dimensiones y Peso<br \/>\nPeso del auricular principal: 284 g<br \/>\nPeso total: 284 g<br \/>\nAltura: 195 mm<br \/>\nProfundidad: 94 mm<br \/>\nAncho: 174 mm<\/p>\n<p>Gaming<br \/>\nDise\u00f1ados para videojuegos: S\u00ed<\/p>\n<p>Iluminaci\u00f3n<br \/>\nIluminados: No<\/p>\n<p>Protecci\u00f3n<br \/>\nNivel de resistencia al agua: No<\/p>\n<p>Compatibilidad<br \/>\nPlataformas compatibles: Windows, Android, Chrome OS, Linux, MacOS, iOS<br \/>\nTipos de dispositivos compatibles: consola, PC, notebook, tablet<br \/>\nConsolas compatibles: PS4, PS5, Xbox Series S, Xbox Series X, Nintendo Switch, Nintendo Switch 2<br \/>\nUsos recomendados: gaming, escuchar m\u00fasica<br \/>\nCompatibilidad con PC de escritorio y notebook: S\u00ed<br \/>\nCompatibilidad con PlayStation: S\u00ed<br \/>\nCompatibilidad con Xbox: S\u00ed<br \/>\nCompatibilidad con Nintendo Switch: S\u00ed<br \/>\nCompatibilidad con dispositivos m\u00f3viles y tablets: S\u00ed, solo mediante conector 3,5 mm<\/p>\n<p>Controles<br \/>\nControles en la copa del auricular: S\u00ed<br \/>\nIndicadores LED: No<\/p>\n<p>Contenido del paquete:<br \/>\n* Auriculares gaming<br \/>\n* Micr\u00f3fono<br \/>\n* Filtro de rejilla<br \/>\n* Cable de audio de 1,2 m<br \/>\n* Alargadera de 1 m<br \/>\n* Manual del usuario<\/p>\n<p>Requisitos del sistema:<br \/>\nConexi\u00f3n de audio o micr\u00f3fono de 3,5 mm<\/p>\n<p>XXXXXXXXXXXXXXXXXXXXXXXXXXXXXXXX<\/p>\n","protected":false},"excerpt":{"rendered":"<p>**COD. 23582 BLACK** XXXXXXXXXXXXXXXXXXXXXXXXXXXXXXXX GXT492 Carus Auriculares multiplataforma XXXXXXXXXXXXXXXXXXXXXXXXXXXXXXXX Potentes y c\u00f3modos auriculares gaming circumaurales aptos para PC, ordenadores port\u00e1tiles y consolas. **Supersonido** Con estos auriculares, no hay sonido que se escape. Sus controladores de 50 mm facilitan una experiencia ac\u00fastica asombrosa por la que escuchar\u00e1s los pasos que se acercan, las explosiones y mucho [&hellip;]<\/p>\n","protected":false},"featured_media":61348,"comment_status":"open","ping_status":"closed","template":"","meta":{"_uag_custom_page_level_css":""},"product_brand":[542],"product_cat":[99,15],"product_tag":[],"class_list":{"0":"post-61347","1":"product","2":"type-product","3":"status-publish","4":"has-post-thumbnail","6":"product_brand-trustgaming","7":"product_cat-auriculares-computacion","8":"product_cat-sin-categorizar","10":"first","11":"outofstock","12":"sale","13":"taxable","14":"shipping-taxable","15":"purchasable","16":"product-type-simple"},"uagb_featured_image_src":{"full":["https:\/\/rms-enlinea.com.ar\/wp-content\/uploads\/2026\/02\/D_660939-MLA102066784080_122025-F.jpg",825,897,false],"thumbnail":["https:\/\/rms-enlinea.com.ar\/wp-content\/uploads\/2026\/02\/D_660939-MLA102066784080_122025-F-150x150.jpg",150,150,true],"medium":["https:\/\/rms-enlinea.com.ar\/wp-content\/uploads\/2026\/02\/D_660939-MLA102066784080_122025-F-276x300.jpg",276,300,true],"medium_large":["https:\/\/rms-enlinea.com.ar\/wp-content\/uploads\/2026\/02\/D_660939-MLA102066784080_122025-F-768x835.jpg",768,835,true],"large":["https:\/\/rms-enlinea.com.ar\/wp-content\/uploads\/2026\/02\/D_660939-MLA102066784080_122025-F.jpg",825,897,false],"1536x1536":["https:\/\/rms-enlinea.com.ar\/wp-content\/uploads\/2026\/02\/D_660939-MLA102066784080_122025-F.jpg",825,897,false],"2048x2048":["https:\/\/rms-enlinea.com.ar\/wp-content\/uploads\/2026\/02\/D_660939-MLA102066784080_122025-F.jpg",825,897,false],"woocommerce_thumbnail":["https:\/\/rms-enlinea.com.ar\/wp-content\/uploads\/2026\/02\/D_660939-MLA102066784080_122025-F-450x450.jpg",450,450,true],"woocommerce_single":["https:\/\/rms-enlinea.com.ar\/wp-content\/uploads\/2026\/02\/D_660939-MLA102066784080_122025-F-600x652.jpg",600,652,true],"woocommerce_gallery_thumbnail":["https:\/\/rms-enlinea.com.ar\/wp-content\/uploads\/2026\/02\/D_660939-MLA102066784080_122025-F-100x100.jpg",100,100,true]},"uagb_author_info":{"display_name":"mario","author_link":"https:\/\/rms-enlinea.com.ar\/tienda\/author\/"},"uagb_comment_info":0,"uagb_excerpt":"**COD. 23582 BLACK** XXXXXXXXXXXXXXXXXXXXXXXXXXXXXXXX GXT492 Carus Auriculares multiplataforma XXXXXXXXXXXXXXXXXXXXXXXXXXXXXXXX Potentes y c\u00f3modos auriculares gaming circumaurales aptos para PC, ordenadores port\u00e1tiles y consolas. **Supersonido** Con estos auriculares, no hay sonido que se escape. Sus controladores de 50 mm facilitan una experiencia ac\u00fastica asombrosa por la que escuchar\u00e1s los pasos que se acercan, las explosiones y mucho&hellip;","_links":{"self":[{"href":"https:\/\/rms-enlinea.com.ar\/tienda\/wp-json\/wp\/v2\/product\/61347","targetHints":{"allow":["GET"]}}],"collection":[{"href":"https:\/\/rms-enlinea.com.ar\/tienda\/wp-json\/wp\/v2\/product"}],"about":[{"href":"https:\/\/rms-enlinea.com.ar\/tienda\/wp-json\/wp\/v2\/types\/product"}],"replies":[{"embeddable":true,"href":"https:\/\/rms-enlinea.com.ar\/tienda\/wp-json\/wp\/v2\/comments?post=61347"}],"wp:featuredmedia":[{"embeddable":true,"href":"https:\/\/rms-enlinea.com.ar\/tienda\/wp-json\/wp\/v2\/media\/61348"}],"wp:attachment":[{"href":"https:\/\/rms-enlinea.com.ar\/tienda\/wp-json\/wp\/v2\/media?parent=61347"}],"wp:term":[{"taxonomy":"product_brand","embeddable":true,"href":"https:\/\/rms-enlinea.com.ar\/tienda\/wp-json\/wp\/v2\/product_brand?post=61347"},{"taxonomy":"product_cat","embeddable":true,"href":"https:\/\/rms-enlinea.com.ar\/tienda\/wp-json\/wp\/v2\/product_cat?post=61347"},{"taxonomy":"product_tag","embeddable":true,"href":"https:\/\/rms-enlinea.com.ar\/tienda\/wp-json\/wp\/v2\/product_tag?post=61347"}],"curies":[{"name":"wp","href":"https:\/\/api.w.org\/{rel}","templated":true}]}}