{"id":61490,"date":"2026-02-21T18:40:17","date_gmt":"2026-02-21T21:40:17","guid":{"rendered":"https:\/\/rms-enlinea.com.ar\/tienda\/producto\/monitor-gamer-gigabyte-24-5-ips-fhd-200hz-gs25f2\/"},"modified":"2026-04-21T05:58:42","modified_gmt":"2026-04-21T08:58:42","slug":"monitor-gamer-gigabyte-24-5-ips-fhd-200hz-gs25f2","status":"publish","type":"product","link":"https:\/\/rms-enlinea.com.ar\/tienda\/producto\/monitor-gamer-gigabyte-24-5-ips-fhd-200hz-gs25f2\/","title":{"rendered":"Monitor Gigabyte Gs Gs25f2 24.5 Fhd Gamer Negro Negro"},"content":{"rendered":"<p>Descubre el monitor gamer Gigabyte GS25F2, dise\u00f1ado para ofrecer una experiencia de juego inigualable. Con una pantalla de 24.5 pulgadas y resoluci\u00f3n Full HD de 1920 x 1080 p\u00edxeles, disfrutar\u00e1s de im\u00e1genes n\u00edtidas y vibrantes que te sumergir\u00e1n en cada partida. Su panel SS-IPS proporciona \u00e1ngulos de visi\u00f3n amplios de 178\u00b0, asegurando que los colores se mantengan fieles desde cualquier perspectiva.<\/p>\n<p>La frecuencia de actualizaci\u00f3n de 200 Hz y un tiempo de respuesta de 1 ms garantizan una jugabilidad fluida y sin interrupciones, ideal para los gamers m\u00e1s exigentes. Adem\u00e1s, cuenta con tecnolog\u00eda FreeSync, que elimina el desgarro de imagen y mejora la sincronizaci\u00f3n entre la tarjeta gr\u00e1fica y el monitor.<\/p>\n<p>El monitor incluye parlantes incorporados y un dise\u00f1o antirreflejo que reduce la fatiga visual, permiti\u00e9ndote jugar durante horas sin molestias. Su eficiencia energ\u00e9tica A++ y la reducci\u00f3n de luz azul son caracter\u00edsticas que cuidan tanto de tu salud como del medio ambiente.<\/p>\n<p>Con un dise\u00f1o elegante en color negro, el GS25F2 se adapta perfectamente a cualquier configuraci\u00f3n de juego. Su montaje VESA te permite personalizar la instalaci\u00f3n seg\u00fan tus preferencias, mientras que su ligereza facilita su transporte y reubicaci\u00f3n. Este monitor es la elecci\u00f3n perfecta para quienes buscan rendimiento y calidad en cada sesi\u00f3n de juego.<\/p>\n","protected":false},"excerpt":{"rendered":"<p>Descubre el monitor gamer Gigabyte GS25F2, dise\u00f1ado para ofrecer una experiencia de juego inigualable. Con una pantalla de 24.5 pulgadas y resoluci\u00f3n Full HD de 1920 x 1080 p\u00edxeles, disfrutar\u00e1s de im\u00e1genes n\u00edtidas y vibrantes que te sumergir\u00e1n en cada partida. Su panel SS-IPS proporciona \u00e1ngulos de visi\u00f3n amplios de 178\u00b0, asegurando que los colores [&hellip;]<\/p>\n","protected":false},"featured_media":61491,"comment_status":"open","ping_status":"closed","template":"","meta":{"_uag_custom_page_level_css":""},"product_brand":[532],"product_cat":[114,15],"product_tag":[],"class_list":{"0":"post-61490","1":"product","2":"type-product","3":"status-publish","4":"has-post-thumbnail","6":"product_brand-gigabyte","7":"product_cat-monitores","8":"product_cat-sin-categorizar","10":"first","11":"outofstock","12":"sale","13":"taxable","14":"shipping-taxable","15":"purchasable","16":"product-type-simple"},"uagb_featured_image_src":{"full":["https:\/\/rms-enlinea.com.ar\/wp-content\/uploads\/2026\/02\/D_975020-MLA99949054709_112025-F.jpg",1200,873,false],"thumbnail":["https:\/\/rms-enlinea.com.ar\/wp-content\/uploads\/2026\/02\/D_975020-MLA99949054709_112025-F-150x150.jpg",150,150,true],"medium":["https:\/\/rms-enlinea.com.ar\/wp-content\/uploads\/2026\/02\/D_975020-MLA99949054709_112025-F-300x218.jpg",300,218,true],"medium_large":["https:\/\/rms-enlinea.com.ar\/wp-content\/uploads\/2026\/02\/D_975020-MLA99949054709_112025-F-768x559.jpg",768,559,true],"large":["https:\/\/rms-enlinea.com.ar\/wp-content\/uploads\/2026\/02\/D_975020-MLA99949054709_112025-F-1024x745.jpg",1024,745,true],"1536x1536":["https:\/\/rms-enlinea.com.ar\/wp-content\/uploads\/2026\/02\/D_975020-MLA99949054709_112025-F.jpg",1200,873,false],"2048x2048":["https:\/\/rms-enlinea.com.ar\/wp-content\/uploads\/2026\/02\/D_975020-MLA99949054709_112025-F.jpg",1200,873,false],"woocommerce_thumbnail":["https:\/\/rms-enlinea.com.ar\/wp-content\/uploads\/2026\/02\/D_975020-MLA99949054709_112025-F-450x450.jpg",450,450,true],"woocommerce_single":["https:\/\/rms-enlinea.com.ar\/wp-content\/uploads\/2026\/02\/D_975020-MLA99949054709_112025-F-600x437.jpg",600,437,true],"woocommerce_gallery_thumbnail":["https:\/\/rms-enlinea.com.ar\/wp-content\/uploads\/2026\/02\/D_975020-MLA99949054709_112025-F-100x100.jpg",100,100,true]},"uagb_author_info":{"display_name":"nelson","author_link":"https:\/\/rms-enlinea.com.ar\/tienda\/author\/"},"uagb_comment_info":0,"uagb_excerpt":"Descubre el monitor gamer Gigabyte GS25F2, dise\u00f1ado para ofrecer una experiencia de juego inigualable. Con una pantalla de 24.5 pulgadas y resoluci\u00f3n Full HD de 1920 x 1080 p\u00edxeles, disfrutar\u00e1s de im\u00e1genes n\u00edtidas y vibrantes que te sumergir\u00e1n en cada partida. Su panel SS-IPS proporciona \u00e1ngulos de visi\u00f3n amplios de 178\u00b0, asegurando que los colores&hellip;","_links":{"self":[{"href":"https:\/\/rms-enlinea.com.ar\/tienda\/wp-json\/wp\/v2\/product\/61490","targetHints":{"allow":["GET"]}}],"collection":[{"href":"https:\/\/rms-enlinea.com.ar\/tienda\/wp-json\/wp\/v2\/product"}],"about":[{"href":"https:\/\/rms-enlinea.com.ar\/tienda\/wp-json\/wp\/v2\/types\/product"}],"replies":[{"embeddable":true,"href":"https:\/\/rms-enlinea.com.ar\/tienda\/wp-json\/wp\/v2\/comments?post=61490"}],"wp:featuredmedia":[{"embeddable":true,"href":"https:\/\/rms-enlinea.com.ar\/tienda\/wp-json\/wp\/v2\/media\/61491"}],"wp:attachment":[{"href":"https:\/\/rms-enlinea.com.ar\/tienda\/wp-json\/wp\/v2\/media?parent=61490"}],"wp:term":[{"taxonomy":"product_brand","embeddable":true,"href":"https:\/\/rms-enlinea.com.ar\/tienda\/wp-json\/wp\/v2\/product_brand?post=61490"},{"taxonomy":"product_cat","embeddable":true,"href":"https:\/\/rms-enlinea.com.ar\/tienda\/wp-json\/wp\/v2\/product_cat?post=61490"},{"taxonomy":"product_tag","embeddable":true,"href":"https:\/\/rms-enlinea.com.ar\/tienda\/wp-json\/wp\/v2\/product_tag?post=61490"}],"curies":[{"name":"wp","href":"https:\/\/api.w.org\/{rel}","templated":true}]}}