{"id":61873,"date":"2026-03-04T11:01:33","date_gmt":"2026-03-04T14:01:33","guid":{"rendered":"https:\/\/rms-enlinea.com.ar\/tienda\/producto\/monitor-22-solarmax-sx22f2-slim-fhd-60hz-hdmi-vga-negro\/"},"modified":"2026-04-10T13:40:32","modified_gmt":"2026-04-10T16:40:32","slug":"monitor-22-solarmax-sx22f2-slim-fhd-60hz-hdmi-vga-negro","status":"publish","type":"product","link":"https:\/\/rms-enlinea.com.ar\/tienda\/producto\/monitor-22-solarmax-sx22f2-slim-fhd-60hz-hdmi-vga-negro\/","title":{"rendered":"Monitor Solarmax 21.5 Pulgadas Full Hd Sx22f2 Hdmi Vga"},"content":{"rendered":"<p>El Monitor Solarmax SX22F2 es la opci\u00f3n ideal para quienes buscan una experiencia visual de alta calidad en un dise\u00f1o compacto. <\/p>\n<p>Con una pantalla de 22 pulgadas y resoluci\u00f3n FHD de 1920&#215;1080, ofrece im\u00e1genes n\u00edtidas y vibrantes, perfectas para el trabajo diario, el entretenimiento y la navegaci\u00f3n.<\/p>\n<p>Su panel VA proporciona un contraste de 2000:1, lo que garantiza colores profundos y negros intensos, mejorando la visualizaci\u00f3n en diversas condiciones de luz. <\/p>\n<p>Con una frecuencia de actualizaci\u00f3n de 60 Hz y un tiempo de respuesta de 5 ms, este monitor es adecuado para tareas que requieren fluidez y precisi\u00f3n.<\/p>\n<p>La conectividad es sencilla y vers\u00e1til, con puertos HDMI y VGA que permiten una f\u00e1cil integraci\u00f3n con diferentes dispositivos. <\/p>\n<p>Su dise\u00f1o plano y elegante se adapta perfectamente a cualquier espacio de trabajo o entretenimiento.<\/p>\n<p>El Solarmax SX22F2 es una elecci\u00f3n confiable para quienes valoran la calidad de imagen y la funcionalidad en un monitor. <\/p>\n<p>Su dise\u00f1o sin curvatura y su relaci\u00f3n de aspecto de 16:9 lo convierten en una herramienta vers\u00e1til para profesionales y aficionados por igual.<\/p>\n","protected":false},"excerpt":{"rendered":"<p>El Monitor Solarmax SX22F2 es la opci\u00f3n ideal para quienes buscan una experiencia visual de alta calidad en un dise\u00f1o compacto. Con una pantalla de 22 pulgadas y resoluci\u00f3n FHD de 1920&#215;1080, ofrece im\u00e1genes n\u00edtidas y vibrantes, perfectas para el trabajo diario, el entretenimiento y la navegaci\u00f3n. Su panel VA proporciona un contraste de 2000:1, [&hellip;]<\/p>\n","protected":false},"featured_media":61874,"comment_status":"open","ping_status":"closed","template":"","meta":{"_uag_custom_page_level_css":""},"product_brand":[638],"product_cat":[114,15],"product_tag":[],"class_list":{"0":"post-61873","1":"product","2":"type-product","3":"status-publish","4":"has-post-thumbnail","6":"product_brand-solarmax","7":"product_cat-monitores","8":"product_cat-sin-categorizar","10":"first","11":"outofstock","12":"sale","13":"taxable","14":"shipping-taxable","15":"purchasable","16":"product-type-simple"},"uagb_featured_image_src":{"full":["https:\/\/rms-enlinea.com.ar\/wp-content\/uploads\/2026\/03\/D_796647-MLA102549380063_122025-F.jpg",1200,931,false],"thumbnail":["https:\/\/rms-enlinea.com.ar\/wp-content\/uploads\/2026\/03\/D_796647-MLA102549380063_122025-F-150x150.jpg",150,150,true],"medium":["https:\/\/rms-enlinea.com.ar\/wp-content\/uploads\/2026\/03\/D_796647-MLA102549380063_122025-F-300x233.jpg",300,233,true],"medium_large":["https:\/\/rms-enlinea.com.ar\/wp-content\/uploads\/2026\/03\/D_796647-MLA102549380063_122025-F-768x596.jpg",768,596,true],"large":["https:\/\/rms-enlinea.com.ar\/wp-content\/uploads\/2026\/03\/D_796647-MLA102549380063_122025-F-1024x794.jpg",1024,794,true],"1536x1536":["https:\/\/rms-enlinea.com.ar\/wp-content\/uploads\/2026\/03\/D_796647-MLA102549380063_122025-F.jpg",1200,931,false],"2048x2048":["https:\/\/rms-enlinea.com.ar\/wp-content\/uploads\/2026\/03\/D_796647-MLA102549380063_122025-F.jpg",1200,931,false],"woocommerce_thumbnail":["https:\/\/rms-enlinea.com.ar\/wp-content\/uploads\/2026\/03\/D_796647-MLA102549380063_122025-F-450x450.jpg",450,450,true],"woocommerce_single":["https:\/\/rms-enlinea.com.ar\/wp-content\/uploads\/2026\/03\/D_796647-MLA102549380063_122025-F-600x466.jpg",600,466,true],"woocommerce_gallery_thumbnail":["https:\/\/rms-enlinea.com.ar\/wp-content\/uploads\/2026\/03\/D_796647-MLA102549380063_122025-F-100x100.jpg",100,100,true]},"uagb_author_info":{"display_name":"nelson","author_link":"https:\/\/rms-enlinea.com.ar\/tienda\/author\/"},"uagb_comment_info":0,"uagb_excerpt":"El Monitor Solarmax SX22F2 es la opci\u00f3n ideal para quienes buscan una experiencia visual de alta calidad en un dise\u00f1o compacto. Con una pantalla de 22 pulgadas y resoluci\u00f3n FHD de 1920&#215;1080, ofrece im\u00e1genes n\u00edtidas y vibrantes, perfectas para el trabajo diario, el entretenimiento y la navegaci\u00f3n. Su panel VA proporciona un contraste de 2000:1,&hellip;","_links":{"self":[{"href":"https:\/\/rms-enlinea.com.ar\/tienda\/wp-json\/wp\/v2\/product\/61873","targetHints":{"allow":["GET"]}}],"collection":[{"href":"https:\/\/rms-enlinea.com.ar\/tienda\/wp-json\/wp\/v2\/product"}],"about":[{"href":"https:\/\/rms-enlinea.com.ar\/tienda\/wp-json\/wp\/v2\/types\/product"}],"replies":[{"embeddable":true,"href":"https:\/\/rms-enlinea.com.ar\/tienda\/wp-json\/wp\/v2\/comments?post=61873"}],"wp:featuredmedia":[{"embeddable":true,"href":"https:\/\/rms-enlinea.com.ar\/tienda\/wp-json\/wp\/v2\/media\/61874"}],"wp:attachment":[{"href":"https:\/\/rms-enlinea.com.ar\/tienda\/wp-json\/wp\/v2\/media?parent=61873"}],"wp:term":[{"taxonomy":"product_brand","embeddable":true,"href":"https:\/\/rms-enlinea.com.ar\/tienda\/wp-json\/wp\/v2\/product_brand?post=61873"},{"taxonomy":"product_cat","embeddable":true,"href":"https:\/\/rms-enlinea.com.ar\/tienda\/wp-json\/wp\/v2\/product_cat?post=61873"},{"taxonomy":"product_tag","embeddable":true,"href":"https:\/\/rms-enlinea.com.ar\/tienda\/wp-json\/wp\/v2\/product_tag?post=61873"}],"curies":[{"name":"wp","href":"https:\/\/api.w.org\/{rel}","templated":true}]}}