{"id":61923,"date":"2026-03-07T13:01:44","date_gmt":"2026-03-07T16:01:44","guid":{"rendered":"https:\/\/rms-enlinea.com.ar\/tienda\/producto\/sistema-transmision-inalambrica-microfono-xlr-m-vave-wp7\/"},"modified":"2026-04-21T04:41:41","modified_gmt":"2026-04-21T07:41:41","slug":"sistema-transmision-inalambrica-microfono-xlr-m-vave-wp7","status":"publish","type":"product","link":"https:\/\/rms-enlinea.com.ar\/tienda\/producto\/sistema-transmision-inalambrica-microfono-xlr-m-vave-wp7\/","title":{"rendered":"Sistema Transmisi\u00f3n Inal\u00e1mbrica Micr\u00f3fono Xlr M-vave Wp7"},"content":{"rendered":"<p>Frecuencia de muestreo: Transmisi\u00f3n de datos sin comprimir de 24bit \/ 48Khz.<br \/>\nLatencia: &lt; 12ms.<br \/>\nRango efectivo: 30 ~ 50 m de distancia de transmisi\u00f3n en exteriores o 15 m a trav\u00e9s de paredes.<br \/>\nDistorsi\u00f3n: -98dB.<br \/>\nRango din\u00e1mico: &gt; 105dB.<br \/>\nBanda de frecuencia utilizada: Banda de frecuencia ISM de 2.4GHz.<br \/>\nRespuesta de frecuencia: 20 ~ 20kHz, +1dB \/ -3dB.<br \/>\nModelo\/Tipo de bater\u00eda TX\/RX: 802050 \/ 802035.<br \/>\nCapacidad de la bater\u00eda TX\/RX: 800mAh \/ 500mAh.<br \/>\nVoltaje nominal de la bater\u00eda: 3.7V.<br \/>\nSoporta hasta 6 grupos de dispositivos funcionando simult\u00e1neamente.<\/p>\n<p>IMPORTANTE: Este sistema no funciona con microfonos condenser que necesiten +48v.<\/p>\n","protected":false},"excerpt":{"rendered":"<p>Frecuencia de muestreo: Transmisi\u00f3n de datos sin comprimir de 24bit \/ 48Khz. Latencia: &lt; 12ms. Rango efectivo: 30 ~ 50 m de distancia de transmisi\u00f3n en exteriores o 15 m a trav\u00e9s de paredes. Distorsi\u00f3n: -98dB. Rango din\u00e1mico: &gt; 105dB. Banda de frecuencia utilizada: Banda de frecuencia ISM de 2.4GHz. Respuesta de frecuencia: 20 ~ [&hellip;]<\/p>\n","protected":false},"featured_media":61924,"comment_status":"open","ping_status":"closed","template":"","meta":{"_uag_custom_page_level_css":""},"product_brand":[682],"product_cat":[75,15],"product_tag":[],"class_list":{"0":"post-61923","1":"product","2":"type-product","3":"status-publish","4":"has-post-thumbnail","6":"product_brand-mwave","7":"product_cat-microfonos","8":"product_cat-sin-categorizar","10":"first","11":"outofstock","12":"sale","13":"taxable","14":"shipping-taxable","15":"purchasable","16":"product-type-simple"},"uagb_featured_image_src":{"full":["https:\/\/rms-enlinea.com.ar\/wp-content\/uploads\/2026\/03\/D_678254-MLA107570298094_032026-F.jpg",499,776,false],"thumbnail":["https:\/\/rms-enlinea.com.ar\/wp-content\/uploads\/2026\/03\/D_678254-MLA107570298094_032026-F-150x150.jpg",150,150,true],"medium":["https:\/\/rms-enlinea.com.ar\/wp-content\/uploads\/2026\/03\/D_678254-MLA107570298094_032026-F-193x300.jpg",193,300,true],"medium_large":["https:\/\/rms-enlinea.com.ar\/wp-content\/uploads\/2026\/03\/D_678254-MLA107570298094_032026-F.jpg",499,776,false],"large":["https:\/\/rms-enlinea.com.ar\/wp-content\/uploads\/2026\/03\/D_678254-MLA107570298094_032026-F.jpg",499,776,false],"1536x1536":["https:\/\/rms-enlinea.com.ar\/wp-content\/uploads\/2026\/03\/D_678254-MLA107570298094_032026-F.jpg",499,776,false],"2048x2048":["https:\/\/rms-enlinea.com.ar\/wp-content\/uploads\/2026\/03\/D_678254-MLA107570298094_032026-F.jpg",499,776,false],"woocommerce_thumbnail":["https:\/\/rms-enlinea.com.ar\/wp-content\/uploads\/2026\/03\/D_678254-MLA107570298094_032026-F-450x450.jpg",450,450,true],"woocommerce_single":["https:\/\/rms-enlinea.com.ar\/wp-content\/uploads\/2026\/03\/D_678254-MLA107570298094_032026-F.jpg",499,776,false],"woocommerce_gallery_thumbnail":["https:\/\/rms-enlinea.com.ar\/wp-content\/uploads\/2026\/03\/D_678254-MLA107570298094_032026-F-100x100.jpg",100,100,true]},"uagb_author_info":{"display_name":"nelson","author_link":"https:\/\/rms-enlinea.com.ar\/tienda\/author\/"},"uagb_comment_info":0,"uagb_excerpt":"Frecuencia de muestreo: Transmisi\u00f3n de datos sin comprimir de 24bit \/ 48Khz. Latencia: &lt; 12ms. Rango efectivo: 30 ~ 50 m de distancia de transmisi\u00f3n en exteriores o 15 m a trav\u00e9s de paredes. Distorsi\u00f3n: -98dB. Rango din\u00e1mico: &gt; 105dB. Banda de frecuencia utilizada: Banda de frecuencia ISM de 2.4GHz. Respuesta de frecuencia: 20 ~&hellip;","_links":{"self":[{"href":"https:\/\/rms-enlinea.com.ar\/tienda\/wp-json\/wp\/v2\/product\/61923","targetHints":{"allow":["GET"]}}],"collection":[{"href":"https:\/\/rms-enlinea.com.ar\/tienda\/wp-json\/wp\/v2\/product"}],"about":[{"href":"https:\/\/rms-enlinea.com.ar\/tienda\/wp-json\/wp\/v2\/types\/product"}],"replies":[{"embeddable":true,"href":"https:\/\/rms-enlinea.com.ar\/tienda\/wp-json\/wp\/v2\/comments?post=61923"}],"wp:featuredmedia":[{"embeddable":true,"href":"https:\/\/rms-enlinea.com.ar\/tienda\/wp-json\/wp\/v2\/media\/61924"}],"wp:attachment":[{"href":"https:\/\/rms-enlinea.com.ar\/tienda\/wp-json\/wp\/v2\/media?parent=61923"}],"wp:term":[{"taxonomy":"product_brand","embeddable":true,"href":"https:\/\/rms-enlinea.com.ar\/tienda\/wp-json\/wp\/v2\/product_brand?post=61923"},{"taxonomy":"product_cat","embeddable":true,"href":"https:\/\/rms-enlinea.com.ar\/tienda\/wp-json\/wp\/v2\/product_cat?post=61923"},{"taxonomy":"product_tag","embeddable":true,"href":"https:\/\/rms-enlinea.com.ar\/tienda\/wp-json\/wp\/v2\/product_tag?post=61923"}],"curies":[{"name":"wp","href":"https:\/\/api.w.org\/{rel}","templated":true}]}}