{"id":62038,"date":"2026-03-10T18:30:38","date_gmt":"2026-03-10T21:30:38","guid":{"rendered":"https:\/\/rms-enlinea.com.ar\/tienda\/producto\/refrigeracion-liquida-gigabyte-gaming-360-argb-sincronizable-led-turquesa\/"},"modified":"2026-04-21T06:20:02","modified_gmt":"2026-04-21T09:20:02","slug":"refrigeracion-liquida-gigabyte-gaming-360-argb-sincronizable-led-turquesa","status":"publish","type":"product","link":"https:\/\/rms-enlinea.com.ar\/tienda\/producto\/refrigeracion-liquida-gigabyte-gaming-360-argb-sincronizable-led-turquesa\/","title":{"rendered":"Refrigeraci\u00f3n L\u00edquida Gigabyte Gaming 360 Argb Sincronizable Led Turquesa"},"content":{"rendered":"<p>Watercooling Gigabyte Gamer 360 ARGB Socket AM5 1700 1851 | GP-GIGABYTE GME 360<\/p>\n<p>Descripci\u00f3n:<br \/>\nFresco sin concesiones<\/p>\n<p>Nuestro avanzado sistema de refrigeraci\u00f3n l\u00edquida todo en uno ofrece un rendimiento excepcional y una instalaci\u00f3n sencilla, lo que permite a los jugadores construir sin l\u00edmites.<\/p>\n<p>Principales caracter\u00edsticas:<\/p>\n<p>&#8211; Los tubos de tefl\u00f3n reducen la evaporaci\u00f3n del refrigerante.<br \/>\n&#8211; Cubierta superior magn\u00e9tica con panel de luz reemplazable.<br \/>\n&#8211; Ventiladores f\u00e1ciles de hacer uno mismo, con cierre deslizante y conexi\u00f3n en cadena.<br \/>\n&#8211; La iluminaci\u00f3n del ventilador ARGB se puede sincronizar con otros dispositivos.<br \/>\n&#8211; Control universal de RPM de ventilador y bomba, compatible con todas las marcas de placas base.<\/p>\n<p>Especificaciones t\u00e9cnicas:<\/p>\n<p>Modelo: GP-GIGABYTE GME 360<br \/>\nLongitud del tubo: 395 mm<br \/>\nMaterial: Tubo de FEP con funda de nailon<br \/>\nDimensiones: 403 x 120 x 35 mm<br \/>\nMaterial del radiador: Aluminio<br \/>\nMaterial del bloque: Cobre<br \/>\nZ\u00f3calo de CPU: Intel 1851\/1700\/115X\/1200, AMD AM5\/AM4<br \/>\nVelocidad de la bomba: 4500 RPM +\/-10%<br \/>\nVelocidad del ventilador: 500~2200 RPM +\/-10 %<br \/>\nFlujo de aire: M\u00e1x. 61,61 CFM<br \/>\nPresi\u00f3n: M\u00e1x. 2,73 mmH2O<br \/>\nNivel de ruido: 13,8 ~ 35,8 dBA<\/p>\n","protected":false},"excerpt":{"rendered":"<p>Watercooling Gigabyte Gamer 360 ARGB Socket AM5 1700 1851 | GP-GIGABYTE GME 360 Descripci\u00f3n: Fresco sin concesiones Nuestro avanzado sistema de refrigeraci\u00f3n l\u00edquida todo en uno ofrece un rendimiento excepcional y una instalaci\u00f3n sencilla, lo que permite a los jugadores construir sin l\u00edmites. Principales caracter\u00edsticas: &#8211; Los tubos de tefl\u00f3n reducen la evaporaci\u00f3n del refrigerante. [&hellip;]<\/p>\n","protected":false},"featured_media":62039,"comment_status":"open","ping_status":"closed","template":"","meta":{"_uag_custom_page_level_css":""},"product_brand":[532],"product_cat":[105,15],"product_tag":[],"class_list":{"0":"post-62038","1":"product","2":"type-product","3":"status-publish","4":"has-post-thumbnail","6":"product_brand-gigabyte","7":"product_cat-cooler-y-sistemas-de-refrigeracion","8":"product_cat-sin-categorizar","10":"first","11":"outofstock","12":"sale","13":"taxable","14":"shipping-taxable","15":"purchasable","16":"product-type-simple"},"uagb_featured_image_src":{"full":["https:\/\/rms-enlinea.com.ar\/wp-content\/uploads\/2026\/03\/D_918894-MLA88839690954_082025-F.jpg",687,467,false],"thumbnail":["https:\/\/rms-enlinea.com.ar\/wp-content\/uploads\/2026\/03\/D_918894-MLA88839690954_082025-F-150x150.jpg",150,150,true],"medium":["https:\/\/rms-enlinea.com.ar\/wp-content\/uploads\/2026\/03\/D_918894-MLA88839690954_082025-F-300x204.jpg",300,204,true],"medium_large":["https:\/\/rms-enlinea.com.ar\/wp-content\/uploads\/2026\/03\/D_918894-MLA88839690954_082025-F.jpg",687,467,false],"large":["https:\/\/rms-enlinea.com.ar\/wp-content\/uploads\/2026\/03\/D_918894-MLA88839690954_082025-F.jpg",687,467,false],"1536x1536":["https:\/\/rms-enlinea.com.ar\/wp-content\/uploads\/2026\/03\/D_918894-MLA88839690954_082025-F.jpg",687,467,false],"2048x2048":["https:\/\/rms-enlinea.com.ar\/wp-content\/uploads\/2026\/03\/D_918894-MLA88839690954_082025-F.jpg",687,467,false],"woocommerce_thumbnail":["https:\/\/rms-enlinea.com.ar\/wp-content\/uploads\/2026\/03\/D_918894-MLA88839690954_082025-F-450x450.jpg",450,450,true],"woocommerce_single":["https:\/\/rms-enlinea.com.ar\/wp-content\/uploads\/2026\/03\/D_918894-MLA88839690954_082025-F-600x408.jpg",600,408,true],"woocommerce_gallery_thumbnail":["https:\/\/rms-enlinea.com.ar\/wp-content\/uploads\/2026\/03\/D_918894-MLA88839690954_082025-F-100x100.jpg",100,100,true]},"uagb_author_info":{"display_name":"nelson","author_link":"https:\/\/rms-enlinea.com.ar\/tienda\/author\/"},"uagb_comment_info":0,"uagb_excerpt":"Watercooling Gigabyte Gamer 360 ARGB Socket AM5 1700 1851 | GP-GIGABYTE GME 360 Descripci\u00f3n: Fresco sin concesiones Nuestro avanzado sistema de refrigeraci\u00f3n l\u00edquida todo en uno ofrece un rendimiento excepcional y una instalaci\u00f3n sencilla, lo que permite a los jugadores construir sin l\u00edmites. Principales caracter\u00edsticas: &#8211; Los tubos de tefl\u00f3n reducen la evaporaci\u00f3n del refrigerante.&hellip;","_links":{"self":[{"href":"https:\/\/rms-enlinea.com.ar\/tienda\/wp-json\/wp\/v2\/product\/62038","targetHints":{"allow":["GET"]}}],"collection":[{"href":"https:\/\/rms-enlinea.com.ar\/tienda\/wp-json\/wp\/v2\/product"}],"about":[{"href":"https:\/\/rms-enlinea.com.ar\/tienda\/wp-json\/wp\/v2\/types\/product"}],"replies":[{"embeddable":true,"href":"https:\/\/rms-enlinea.com.ar\/tienda\/wp-json\/wp\/v2\/comments?post=62038"}],"wp:featuredmedia":[{"embeddable":true,"href":"https:\/\/rms-enlinea.com.ar\/tienda\/wp-json\/wp\/v2\/media\/62039"}],"wp:attachment":[{"href":"https:\/\/rms-enlinea.com.ar\/tienda\/wp-json\/wp\/v2\/media?parent=62038"}],"wp:term":[{"taxonomy":"product_brand","embeddable":true,"href":"https:\/\/rms-enlinea.com.ar\/tienda\/wp-json\/wp\/v2\/product_brand?post=62038"},{"taxonomy":"product_cat","embeddable":true,"href":"https:\/\/rms-enlinea.com.ar\/tienda\/wp-json\/wp\/v2\/product_cat?post=62038"},{"taxonomy":"product_tag","embeddable":true,"href":"https:\/\/rms-enlinea.com.ar\/tienda\/wp-json\/wp\/v2\/product_tag?post=62038"}],"curies":[{"name":"wp","href":"https:\/\/api.w.org\/{rel}","templated":true}]}}