{"id":62061,"date":"2026-03-11T12:00:36","date_gmt":"2026-03-11T15:00:36","guid":{"rendered":"https:\/\/rms-enlinea.com.ar\/tienda\/producto\/mouse-pad-trust-bigfoot-beige-26012-apoya-muneca\/"},"modified":"2026-04-02T16:36:27","modified_gmt":"2026-04-02T19:36:27","slug":"mouse-pad-trust-bigfoot-beige-26012-apoya-muneca","status":"publish","type":"product","link":"https:\/\/rms-enlinea.com.ar\/tienda\/producto\/mouse-pad-trust-bigfoot-beige-26012-apoya-muneca\/","title":{"rendered":"Mouse Pad Trust Bigfoot Beige 26012 Apoya Mu\u00f1eca"},"content":{"rendered":"<p>Soporte de mu\u00f1eca S\u00ed<br \/>Dos caras No<br \/>Enrollar No<br \/>Antideslizante S\u00ed<br \/>Tama\u00f1o y peso<br \/>Talla S<br \/>Peso de la unidad principal 167 gramos<br \/>Altura del producto principal (en mm) 236 mil\u00edmetros<br \/>Profundidad del producto principal (en mm) 16 mil\u00edmetros<br \/>Ancho del producto principal (en mm) 205 mil\u00edmetros<\/p>\n","protected":false},"excerpt":{"rendered":"<p>Soporte de mu\u00f1eca S\u00edDos caras NoEnrollar NoAntideslizante S\u00edTama\u00f1o y pesoTalla SPeso de la unidad principal 167 gramosAltura del producto principal (en mm) 236 mil\u00edmetrosProfundidad del producto principal (en mm) 16 mil\u00edmetrosAncho del producto principal (en mm) 205 mil\u00edmetros<\/p>\n","protected":false},"featured_media":62062,"comment_status":"open","ping_status":"closed","template":"","meta":{"_uag_custom_page_level_css":""},"product_brand":[542],"product_cat":[15,125],"product_tag":[],"class_list":{"0":"post-62061","1":"product","2":"type-product","3":"status-publish","4":"has-post-thumbnail","6":"product_brand-trustgaming","7":"product_cat-sin-categorizar","8":"product_cat-teclados-y-mouses","10":"first","11":"instock","12":"sale","13":"taxable","14":"shipping-taxable","15":"purchasable","16":"product-type-simple"},"uagb_featured_image_src":{"full":["https:\/\/rms-enlinea.com.ar\/wp-content\/uploads\/2026\/03\/D_943860-MLA108491047829_032026-F.jpg",1024,1024,false],"thumbnail":["https:\/\/rms-enlinea.com.ar\/wp-content\/uploads\/2026\/03\/D_943860-MLA108491047829_032026-F-150x150.jpg",150,150,true],"medium":["https:\/\/rms-enlinea.com.ar\/wp-content\/uploads\/2026\/03\/D_943860-MLA108491047829_032026-F-300x300.jpg",300,300,true],"medium_large":["https:\/\/rms-enlinea.com.ar\/wp-content\/uploads\/2026\/03\/D_943860-MLA108491047829_032026-F-768x768.jpg",768,768,true],"large":["https:\/\/rms-enlinea.com.ar\/wp-content\/uploads\/2026\/03\/D_943860-MLA108491047829_032026-F.jpg",1024,1024,false],"1536x1536":["https:\/\/rms-enlinea.com.ar\/wp-content\/uploads\/2026\/03\/D_943860-MLA108491047829_032026-F.jpg",1024,1024,false],"2048x2048":["https:\/\/rms-enlinea.com.ar\/wp-content\/uploads\/2026\/03\/D_943860-MLA108491047829_032026-F.jpg",1024,1024,false],"woocommerce_thumbnail":["https:\/\/rms-enlinea.com.ar\/wp-content\/uploads\/2026\/03\/D_943860-MLA108491047829_032026-F-450x450.jpg",450,450,true],"woocommerce_single":["https:\/\/rms-enlinea.com.ar\/wp-content\/uploads\/2026\/03\/D_943860-MLA108491047829_032026-F-600x600.jpg",600,600,true],"woocommerce_gallery_thumbnail":["https:\/\/rms-enlinea.com.ar\/wp-content\/uploads\/2026\/03\/D_943860-MLA108491047829_032026-F-100x100.jpg",100,100,true]},"uagb_author_info":{"display_name":"nelson","author_link":"https:\/\/rms-enlinea.com.ar\/tienda\/author\/"},"uagb_comment_info":0,"uagb_excerpt":"Soporte de mu\u00f1eca S\u00edDos caras NoEnrollar NoAntideslizante S\u00edTama\u00f1o y pesoTalla SPeso de la unidad principal 167 gramosAltura del producto principal (en mm) 236 mil\u00edmetrosProfundidad del producto principal (en mm) 16 mil\u00edmetrosAncho del producto principal (en mm) 205 mil\u00edmetros","_links":{"self":[{"href":"https:\/\/rms-enlinea.com.ar\/tienda\/wp-json\/wp\/v2\/product\/62061","targetHints":{"allow":["GET"]}}],"collection":[{"href":"https:\/\/rms-enlinea.com.ar\/tienda\/wp-json\/wp\/v2\/product"}],"about":[{"href":"https:\/\/rms-enlinea.com.ar\/tienda\/wp-json\/wp\/v2\/types\/product"}],"replies":[{"embeddable":true,"href":"https:\/\/rms-enlinea.com.ar\/tienda\/wp-json\/wp\/v2\/comments?post=62061"}],"wp:featuredmedia":[{"embeddable":true,"href":"https:\/\/rms-enlinea.com.ar\/tienda\/wp-json\/wp\/v2\/media\/62062"}],"wp:attachment":[{"href":"https:\/\/rms-enlinea.com.ar\/tienda\/wp-json\/wp\/v2\/media?parent=62061"}],"wp:term":[{"taxonomy":"product_brand","embeddable":true,"href":"https:\/\/rms-enlinea.com.ar\/tienda\/wp-json\/wp\/v2\/product_brand?post=62061"},{"taxonomy":"product_cat","embeddable":true,"href":"https:\/\/rms-enlinea.com.ar\/tienda\/wp-json\/wp\/v2\/product_cat?post=62061"},{"taxonomy":"product_tag","embeddable":true,"href":"https:\/\/rms-enlinea.com.ar\/tienda\/wp-json\/wp\/v2\/product_tag?post=62061"}],"curies":[{"name":"wp","href":"https:\/\/api.w.org\/{rel}","templated":true}]}}