{"id":62081,"date":"2026-03-11T13:11:06","date_gmt":"2026-03-11T16:11:06","guid":{"rendered":"https:\/\/rms-enlinea.com.ar\/tienda\/producto\/volante-para-nintendo-switch-2-joy-con-trust-26048\/"},"modified":"2026-04-21T07:08:08","modified_gmt":"2026-04-21T10:08:08","slug":"volante-para-nintendo-switch-2-joy-con-trust-26048","status":"publish","type":"product","link":"https:\/\/rms-enlinea.com.ar\/tienda\/producto\/volante-para-nintendo-switch-2-joy-con-trust-26048\/","title":{"rendered":"Volante Para Nintendo Switch 2 Joy-con Trust 26048"},"content":{"rendered":"<p>LAS IMAGENES SON ILUSTRATIVAS NO INCLUYE LOS JOYCON<\/p>\n<p>Tama\u00f1o y peso<br \/>\nPeso total 170 gramos<br \/>\nAltura del producto principal (en mm) 33 mil\u00edmetros<br \/>\nProfundidad del producto principal (en mm) 145 mil\u00edmetros<br \/>\nAncho del producto principal (en mm) 145 mil\u00edmetros<\/p>\n<p>Compatibilidad<br \/>\nConsolas compatibles Nintendo Switch 2<br \/>\nTipos de dispositivos compatibles consola de juegos<\/p>\n","protected":false},"excerpt":{"rendered":"<p>LAS IMAGENES SON ILUSTRATIVAS NO INCLUYE LOS JOYCON Tama\u00f1o y peso Peso total 170 gramos Altura del producto principal (en mm) 33 mil\u00edmetros Profundidad del producto principal (en mm) 145 mil\u00edmetros Ancho del producto principal (en mm) 145 mil\u00edmetros Compatibilidad Consolas compatibles Nintendo Switch 2 Tipos de dispositivos compatibles consola de juegos<\/p>\n","protected":false},"featured_media":62082,"comment_status":"open","ping_status":"closed","template":"","meta":{"_uag_custom_page_level_css":""},"product_brand":[542],"product_cat":[111,15],"product_tag":[],"class_list":{"0":"post-62081","1":"product","2":"type-product","3":"status-publish","4":"has-post-thumbnail","6":"product_brand-trustgaming","7":"product_cat-joystick","8":"product_cat-sin-categorizar","10":"first","11":"outofstock","12":"sale","13":"taxable","14":"shipping-taxable","15":"purchasable","16":"product-type-simple"},"uagb_featured_image_src":{"full":["https:\/\/rms-enlinea.com.ar\/wp-content\/uploads\/2026\/03\/D_951900-MLA108491154333_032026-F.jpg",1016,761,false],"thumbnail":["https:\/\/rms-enlinea.com.ar\/wp-content\/uploads\/2026\/03\/D_951900-MLA108491154333_032026-F-150x150.jpg",150,150,true],"medium":["https:\/\/rms-enlinea.com.ar\/wp-content\/uploads\/2026\/03\/D_951900-MLA108491154333_032026-F-300x225.jpg",300,225,true],"medium_large":["https:\/\/rms-enlinea.com.ar\/wp-content\/uploads\/2026\/03\/D_951900-MLA108491154333_032026-F-768x575.jpg",768,575,true],"large":["https:\/\/rms-enlinea.com.ar\/wp-content\/uploads\/2026\/03\/D_951900-MLA108491154333_032026-F.jpg",1016,761,false],"1536x1536":["https:\/\/rms-enlinea.com.ar\/wp-content\/uploads\/2026\/03\/D_951900-MLA108491154333_032026-F.jpg",1016,761,false],"2048x2048":["https:\/\/rms-enlinea.com.ar\/wp-content\/uploads\/2026\/03\/D_951900-MLA108491154333_032026-F.jpg",1016,761,false],"woocommerce_thumbnail":["https:\/\/rms-enlinea.com.ar\/wp-content\/uploads\/2026\/03\/D_951900-MLA108491154333_032026-F-450x450.jpg",450,450,true],"woocommerce_single":["https:\/\/rms-enlinea.com.ar\/wp-content\/uploads\/2026\/03\/D_951900-MLA108491154333_032026-F-600x449.jpg",600,449,true],"woocommerce_gallery_thumbnail":["https:\/\/rms-enlinea.com.ar\/wp-content\/uploads\/2026\/03\/D_951900-MLA108491154333_032026-F-100x100.jpg",100,100,true]},"uagb_author_info":{"display_name":"nelson","author_link":"https:\/\/rms-enlinea.com.ar\/tienda\/author\/"},"uagb_comment_info":0,"uagb_excerpt":"LAS IMAGENES SON ILUSTRATIVAS NO INCLUYE LOS JOYCON Tama\u00f1o y peso Peso total 170 gramos Altura del producto principal (en mm) 33 mil\u00edmetros Profundidad del producto principal (en mm) 145 mil\u00edmetros Ancho del producto principal (en mm) 145 mil\u00edmetros Compatibilidad Consolas compatibles Nintendo Switch 2 Tipos de dispositivos compatibles consola de juegos","_links":{"self":[{"href":"https:\/\/rms-enlinea.com.ar\/tienda\/wp-json\/wp\/v2\/product\/62081","targetHints":{"allow":["GET"]}}],"collection":[{"href":"https:\/\/rms-enlinea.com.ar\/tienda\/wp-json\/wp\/v2\/product"}],"about":[{"href":"https:\/\/rms-enlinea.com.ar\/tienda\/wp-json\/wp\/v2\/types\/product"}],"replies":[{"embeddable":true,"href":"https:\/\/rms-enlinea.com.ar\/tienda\/wp-json\/wp\/v2\/comments?post=62081"}],"wp:featuredmedia":[{"embeddable":true,"href":"https:\/\/rms-enlinea.com.ar\/tienda\/wp-json\/wp\/v2\/media\/62082"}],"wp:attachment":[{"href":"https:\/\/rms-enlinea.com.ar\/tienda\/wp-json\/wp\/v2\/media?parent=62081"}],"wp:term":[{"taxonomy":"product_brand","embeddable":true,"href":"https:\/\/rms-enlinea.com.ar\/tienda\/wp-json\/wp\/v2\/product_brand?post=62081"},{"taxonomy":"product_cat","embeddable":true,"href":"https:\/\/rms-enlinea.com.ar\/tienda\/wp-json\/wp\/v2\/product_cat?post=62081"},{"taxonomy":"product_tag","embeddable":true,"href":"https:\/\/rms-enlinea.com.ar\/tienda\/wp-json\/wp\/v2\/product_tag?post=62081"}],"curies":[{"name":"wp","href":"https:\/\/api.w.org\/{rel}","templated":true}]}}