{"id":62087,"date":"2026-03-11T13:11:21","date_gmt":"2026-03-11T16:11:21","guid":{"rendered":"https:\/\/rms-enlinea.com.ar\/tienda\/producto\/mouse-pad-trust-bigfoot-azul-acero-26011-apoya-muneca\/"},"modified":"2026-04-21T04:07:52","modified_gmt":"2026-04-21T07:07:52","slug":"mouse-pad-trust-bigfoot-azul-acero-26011-apoya-muneca","status":"publish","type":"product","link":"https:\/\/rms-enlinea.com.ar\/tienda\/producto\/mouse-pad-trust-bigfoot-azul-acero-26011-apoya-muneca\/","title":{"rendered":"Mouse Pad Trust Bigfoot Azul Acero 26011 Apoya Mu\u00f1eca"},"content":{"rendered":"<p>Soporte de mu\u00f1eca S\u00ed<br \/>\nDos caras No<br \/>\nEnrollar No<br \/>\nAntideslizante S\u00ed<br \/>\nTama\u00f1o y peso<br \/>\nTalla S<br \/>\nPeso de la unidad principal 167 gramos<br \/>\nAltura del producto principal (en mm) 236 mil\u00edmetros<br \/>\nProfundidad del producto principal (en mm) 16 mil\u00edmetros<br \/>\nAncho del producto principal (en mm) 205 mil\u00edmetros<\/p>\n","protected":false},"excerpt":{"rendered":"<p>Soporte de mu\u00f1eca S\u00ed Dos caras No Enrollar No Antideslizante S\u00ed Tama\u00f1o y peso Talla S Peso de la unidad principal 167 gramos Altura del producto principal (en mm) 236 mil\u00edmetros Profundidad del producto principal (en mm) 16 mil\u00edmetros Ancho del producto principal (en mm) 205 mil\u00edmetros<\/p>\n","protected":false},"featured_media":62088,"comment_status":"open","ping_status":"closed","template":"","meta":{"_uag_custom_page_level_css":""},"product_brand":[542],"product_cat":[15,125],"product_tag":[],"class_list":{"0":"post-62087","1":"product","2":"type-product","3":"status-publish","4":"has-post-thumbnail","6":"product_brand-trustgaming","7":"product_cat-sin-categorizar","8":"product_cat-teclados-y-mouses","10":"first","11":"outofstock","12":"sale","13":"taxable","14":"shipping-taxable","15":"purchasable","16":"product-type-simple"},"uagb_featured_image_src":{"full":["https:\/\/rms-enlinea.com.ar\/wp-content\/uploads\/2026\/03\/D_905993-MLA108491154659_032026-F.jpg",1038,1178,false],"thumbnail":["https:\/\/rms-enlinea.com.ar\/wp-content\/uploads\/2026\/03\/D_905993-MLA108491154659_032026-F-150x150.jpg",150,150,true],"medium":["https:\/\/rms-enlinea.com.ar\/wp-content\/uploads\/2026\/03\/D_905993-MLA108491154659_032026-F-264x300.jpg",264,300,true],"medium_large":["https:\/\/rms-enlinea.com.ar\/wp-content\/uploads\/2026\/03\/D_905993-MLA108491154659_032026-F-768x872.jpg",768,872,true],"large":["https:\/\/rms-enlinea.com.ar\/wp-content\/uploads\/2026\/03\/D_905993-MLA108491154659_032026-F-902x1024.jpg",902,1024,true],"1536x1536":["https:\/\/rms-enlinea.com.ar\/wp-content\/uploads\/2026\/03\/D_905993-MLA108491154659_032026-F.jpg",1038,1178,false],"2048x2048":["https:\/\/rms-enlinea.com.ar\/wp-content\/uploads\/2026\/03\/D_905993-MLA108491154659_032026-F.jpg",1038,1178,false],"woocommerce_thumbnail":["https:\/\/rms-enlinea.com.ar\/wp-content\/uploads\/2026\/03\/D_905993-MLA108491154659_032026-F-450x450.jpg",450,450,true],"woocommerce_single":["https:\/\/rms-enlinea.com.ar\/wp-content\/uploads\/2026\/03\/D_905993-MLA108491154659_032026-F-600x681.jpg",600,681,true],"woocommerce_gallery_thumbnail":["https:\/\/rms-enlinea.com.ar\/wp-content\/uploads\/2026\/03\/D_905993-MLA108491154659_032026-F-100x100.jpg",100,100,true]},"uagb_author_info":{"display_name":"nelson","author_link":"https:\/\/rms-enlinea.com.ar\/tienda\/author\/"},"uagb_comment_info":0,"uagb_excerpt":"Soporte de mu\u00f1eca S\u00ed Dos caras No Enrollar No Antideslizante S\u00ed Tama\u00f1o y peso Talla S Peso de la unidad principal 167 gramos Altura del producto principal (en mm) 236 mil\u00edmetros Profundidad del producto principal (en mm) 16 mil\u00edmetros Ancho del producto principal (en mm) 205 mil\u00edmetros","_links":{"self":[{"href":"https:\/\/rms-enlinea.com.ar\/tienda\/wp-json\/wp\/v2\/product\/62087","targetHints":{"allow":["GET"]}}],"collection":[{"href":"https:\/\/rms-enlinea.com.ar\/tienda\/wp-json\/wp\/v2\/product"}],"about":[{"href":"https:\/\/rms-enlinea.com.ar\/tienda\/wp-json\/wp\/v2\/types\/product"}],"replies":[{"embeddable":true,"href":"https:\/\/rms-enlinea.com.ar\/tienda\/wp-json\/wp\/v2\/comments?post=62087"}],"wp:featuredmedia":[{"embeddable":true,"href":"https:\/\/rms-enlinea.com.ar\/tienda\/wp-json\/wp\/v2\/media\/62088"}],"wp:attachment":[{"href":"https:\/\/rms-enlinea.com.ar\/tienda\/wp-json\/wp\/v2\/media?parent=62087"}],"wp:term":[{"taxonomy":"product_brand","embeddable":true,"href":"https:\/\/rms-enlinea.com.ar\/tienda\/wp-json\/wp\/v2\/product_brand?post=62087"},{"taxonomy":"product_cat","embeddable":true,"href":"https:\/\/rms-enlinea.com.ar\/tienda\/wp-json\/wp\/v2\/product_cat?post=62087"},{"taxonomy":"product_tag","embeddable":true,"href":"https:\/\/rms-enlinea.com.ar\/tienda\/wp-json\/wp\/v2\/product_tag?post=62087"}],"curies":[{"name":"wp","href":"https:\/\/api.w.org\/{rel}","templated":true}]}}