{"id":62101,"date":"2026-03-11T15:30:16","date_gmt":"2026-03-11T18:30:16","guid":{"rendered":"https:\/\/rms-enlinea.com.ar\/tienda\/producto\/soporte-de-celular-para-ventilacion-de-auto-trust-24983\/"},"modified":"2026-04-21T05:58:57","modified_gmt":"2026-04-21T08:58:57","slug":"soporte-de-celular-para-ventilacion-de-auto-trust-24983","status":"publish","type":"product","link":"https:\/\/rms-enlinea.com.ar\/tienda\/producto\/soporte-de-celular-para-ventilacion-de-auto-trust-24983\/","title":{"rendered":"Soporte De Celular Para Ventilacion De Auto Trust 24983"},"content":{"rendered":"<p>Sostenibilidad<br \/>\nMaterial pl\u00e1stico<\/p>\n<p>Tama\u00f1o y peso<br \/>\nPeso total 113 gramos<br \/>\nAltura del producto principal (en mm) 115 mil\u00edmetros<br \/>\nProfundidad del producto principal (en mm) 60 mil\u00edmetros<br \/>\nAncho del producto principal (en mm) 80 mil\u00edmetros<\/p>\n","protected":false},"excerpt":{"rendered":"<p>Sostenibilidad Material pl\u00e1stico Tama\u00f1o y peso Peso total 113 gramos Altura del producto principal (en mm) 115 mil\u00edmetros Profundidad del producto principal (en mm) 60 mil\u00edmetros Ancho del producto principal (en mm) 80 mil\u00edmetros<\/p>\n","protected":false},"featured_media":62102,"comment_status":"open","ping_status":"closed","template":"","meta":{"_uag_custom_page_level_css":""},"product_brand":[542],"product_cat":[15,461],"product_tag":[],"class_list":{"0":"post-62101","1":"product","2":"type-product","3":"status-publish","4":"has-post-thumbnail","6":"product_brand-trustgaming","7":"product_cat-sin-categorizar","8":"product_cat-soportes-computacion","10":"first","11":"outofstock","12":"sale","13":"taxable","14":"shipping-taxable","15":"purchasable","16":"product-type-simple"},"uagb_featured_image_src":{"full":["https:\/\/rms-enlinea.com.ar\/wp-content\/uploads\/2026\/03\/D_665640-MLA108493955517_032026-F.jpg",626,729,false],"thumbnail":["https:\/\/rms-enlinea.com.ar\/wp-content\/uploads\/2026\/03\/D_665640-MLA108493955517_032026-F-150x150.jpg",150,150,true],"medium":["https:\/\/rms-enlinea.com.ar\/wp-content\/uploads\/2026\/03\/D_665640-MLA108493955517_032026-F-258x300.jpg",258,300,true],"medium_large":["https:\/\/rms-enlinea.com.ar\/wp-content\/uploads\/2026\/03\/D_665640-MLA108493955517_032026-F.jpg",626,729,false],"large":["https:\/\/rms-enlinea.com.ar\/wp-content\/uploads\/2026\/03\/D_665640-MLA108493955517_032026-F.jpg",626,729,false],"1536x1536":["https:\/\/rms-enlinea.com.ar\/wp-content\/uploads\/2026\/03\/D_665640-MLA108493955517_032026-F.jpg",626,729,false],"2048x2048":["https:\/\/rms-enlinea.com.ar\/wp-content\/uploads\/2026\/03\/D_665640-MLA108493955517_032026-F.jpg",626,729,false],"woocommerce_thumbnail":["https:\/\/rms-enlinea.com.ar\/wp-content\/uploads\/2026\/03\/D_665640-MLA108493955517_032026-F-450x450.jpg",450,450,true],"woocommerce_single":["https:\/\/rms-enlinea.com.ar\/wp-content\/uploads\/2026\/03\/D_665640-MLA108493955517_032026-F-600x699.jpg",600,699,true],"woocommerce_gallery_thumbnail":["https:\/\/rms-enlinea.com.ar\/wp-content\/uploads\/2026\/03\/D_665640-MLA108493955517_032026-F-100x100.jpg",100,100,true]},"uagb_author_info":{"display_name":"nelson","author_link":"https:\/\/rms-enlinea.com.ar\/tienda\/author\/"},"uagb_comment_info":0,"uagb_excerpt":"Sostenibilidad Material pl\u00e1stico Tama\u00f1o y peso Peso total 113 gramos Altura del producto principal (en mm) 115 mil\u00edmetros Profundidad del producto principal (en mm) 60 mil\u00edmetros Ancho del producto principal (en mm) 80 mil\u00edmetros","_links":{"self":[{"href":"https:\/\/rms-enlinea.com.ar\/tienda\/wp-json\/wp\/v2\/product\/62101","targetHints":{"allow":["GET"]}}],"collection":[{"href":"https:\/\/rms-enlinea.com.ar\/tienda\/wp-json\/wp\/v2\/product"}],"about":[{"href":"https:\/\/rms-enlinea.com.ar\/tienda\/wp-json\/wp\/v2\/types\/product"}],"replies":[{"embeddable":true,"href":"https:\/\/rms-enlinea.com.ar\/tienda\/wp-json\/wp\/v2\/comments?post=62101"}],"wp:featuredmedia":[{"embeddable":true,"href":"https:\/\/rms-enlinea.com.ar\/tienda\/wp-json\/wp\/v2\/media\/62102"}],"wp:attachment":[{"href":"https:\/\/rms-enlinea.com.ar\/tienda\/wp-json\/wp\/v2\/media?parent=62101"}],"wp:term":[{"taxonomy":"product_brand","embeddable":true,"href":"https:\/\/rms-enlinea.com.ar\/tienda\/wp-json\/wp\/v2\/product_brand?post=62101"},{"taxonomy":"product_cat","embeddable":true,"href":"https:\/\/rms-enlinea.com.ar\/tienda\/wp-json\/wp\/v2\/product_cat?post=62101"},{"taxonomy":"product_tag","embeddable":true,"href":"https:\/\/rms-enlinea.com.ar\/tienda\/wp-json\/wp\/v2\/product_tag?post=62101"}],"curies":[{"name":"wp","href":"https:\/\/api.w.org\/{rel}","templated":true}]}}