{"id":62167,"date":"2026-03-13T10:21:09","date_gmt":"2026-03-13T13:21:09","guid":{"rendered":"https:\/\/rms-enlinea.com.ar\/tienda\/producto\/auriculares-gamer-trust-gxt-489-fayzo-purple-color-violeta\/"},"modified":"2026-04-21T03:40:19","modified_gmt":"2026-04-21T06:40:19","slug":"auriculares-gamer-trust-gxt-489-fayzo-purple-color-violeta","status":"publish","type":"product","link":"https:\/\/rms-enlinea.com.ar\/tienda\/producto\/auriculares-gamer-trust-gxt-489-fayzo-purple-color-violeta\/","title":{"rendered":"Auriculares Gamer Trust Gxt 489p Fayzo Multiplataforma"},"content":{"rendered":"<p>Envu\u00e9lvete de sonido<br \/>Prep\u00e1rate para quedarte de piedra con el juego de auriculares Fayzo. Con sonido envolvente virtual 7.1 y unidades de altavoz de 50 mm, escuchar\u00e1s cada palabra, pisada, golpe, campanilla y cualquier otro sonido como nunca los hab\u00edas o\u00eddo.<\/p>\n<p>Juega por el planeta<br \/>Juega de una manera buena para ti y buena para el planeta. Con un dise\u00f1o ecol\u00f3gico, compuesto por un 85% de pl\u00e1sticos reciclados, los auriculares Fayzo te permiten jugar con un sonido n\u00edtido y la conciencia tranquila.<\/p>\n<p>Irresistiblemente c\u00f3modos<br \/>Perfecto para esas sesiones maratonianas de gaming, este juego de auriculares tiene almohadillas para las orejas superc\u00f3modas y auriculares giratorios ajustables para que puedas llevarlos todo el d\u00eda sin cansarte. \u00a1Una delicia!<\/p>\n<p>Micr\u00f3fono activado, micr\u00f3fono desactivado<br \/>Tus compa\u00f1eros de equipo te necesitan, as\u00ed que aseg\u00farate de que capten todo lo que dices con el micr\u00f3fono con cancelaci\u00f3n de ruido de los auriculares Fayzo. Flexible y desmontable, incluso se puede plegar o retirar por completo cuando no lo necesites.<\/p>\n<p>\u00a1Ilum\u00ednalo!<br \/>Este juego de auriculares tiene estilo y presencia. Con iluminaci\u00f3n RGB multicolor regulable, puedes elegir entre tres modos de vibrantes colores para a\u00f1adir un toque adicional incre\u00edble al set-up de gaming.<\/p>\n<p>Escuchar y que te escuchen<br \/>Gestiona el sonido de forma impecable con el control de volumen de f\u00e1cil acceso de los auriculares Fayzo y el bot\u00f3n silenciador del micr\u00f3fono situado en el auricular. Ya no tendr\u00e1s que pelearte con los controles y tendr\u00e1s m\u00e1s tiempo para jugar.<\/p>\n<p>Siempre conectado<br \/>Nunca permitas que un cable corto te detenga. Provistos de un cable trenzado desmontable extralargo de 2 m, este juego de auriculares garantiza la libertad de movimientos y el juego sin restricciones, independientemente de la intensidad que exijan las condiciones.<\/p>\n<p>ESPECIFICACIONES<\/p>\n<p>Auricular<br \/>Diadema ajustable: S\u00ed<br \/>Tipo de auricular: Sobre oreja<br \/>Material de los auriculares: material de tela (tejido de malla), cuero sint\u00e9tico<br \/>Construcci\u00f3n de tapones para los o\u00eddos: cerrado<br \/>Canales de salida: 2<br \/>Tipo de im\u00e1n: Neodimio<br \/>Cancelaci\u00f3n activa de ruido: No<br \/>Distorsi\u00f3n arm\u00f3nica total: 1 %<br \/>Presi\u00f3n de contacto del auricular: normal<br \/>Reducci\u00f3n de ruido: No<br \/>Reducci\u00f3n de ruido de fondo: No<br \/>Software: No<br \/>Control remoto: En el auricular<br \/>Controles en el auricular: S\u00ed<br \/>Control de volumen, silencio del micr\u00f3fono<br \/>Indicadores LED: No<\/p>\n<p>Audio<br \/>Reproducci\u00f3n de sonido: Est\u00e9reo<br \/>Canales de audio: 2.0<br \/>Respuesta frecuente: 20Hz &#8211; 20.000Hz<br \/>Tama\u00f1o del conductor: 50 mil\u00edmetros<br \/>Unidades de conductor: 2<\/p>\n<p>Micr\u00f3fono<br \/>Micr\u00f3fono desmontable: S\u00ed<br \/>Impedancia: 32 ohmios<br \/>Sensibilidad: 100dB<br \/>Nivel de presi\u00f3n de sonido: 110dB<br \/>Micr\u00f3fono tipo sensor: electreto<br \/>Patr\u00f3n de recogida: Omnidireccional<br \/>Micr\u00f3fono de respuesta de frecuencia: 100Hz &#8211; 17.000Hz<br \/>Cancelaci\u00f3n del eco: No<\/p>\n<p>Conectividad<br \/>Tipo de conecci\u00f3n: Cableado<br \/>Bluetooth: No<br \/>Tipo de conector: 3,5 mm<br \/>Estilo de conector: derecho<br \/>Estilo de cable: redondo<br \/>Cable desmontable: S\u00ed<br \/>Longitud del cable cable principal: 120cm<\/p>\n<p>Compatibilidad<br \/>Adecuado para: Juegos, Escuchar m\u00fasica, Fortnite, Uso diario, Hogar<br \/>Tipos de dispositivos compatibles: pc, laptop, consola de juegos<br \/>Consolas compatibles: PS4, PS5, Xbox Serie S, Xbox Serie X<br \/>Plataformas de software compatibles: Android, iOS, Windows, MacOS, Linux, sistema operativo Chrome<br \/>Compatibilidad PC de escritorio y port\u00e1til: S\u00ed<br \/>Compatibilidad PlayStation: S\u00ed<br \/>Compatibilidad Nintendo Switch: S\u00ed<br \/>Compatibilidad M\u00f3vil y Tablet: S\u00ed, s\u00f3lo a trav\u00e9s de 3,5 mm<br \/>Compatibilidad Xbox: S\u00ed<br \/>Compatibilidad general: 3,5 mm<\/p>\n<p>Tama\u00f1o y peso<br \/>Peso total: 255 gramos<br \/>Profundidad del producto principal (en mm): 90mm<br \/>Ancho del producto principal (en mm): 180 mil\u00edmetros<\/p>\n","protected":false},"excerpt":{"rendered":"<p>Envu\u00e9lvete de sonidoPrep\u00e1rate para quedarte de piedra con el juego de auriculares Fayzo. Con sonido envolvente virtual 7.1 y unidades de altavoz de 50 mm, escuchar\u00e1s cada palabra, pisada, golpe, campanilla y cualquier otro sonido como nunca los hab\u00edas o\u00eddo. Juega por el planetaJuega de una manera buena para ti y buena para el planeta. [&hellip;]<\/p>\n","protected":false},"featured_media":62168,"comment_status":"open","ping_status":"closed","template":"","meta":{"_uag_custom_page_level_css":""},"product_brand":[542],"product_cat":[99,15],"product_tag":[],"class_list":{"0":"post-62167","1":"product","2":"type-product","3":"status-publish","4":"has-post-thumbnail","6":"product_brand-trustgaming","7":"product_cat-auriculares-computacion","8":"product_cat-sin-categorizar","10":"first","11":"outofstock","12":"sale","13":"taxable","14":"shipping-taxable","15":"purchasable","16":"product-type-simple"},"uagb_featured_image_src":{"full":["https:\/\/rms-enlinea.com.ar\/wp-content\/uploads\/2026\/03\/D_966220-MLA99989508043_112025-F.jpg",1070,1200,false],"thumbnail":["https:\/\/rms-enlinea.com.ar\/wp-content\/uploads\/2026\/03\/D_966220-MLA99989508043_112025-F-150x150.jpg",150,150,true],"medium":["https:\/\/rms-enlinea.com.ar\/wp-content\/uploads\/2026\/03\/D_966220-MLA99989508043_112025-F-268x300.jpg",268,300,true],"medium_large":["https:\/\/rms-enlinea.com.ar\/wp-content\/uploads\/2026\/03\/D_966220-MLA99989508043_112025-F-768x861.jpg",768,861,true],"large":["https:\/\/rms-enlinea.com.ar\/wp-content\/uploads\/2026\/03\/D_966220-MLA99989508043_112025-F-913x1024.jpg",913,1024,true],"1536x1536":["https:\/\/rms-enlinea.com.ar\/wp-content\/uploads\/2026\/03\/D_966220-MLA99989508043_112025-F.jpg",1070,1200,false],"2048x2048":["https:\/\/rms-enlinea.com.ar\/wp-content\/uploads\/2026\/03\/D_966220-MLA99989508043_112025-F.jpg",1070,1200,false],"woocommerce_thumbnail":["https:\/\/rms-enlinea.com.ar\/wp-content\/uploads\/2026\/03\/D_966220-MLA99989508043_112025-F-450x450.jpg",450,450,true],"woocommerce_single":["https:\/\/rms-enlinea.com.ar\/wp-content\/uploads\/2026\/03\/D_966220-MLA99989508043_112025-F-600x673.jpg",600,673,true],"woocommerce_gallery_thumbnail":["https:\/\/rms-enlinea.com.ar\/wp-content\/uploads\/2026\/03\/D_966220-MLA99989508043_112025-F-100x100.jpg",100,100,true]},"uagb_author_info":{"display_name":"nelson","author_link":"https:\/\/rms-enlinea.com.ar\/tienda\/author\/"},"uagb_comment_info":0,"uagb_excerpt":"Envu\u00e9lvete de sonidoPrep\u00e1rate para quedarte de piedra con el juego de auriculares Fayzo. Con sonido envolvente virtual 7.1 y unidades de altavoz de 50 mm, escuchar\u00e1s cada palabra, pisada, golpe, campanilla y cualquier otro sonido como nunca los hab\u00edas o\u00eddo. Juega por el planetaJuega de una manera buena para ti y buena para el planeta.&hellip;","_links":{"self":[{"href":"https:\/\/rms-enlinea.com.ar\/tienda\/wp-json\/wp\/v2\/product\/62167","targetHints":{"allow":["GET"]}}],"collection":[{"href":"https:\/\/rms-enlinea.com.ar\/tienda\/wp-json\/wp\/v2\/product"}],"about":[{"href":"https:\/\/rms-enlinea.com.ar\/tienda\/wp-json\/wp\/v2\/types\/product"}],"replies":[{"embeddable":true,"href":"https:\/\/rms-enlinea.com.ar\/tienda\/wp-json\/wp\/v2\/comments?post=62167"}],"wp:featuredmedia":[{"embeddable":true,"href":"https:\/\/rms-enlinea.com.ar\/tienda\/wp-json\/wp\/v2\/media\/62168"}],"wp:attachment":[{"href":"https:\/\/rms-enlinea.com.ar\/tienda\/wp-json\/wp\/v2\/media?parent=62167"}],"wp:term":[{"taxonomy":"product_brand","embeddable":true,"href":"https:\/\/rms-enlinea.com.ar\/tienda\/wp-json\/wp\/v2\/product_brand?post=62167"},{"taxonomy":"product_cat","embeddable":true,"href":"https:\/\/rms-enlinea.com.ar\/tienda\/wp-json\/wp\/v2\/product_cat?post=62167"},{"taxonomy":"product_tag","embeddable":true,"href":"https:\/\/rms-enlinea.com.ar\/tienda\/wp-json\/wp\/v2\/product_tag?post=62167"}],"curies":[{"name":"wp","href":"https:\/\/api.w.org\/{rel}","templated":true}]}}