{"id":62201,"date":"2026-03-13T12:41:15","date_gmt":"2026-03-13T15:41:15","guid":{"rendered":"https:\/\/rms-enlinea.com.ar\/tienda\/producto\/teclado-musical-portatil-37-teclas-yamaha-pssa50\/"},"modified":"2026-04-02T17:22:27","modified_gmt":"2026-04-02T20:22:27","slug":"teclado-musical-portatil-37-teclas-yamaha-pssa50","status":"publish","type":"product","link":"https:\/\/rms-enlinea.com.ar\/tienda\/producto\/teclado-musical-portatil-37-teclas-yamaha-pssa50\/","title":{"rendered":"Teclado Musical Portatil 37 Teclas Yamaha Pssa50"},"content":{"rendered":"<p>LOS M\u00cdTICOS PSS CON MINI-TECLA DE LOS \u201980 EST\u00c1N DE VUELTA CON NUEVOS DISE\u00d1OS Y FUNCIONES PARA QUE PUEDAS LLEVAS TU M\u00daSICA ALL\u00c1 DONDE VAYAS. CON 3 MODELOS ENTRE LOS QUE ELEGIR, LOS NUEVOS PSS EST\u00c1N PENSADOS PARA USUARIOS MUY DIFERENTES.<\/p>\n<p>SONIDOS DE NIVEL PROFESIONAL, UN TECLADO HEREDADO DE LOS ACLAMADOS REFACE, EFECTOS INCRE\u00cdBLES Y TODA LA CONECTIVIDAD QUE NECESITAS PARA LLEVAR TU CREATIVIDAD ALL\u00cd DONDE QUIERAS. EL TECLADO PERFECTO PARA COMPOSITORES Y PRODUCTORES QUE NECESITAN MOVILIDAD.<\/p>\n<p>\u00a1HAZTE OIR!<br \/>\nSONIDOS DE CALIDAD PROFESIONAL EN UN TAMA\u00d1O PEQUE\u00d1O. EFECTOS GENIALES Y CONTROL CREATIVO. TODO LO QUE NECESITAS PARA HACER LA M\u00daSICA QUE VA CONTIGO.<\/p>\n<p>INSTRUMENTOS LLENOS DE INSPIRACI\u00d3N QUE GRABAN LOS MEJORES MOMENTOS<br \/>\nUTILIZA EL ARPEGIADOR INCORPORADO COMO FUENTE DE INSPIRACI\u00d3N PARA CREAR NUEVAS IDEAS, MELOD\u00cdAS Y BEATS. O ACTIVA EL GRABADOR DE FRASEO PARA REPETIR EN BUCLE, REPRODUCIR Y GRABAR OBRAS MUSICALES. EL PSS-A50 TAMBI\u00c9N SE PUEDE CONECTAR A UNA CONFIGURACI\u00d3N DE GRABACI\u00d3N EN CASA O A UN DISPOSITIVO M\u00d3VIL PARA QUE LA M\u00daSICA VAYA CONTIGO A TODAS PARTES.<\/p>\n<p>COMPACTO Y COLOSAL AL MISMO TIEMPO<br \/>\nEL MINITECLADO PSS-A50 ES EL HERMANO PEQUE\u00d1O DE LA SERIE REFACE DE YAMAHA, QUE HA SIDO UNA OPCI\u00d3N MUY VALORADA POR LOS PROFESIONALES POR SU TACTO, SENSACIONES Y POTENCIAL EXPRESIVO INIGUALABLES. EL PSS-A50 PRESENTA NUEVAS FUNCIONES, POR EJEMPLO, UN ARPEGIADOR INTEGRADO PARA QUE TU LIBERTAD CREATIVA NO TENGA L\u00cdMITES Y UNA OPCI\u00d3N DE GRABADOR DE FRASEO PARA GRABAR, REPRODUCIR Y REPETIR EN BUCLE TUS IDEAS MUSICALES. AL USAR ESTAS FUNCIONES JUNTO A ARPEGIO HOLD, PUEDES GENERAR CANCIONES CON HASTA CUATRO CAPAS, HACER USO DE LOS ACORDES MAESTROS Y FRASEOS M\u00c1S COMPLEJOS, Y, DE MANERA SIMULT\u00c1NEA, CREAR FRAGMENTOS DE ALTA VELOCIDAD Y MELOD\u00cdAS QUE LLEGUEN AL CORAZ\u00d3N. \u00a1EL TECLADO PSS-A50 CONVIERTE TODO TU POTENCIAL EN PODER CREATIVO Y MUSICA<\/p>\n<p>VE A DONDE LA MUSICA TE LLEVE<br \/>\nCON EL PSS-A50, TU ESTUDIO EST\u00c1 DONDE QUIERAS LLEVARLO. SU TAMA\u00d1O PR\u00c1CTICO Y COMPACTO HACE QUE SEA EL COMPA\u00d1ERO MUSICAL PERFECTO PARA VIAJAR, HACER SESIONES DE IMPROVISACI\u00d3N, BARBACOAS EN EL JARD\u00cdN O INCLUSO PARA GRABAR EN UN ESTUDIO. CONECTA EL PSS-A50 A TU ORDENADOR Y EXPERIMENTA CON INSTRUMENTOS VIRTUALES Y SOFTWARE DE PRODUCCI\u00d3N MUSICAL PARA CREAR MELOD\u00cdAS INFINITAS Y LA POSIBILIDAD DE ESCRIBIR CANCIONES.*<\/p>\n<p>*EL SOFTWARE SE VENDE POR SEPARADO<\/p>\n<p>CARACTER\u00cdSTICAS YAMAHA PSS-A50<br \/>\n37 MINITECLAS DE ALTA CALIDAD Y SENSIBLES AL TACTO<br \/>\n42 VOCES (INSTRUMENTOS)<br \/>\n138 TIPOS DE ARPEGIO CON FUNCI\u00d3N DE PULSACI\u00d3N<br \/>\nGRABADOR DE FRASEOS<br \/>\nEFECTO DE MOVIMIENTO<br \/>\nCONEXI\u00d3N DE USB-MIDI<br \/>\nLIGERO Y COMPACTO<br \/>\nALTAVOZ INTEGRADO<br \/>\nJACK PARA AURICULARES<br \/>\nALIMENTACI\u00d3N POR BATER\u00cdAS Y BUS USB (EL ADAPTADOR DE ALIMENTACI\u00d3N USB SE VENDE POR SEPARADO)<\/p>\n","protected":false},"excerpt":{"rendered":"<p>LOS M\u00cdTICOS PSS CON MINI-TECLA DE LOS \u201980 EST\u00c1N DE VUELTA CON NUEVOS DISE\u00d1OS Y FUNCIONES PARA QUE PUEDAS LLEVAS TU M\u00daSICA ALL\u00c1 DONDE VAYAS. CON 3 MODELOS ENTRE LOS QUE ELEGIR, LOS NUEVOS PSS EST\u00c1N PENSADOS PARA USUARIOS MUY DIFERENTES. SONIDOS DE NIVEL PROFESIONAL, UN TECLADO HEREDADO DE LOS ACLAMADOS REFACE, EFECTOS INCRE\u00cdBLES Y [&hellip;]<\/p>\n","protected":false},"featured_media":31453,"comment_status":"open","ping_status":"closed","template":"","meta":{"_uag_custom_page_level_css":""},"product_brand":[496],"product_cat":[15,683],"product_tag":[],"class_list":{"0":"post-62201","1":"product","2":"type-product","3":"status-publish","4":"has-post-thumbnail","6":"product_brand-yamaha","7":"product_cat-sin-categorizar","8":"product_cat-teclados","10":"first","11":"instock","12":"sale","13":"taxable","14":"shipping-taxable","15":"purchasable","16":"product-type-simple"},"uagb_featured_image_src":{"full":["https:\/\/rms-enlinea.com.ar\/wp-content\/uploads\/2025\/06\/D_856559-MLA50939659199_072022-F.jpg",968,476,false],"thumbnail":["https:\/\/rms-enlinea.com.ar\/wp-content\/uploads\/2025\/06\/D_856559-MLA50939659199_072022-F-150x150.jpg",150,150,true],"medium":["https:\/\/rms-enlinea.com.ar\/wp-content\/uploads\/2025\/06\/D_856559-MLA50939659199_072022-F-300x148.jpg",300,148,true],"medium_large":["https:\/\/rms-enlinea.com.ar\/wp-content\/uploads\/2025\/06\/D_856559-MLA50939659199_072022-F-768x378.jpg",768,378,true],"large":["https:\/\/rms-enlinea.com.ar\/wp-content\/uploads\/2025\/06\/D_856559-MLA50939659199_072022-F.jpg",968,476,false],"1536x1536":["https:\/\/rms-enlinea.com.ar\/wp-content\/uploads\/2025\/06\/D_856559-MLA50939659199_072022-F.jpg",968,476,false],"2048x2048":["https:\/\/rms-enlinea.com.ar\/wp-content\/uploads\/2025\/06\/D_856559-MLA50939659199_072022-F.jpg",968,476,false],"woocommerce_thumbnail":["https:\/\/rms-enlinea.com.ar\/wp-content\/uploads\/2025\/06\/D_856559-MLA50939659199_072022-F-450x450.jpg",450,450,true],"woocommerce_single":["https:\/\/rms-enlinea.com.ar\/wp-content\/uploads\/2025\/06\/D_856559-MLA50939659199_072022-F-600x295.jpg",600,295,true],"woocommerce_gallery_thumbnail":["https:\/\/rms-enlinea.com.ar\/wp-content\/uploads\/2025\/06\/D_856559-MLA50939659199_072022-F-100x100.jpg",100,100,true]},"uagb_author_info":{"display_name":"nelson","author_link":"https:\/\/rms-enlinea.com.ar\/tienda\/author\/"},"uagb_comment_info":0,"uagb_excerpt":"LOS M\u00cdTICOS PSS CON MINI-TECLA DE LOS \u201980 EST\u00c1N DE VUELTA CON NUEVOS DISE\u00d1OS Y FUNCIONES PARA QUE PUEDAS LLEVAS TU M\u00daSICA ALL\u00c1 DONDE VAYAS. CON 3 MODELOS ENTRE LOS QUE ELEGIR, LOS NUEVOS PSS EST\u00c1N PENSADOS PARA USUARIOS MUY DIFERENTES. SONIDOS DE NIVEL PROFESIONAL, UN TECLADO HEREDADO DE LOS ACLAMADOS REFACE, EFECTOS INCRE\u00cdBLES Y&hellip;","_links":{"self":[{"href":"https:\/\/rms-enlinea.com.ar\/tienda\/wp-json\/wp\/v2\/product\/62201","targetHints":{"allow":["GET"]}}],"collection":[{"href":"https:\/\/rms-enlinea.com.ar\/tienda\/wp-json\/wp\/v2\/product"}],"about":[{"href":"https:\/\/rms-enlinea.com.ar\/tienda\/wp-json\/wp\/v2\/types\/product"}],"replies":[{"embeddable":true,"href":"https:\/\/rms-enlinea.com.ar\/tienda\/wp-json\/wp\/v2\/comments?post=62201"}],"wp:featuredmedia":[{"embeddable":true,"href":"https:\/\/rms-enlinea.com.ar\/tienda\/wp-json\/wp\/v2\/media\/31453"}],"wp:attachment":[{"href":"https:\/\/rms-enlinea.com.ar\/tienda\/wp-json\/wp\/v2\/media?parent=62201"}],"wp:term":[{"taxonomy":"product_brand","embeddable":true,"href":"https:\/\/rms-enlinea.com.ar\/tienda\/wp-json\/wp\/v2\/product_brand?post=62201"},{"taxonomy":"product_cat","embeddable":true,"href":"https:\/\/rms-enlinea.com.ar\/tienda\/wp-json\/wp\/v2\/product_cat?post=62201"},{"taxonomy":"product_tag","embeddable":true,"href":"https:\/\/rms-enlinea.com.ar\/tienda\/wp-json\/wp\/v2\/product_tag?post=62201"}],"curies":[{"name":"wp","href":"https:\/\/api.w.org\/{rel}","templated":true}]}}