{"id":62277,"date":"2026-03-14T21:20:16","date_gmt":"2026-03-15T00:20:16","guid":{"rendered":"https:\/\/rms-enlinea.com.ar\/tienda\/producto\/teclado-gamer-mecanico-tkl-eng-hotswap-trust-gxt872-25729\/"},"modified":"2026-04-04T16:23:36","modified_gmt":"2026-04-04T19:23:36","slug":"teclado-gamer-mecanico-tkl-eng-hotswap-trust-gxt872-25729","status":"publish","type":"product","link":"https:\/\/rms-enlinea.com.ar\/tienda\/producto\/teclado-gamer-mecanico-tkl-eng-hotswap-trust-gxt872-25729\/","title":{"rendered":"Teclado Gamer Mecanico Tkl Eng Hotswap Trust Gxt872 25729"},"content":{"rendered":"<p>General<br \/>\nDise\u00f1o ergon\u00f3mico No<\/p>\n<p>Sostenibilidad<br \/>\nMaterial pl\u00e1stico ABS<\/p>\n<p>Conectividad<br \/>\nVersi\u00f3n USB 2.0<\/p>\n<p>Caracter\u00edsticas<br \/>\nMemoria integrada S\u00ed<br \/>\nSoftware S\u00ed<br \/>\nA prueba de derrames No<br \/>\nSoporte para la mu\u00f1eca No<br \/>\nteclas silenciosas S\u00ed<\/p>\n<p>Tama\u00f1o y peso<br \/>\nTeclado de tama\u00f1o completo No<br \/>\nTama\u00f1o del teclado TCL<br \/>\nPeso total 831 g<br \/>\nAltura del producto principal (en mm) 33 mm<br \/>\nProfundidad del producto principal (en mm) 140 mm<br \/>\nAncho del producto principal (en mm) 365 mm<\/p>\n<p>Iluminaci\u00f3n<br \/>\nIluminar desde el fondo S\u00ed<\/p>\n<p>Compatibilidad<br \/>\nPlataformas de software compatibles Windows<br \/>\nTipos de dispositivos compatibles PC, port\u00e1til, consola de videojuegos<\/p>\n<p>Control<br \/>\nTipo de interruptor Lineal<br \/>\nN\u00famero de teclas 87<br \/>\nVida \u00fatil de la llave 60.000.000 prensas<br \/>\nTeclas programables S\u00ed<br \/>\nIndicadores Bloq May\u00fas, Modo Juego<br \/>\nTeclado num\u00e9rico No<\/p>\n","protected":false},"excerpt":{"rendered":"<p>General Dise\u00f1o ergon\u00f3mico No Sostenibilidad Material pl\u00e1stico ABS Conectividad Versi\u00f3n USB 2.0 Caracter\u00edsticas Memoria integrada S\u00ed Software S\u00ed A prueba de derrames No Soporte para la mu\u00f1eca No teclas silenciosas S\u00ed Tama\u00f1o y peso Teclado de tama\u00f1o completo No Tama\u00f1o del teclado TCL Peso total 831 g Altura del producto principal (en mm) 33 mm [&hellip;]<\/p>\n","protected":false},"featured_media":62278,"comment_status":"open","ping_status":"closed","template":"","meta":{"_uag_custom_page_level_css":""},"product_brand":[542],"product_cat":[15,125],"product_tag":[],"class_list":{"0":"post-62277","1":"product","2":"type-product","3":"status-publish","4":"has-post-thumbnail","6":"product_brand-trustgaming","7":"product_cat-sin-categorizar","8":"product_cat-teclados-y-mouses","10":"first","11":"outofstock","12":"sale","13":"taxable","14":"shipping-taxable","15":"purchasable","16":"product-type-simple"},"uagb_featured_image_src":{"full":["https:\/\/rms-enlinea.com.ar\/wp-content\/uploads\/2026\/03\/D_809456-MLA108722361059_032026-F.jpg",849,590,false],"thumbnail":["https:\/\/rms-enlinea.com.ar\/wp-content\/uploads\/2026\/03\/D_809456-MLA108722361059_032026-F-150x150.jpg",150,150,true],"medium":["https:\/\/rms-enlinea.com.ar\/wp-content\/uploads\/2026\/03\/D_809456-MLA108722361059_032026-F-300x208.jpg",300,208,true],"medium_large":["https:\/\/rms-enlinea.com.ar\/wp-content\/uploads\/2026\/03\/D_809456-MLA108722361059_032026-F-768x534.jpg",768,534,true],"large":["https:\/\/rms-enlinea.com.ar\/wp-content\/uploads\/2026\/03\/D_809456-MLA108722361059_032026-F.jpg",849,590,false],"1536x1536":["https:\/\/rms-enlinea.com.ar\/wp-content\/uploads\/2026\/03\/D_809456-MLA108722361059_032026-F.jpg",849,590,false],"2048x2048":["https:\/\/rms-enlinea.com.ar\/wp-content\/uploads\/2026\/03\/D_809456-MLA108722361059_032026-F.jpg",849,590,false],"woocommerce_thumbnail":["https:\/\/rms-enlinea.com.ar\/wp-content\/uploads\/2026\/03\/D_809456-MLA108722361059_032026-F-450x450.jpg",450,450,true],"woocommerce_single":["https:\/\/rms-enlinea.com.ar\/wp-content\/uploads\/2026\/03\/D_809456-MLA108722361059_032026-F-600x417.jpg",600,417,true],"woocommerce_gallery_thumbnail":["https:\/\/rms-enlinea.com.ar\/wp-content\/uploads\/2026\/03\/D_809456-MLA108722361059_032026-F-100x100.jpg",100,100,true]},"uagb_author_info":{"display_name":"nelson","author_link":"https:\/\/rms-enlinea.com.ar\/tienda\/author\/"},"uagb_comment_info":0,"uagb_excerpt":"General Dise\u00f1o ergon\u00f3mico No Sostenibilidad Material pl\u00e1stico ABS Conectividad Versi\u00f3n USB 2.0 Caracter\u00edsticas Memoria integrada S\u00ed Software S\u00ed A prueba de derrames No Soporte para la mu\u00f1eca No teclas silenciosas S\u00ed Tama\u00f1o y peso Teclado de tama\u00f1o completo No Tama\u00f1o del teclado TCL Peso total 831 g Altura del producto principal (en mm) 33 mm&hellip;","_links":{"self":[{"href":"https:\/\/rms-enlinea.com.ar\/tienda\/wp-json\/wp\/v2\/product\/62277","targetHints":{"allow":["GET"]}}],"collection":[{"href":"https:\/\/rms-enlinea.com.ar\/tienda\/wp-json\/wp\/v2\/product"}],"about":[{"href":"https:\/\/rms-enlinea.com.ar\/tienda\/wp-json\/wp\/v2\/types\/product"}],"replies":[{"embeddable":true,"href":"https:\/\/rms-enlinea.com.ar\/tienda\/wp-json\/wp\/v2\/comments?post=62277"}],"wp:featuredmedia":[{"embeddable":true,"href":"https:\/\/rms-enlinea.com.ar\/tienda\/wp-json\/wp\/v2\/media\/62278"}],"wp:attachment":[{"href":"https:\/\/rms-enlinea.com.ar\/tienda\/wp-json\/wp\/v2\/media?parent=62277"}],"wp:term":[{"taxonomy":"product_brand","embeddable":true,"href":"https:\/\/rms-enlinea.com.ar\/tienda\/wp-json\/wp\/v2\/product_brand?post=62277"},{"taxonomy":"product_cat","embeddable":true,"href":"https:\/\/rms-enlinea.com.ar\/tienda\/wp-json\/wp\/v2\/product_cat?post=62277"},{"taxonomy":"product_tag","embeddable":true,"href":"https:\/\/rms-enlinea.com.ar\/tienda\/wp-json\/wp\/v2\/product_tag?post=62277"}],"curies":[{"name":"wp","href":"https:\/\/api.w.org\/{rel}","templated":true}]}}