{"id":62358,"date":"2026-03-20T11:50:10","date_gmt":"2026-03-20T14:50:10","guid":{"rendered":"https:\/\/rms-enlinea.com.ar\/tienda\/producto\/bafle-activo-3-vias-con-2-x-12-y-driver-av-noxen-12-800w-rms\/"},"modified":"2026-04-21T06:00:19","modified_gmt":"2026-04-21T09:00:19","slug":"bafle-activo-3-vias-con-2-x-12-y-driver-av-noxen-12-800w-rms","status":"publish","type":"product","link":"https:\/\/rms-enlinea.com.ar\/tienda\/producto\/bafle-activo-3-vias-con-2-x-12-y-driver-av-noxen-12-800w-rms\/","title":{"rendered":"Bafle Activo 3 Vias Con 2 X 12 Y Driver Av Noxen 12 800w Rms"},"content":{"rendered":"<p>American Vox presenta su Sistema de Sonido Multiprop\u00f3sito. Este equipo est\u00e1 listo para usar, es de r\u00e1pido armado y f\u00e1cil instalaci\u00f3n, e incluye soportes. Ofrece conectividad completa (Bluetooth, SD, USB).<\/p>\n<p>Ideal para uso en interiores y exteriores, adapt\u00e1ndose a una amplia variedad de entornos y eventos:<\/p>\n<p>Comercial y Profesional: Bares, locales, DJ, bandas, salones, iglesias y conferencias.<\/p>\n<p>Educativo y Comunitario: Escuelas \/ patios escolares, SUM (Salones de Usos M\u00faltiples).<\/p>\n<p>Social y Recreativo: Eventos sociales, quintas, quinchos.<\/p>\n<p>Tipo: Doble 12 3 v\u00edas Full Range Activo<\/p>\n<p>Rango de frecuencia -6dB: 50 Hz a 20 KHz<\/p>\n<p>SPL M\u00e1ximo: 131 dB<\/p>\n<p>Potencia RMS: 370 W LF + 370 W MF + 60 W HF<\/p>\n<p>Impedancia: 4 Ohms<\/p>\n<p>HF Agudos: Driver bobina 1.75 Titanio<\/p>\n<p>MF Medios: Parlante 12 bobina 2.5<\/p>\n<p>LF Graves: Parlante 12 bobina 2.5<\/p>\n<p>Amplificador: 3 V\u00edas Clase D<\/p>\n<p>DSP: DSP-100 96 kHz procesador 24-bit con presets<\/p>\n<p>Protecci\u00f3n: Corto Circuito Temperatura LCC PFC<\/p>\n<p>Controles: Power On Off DSP Presets Volumen Linea Selector MIC Linea<\/p>\n<p>Indicadores: Power Se\u00f1al Limite Modos DSP<\/p>\n<p>Input: Entrada 2 Combo XLR Jack 1 Linea RCA<\/p>\n<p>Output: 1 XLR<\/p>\n<p>Conectividad: Bluetooth 5.2 TWS<\/p>\n<p>Voltaje: 100 \u2013 260V 60\/50 Hz<\/p>\n<p>Gabinete: Polipropileno Homopol\u00edmero H-PP negro soporte tripode 35mm monitor<\/p>\n<p>Reja: Met\u00e1lica con malla ac\u00fastica<\/p>\n<p>Incluye tripode<\/p>\n","protected":false},"excerpt":{"rendered":"<p>American Vox presenta su Sistema de Sonido Multiprop\u00f3sito. Este equipo est\u00e1 listo para usar, es de r\u00e1pido armado y f\u00e1cil instalaci\u00f3n, e incluye soportes. Ofrece conectividad completa (Bluetooth, SD, USB). Ideal para uso en interiores y exteriores, adapt\u00e1ndose a una amplia variedad de entornos y eventos: Comercial y Profesional: Bares, locales, DJ, bandas, salones, iglesias [&hellip;]<\/p>\n","protected":false},"featured_media":62359,"comment_status":"open","ping_status":"closed","template":"","meta":{"_uag_custom_page_level_css":""},"product_brand":[506],"product_cat":[36,15],"product_tag":[],"class_list":{"0":"post-62358","1":"product","2":"type-product","3":"status-publish","4":"has-post-thumbnail","6":"product_brand-americanvox","7":"product_cat-bafles","8":"product_cat-sin-categorizar","10":"first","11":"outofstock","12":"sale","13":"taxable","14":"shipping-taxable","15":"purchasable","16":"product-type-simple"},"uagb_featured_image_src":{"full":["https:\/\/rms-enlinea.com.ar\/wp-content\/uploads\/2026\/03\/D_975289-MLA108308149764_032026-F.jpg",476,888,false],"thumbnail":["https:\/\/rms-enlinea.com.ar\/wp-content\/uploads\/2026\/03\/D_975289-MLA108308149764_032026-F-150x150.jpg",150,150,true],"medium":["https:\/\/rms-enlinea.com.ar\/wp-content\/uploads\/2026\/03\/D_975289-MLA108308149764_032026-F-161x300.jpg",161,300,true],"medium_large":["https:\/\/rms-enlinea.com.ar\/wp-content\/uploads\/2026\/03\/D_975289-MLA108308149764_032026-F.jpg",476,888,false],"large":["https:\/\/rms-enlinea.com.ar\/wp-content\/uploads\/2026\/03\/D_975289-MLA108308149764_032026-F.jpg",476,888,false],"1536x1536":["https:\/\/rms-enlinea.com.ar\/wp-content\/uploads\/2026\/03\/D_975289-MLA108308149764_032026-F.jpg",476,888,false],"2048x2048":["https:\/\/rms-enlinea.com.ar\/wp-content\/uploads\/2026\/03\/D_975289-MLA108308149764_032026-F.jpg",476,888,false],"woocommerce_thumbnail":["https:\/\/rms-enlinea.com.ar\/wp-content\/uploads\/2026\/03\/D_975289-MLA108308149764_032026-F-450x450.jpg",450,450,true],"woocommerce_single":["https:\/\/rms-enlinea.com.ar\/wp-content\/uploads\/2026\/03\/D_975289-MLA108308149764_032026-F.jpg",476,888,false],"woocommerce_gallery_thumbnail":["https:\/\/rms-enlinea.com.ar\/wp-content\/uploads\/2026\/03\/D_975289-MLA108308149764_032026-F-100x100.jpg",100,100,true]},"uagb_author_info":{"display_name":"nelson","author_link":"https:\/\/rms-enlinea.com.ar\/tienda\/author\/"},"uagb_comment_info":0,"uagb_excerpt":"American Vox presenta su Sistema de Sonido Multiprop\u00f3sito. Este equipo est\u00e1 listo para usar, es de r\u00e1pido armado y f\u00e1cil instalaci\u00f3n, e incluye soportes. Ofrece conectividad completa (Bluetooth, SD, USB). Ideal para uso en interiores y exteriores, adapt\u00e1ndose a una amplia variedad de entornos y eventos: Comercial y Profesional: Bares, locales, DJ, bandas, salones, iglesias&hellip;","_links":{"self":[{"href":"https:\/\/rms-enlinea.com.ar\/tienda\/wp-json\/wp\/v2\/product\/62358","targetHints":{"allow":["GET"]}}],"collection":[{"href":"https:\/\/rms-enlinea.com.ar\/tienda\/wp-json\/wp\/v2\/product"}],"about":[{"href":"https:\/\/rms-enlinea.com.ar\/tienda\/wp-json\/wp\/v2\/types\/product"}],"replies":[{"embeddable":true,"href":"https:\/\/rms-enlinea.com.ar\/tienda\/wp-json\/wp\/v2\/comments?post=62358"}],"wp:featuredmedia":[{"embeddable":true,"href":"https:\/\/rms-enlinea.com.ar\/tienda\/wp-json\/wp\/v2\/media\/62359"}],"wp:attachment":[{"href":"https:\/\/rms-enlinea.com.ar\/tienda\/wp-json\/wp\/v2\/media?parent=62358"}],"wp:term":[{"taxonomy":"product_brand","embeddable":true,"href":"https:\/\/rms-enlinea.com.ar\/tienda\/wp-json\/wp\/v2\/product_brand?post=62358"},{"taxonomy":"product_cat","embeddable":true,"href":"https:\/\/rms-enlinea.com.ar\/tienda\/wp-json\/wp\/v2\/product_cat?post=62358"},{"taxonomy":"product_tag","embeddable":true,"href":"https:\/\/rms-enlinea.com.ar\/tienda\/wp-json\/wp\/v2\/product_tag?post=62358"}],"curies":[{"name":"wp","href":"https:\/\/api.w.org\/{rel}","templated":true}]}}