{"id":62370,"date":"2026-03-21T14:20:11","date_gmt":"2026-03-21T17:20:11","guid":{"rendered":"https:\/\/rms-enlinea.com.ar\/tienda\/producto\/placa-de-video-asrock-rx9060-xt-8gb-oc-steel-legend-white\/"},"modified":"2026-04-21T06:47:29","modified_gmt":"2026-04-21T09:47:29","slug":"placa-de-video-asrock-rx9060-xt-8gb-oc-steel-legend-white","status":"publish","type":"product","link":"https:\/\/rms-enlinea.com.ar\/tienda\/producto\/placa-de-video-asrock-rx9060-xt-8gb-oc-steel-legend-white\/","title":{"rendered":"Placa De Video Radeon Rx 9060 Xt 8gb Asrock Steel Legend Oc"},"content":{"rendered":"<p>Bus Standard<br \/>\n&#8211; PCI\u00ae Express 5.0 x16<br \/>\nDirectX<br \/>\n&#8211; 12 Ultimate<br \/>\nOpenGL<br \/>\n&#8211; 4.6<br \/>\nMem\u00f3ria<br \/>\n&#8211; 8GB GDDR6<br \/>\nClock do processador<br \/>\n&#8211; Boost Clock*: Up to 3320 MHz<br \/>\n&#8211; Game Clock**: 2780 MHz<br \/>\nStream Processors<br \/>\n&#8211; 2048<br \/>\nClock de mem\u00f3ria<br \/>\n&#8211; 20 Gbps<br \/>\nMemory Interface<br \/>\n&#8211; 128-bit<br \/>\nResolu\u00e7\u00e3o<br \/>\n&#8211; Resoluci\u00f3n m\u00e1xima digital: 7680 x 4320<br \/>\nInterface<br \/>\n&#8211; 2x DisplayPort 2.1a<br \/>\n&#8211; 1x HDMI 2.1b<br \/>\nHDCP<br \/>\n&#8211; Yes<br \/>\nMulti-view<br \/>\n&#8211; 3<br \/>\nPSU recomendada<br \/>\n&#8211; 550W<br \/>\nPower Connector<br \/>\n&#8211; 1x 8-pin<\/p>\n","protected":false},"excerpt":{"rendered":"<p>Bus Standard &#8211; PCI\u00ae Express 5.0 x16 DirectX &#8211; 12 Ultimate OpenGL &#8211; 4.6 Mem\u00f3ria &#8211; 8GB GDDR6 Clock do processador &#8211; Boost Clock*: Up to 3320 MHz &#8211; Game Clock**: 2780 MHz Stream Processors &#8211; 2048 Clock de mem\u00f3ria &#8211; 20 Gbps Memory Interface &#8211; 128-bit Resolu\u00e7\u00e3o &#8211; Resoluci\u00f3n m\u00e1xima digital: 7680 x 4320 [&hellip;]<\/p>\n","protected":false},"featured_media":62371,"comment_status":"open","ping_status":"closed","template":"","meta":{"_uag_custom_page_level_css":""},"product_brand":[588],"product_cat":[120,15],"product_tag":[],"class_list":{"0":"post-62370","1":"product","2":"type-product","3":"status-publish","4":"has-post-thumbnail","6":"product_brand-asrock","7":"product_cat-placas-de-video","8":"product_cat-sin-categorizar","10":"first","11":"outofstock","12":"sale","13":"taxable","14":"shipping-taxable","15":"purchasable","16":"product-type-simple"},"uagb_featured_image_src":{"full":["https:\/\/rms-enlinea.com.ar\/wp-content\/uploads\/2026\/03\/D_824348-MLA99460010064_112025-F.jpg",608,462,false],"thumbnail":["https:\/\/rms-enlinea.com.ar\/wp-content\/uploads\/2026\/03\/D_824348-MLA99460010064_112025-F-150x150.jpg",150,150,true],"medium":["https:\/\/rms-enlinea.com.ar\/wp-content\/uploads\/2026\/03\/D_824348-MLA99460010064_112025-F-300x228.jpg",300,228,true],"medium_large":["https:\/\/rms-enlinea.com.ar\/wp-content\/uploads\/2026\/03\/D_824348-MLA99460010064_112025-F.jpg",608,462,false],"large":["https:\/\/rms-enlinea.com.ar\/wp-content\/uploads\/2026\/03\/D_824348-MLA99460010064_112025-F.jpg",608,462,false],"1536x1536":["https:\/\/rms-enlinea.com.ar\/wp-content\/uploads\/2026\/03\/D_824348-MLA99460010064_112025-F.jpg",608,462,false],"2048x2048":["https:\/\/rms-enlinea.com.ar\/wp-content\/uploads\/2026\/03\/D_824348-MLA99460010064_112025-F.jpg",608,462,false],"woocommerce_thumbnail":["https:\/\/rms-enlinea.com.ar\/wp-content\/uploads\/2026\/03\/D_824348-MLA99460010064_112025-F-450x450.jpg",450,450,true],"woocommerce_single":["https:\/\/rms-enlinea.com.ar\/wp-content\/uploads\/2026\/03\/D_824348-MLA99460010064_112025-F-600x456.jpg",600,456,true],"woocommerce_gallery_thumbnail":["https:\/\/rms-enlinea.com.ar\/wp-content\/uploads\/2026\/03\/D_824348-MLA99460010064_112025-F-100x100.jpg",100,100,true]},"uagb_author_info":{"display_name":"nelson","author_link":"https:\/\/rms-enlinea.com.ar\/tienda\/author\/"},"uagb_comment_info":0,"uagb_excerpt":"Bus Standard &#8211; PCI\u00ae Express 5.0 x16 DirectX &#8211; 12 Ultimate OpenGL &#8211; 4.6 Mem\u00f3ria &#8211; 8GB GDDR6 Clock do processador &#8211; Boost Clock*: Up to 3320 MHz &#8211; Game Clock**: 2780 MHz Stream Processors &#8211; 2048 Clock de mem\u00f3ria &#8211; 20 Gbps Memory Interface &#8211; 128-bit Resolu\u00e7\u00e3o &#8211; Resoluci\u00f3n m\u00e1xima digital: 7680 x 4320&hellip;","_links":{"self":[{"href":"https:\/\/rms-enlinea.com.ar\/tienda\/wp-json\/wp\/v2\/product\/62370","targetHints":{"allow":["GET"]}}],"collection":[{"href":"https:\/\/rms-enlinea.com.ar\/tienda\/wp-json\/wp\/v2\/product"}],"about":[{"href":"https:\/\/rms-enlinea.com.ar\/tienda\/wp-json\/wp\/v2\/types\/product"}],"replies":[{"embeddable":true,"href":"https:\/\/rms-enlinea.com.ar\/tienda\/wp-json\/wp\/v2\/comments?post=62370"}],"wp:featuredmedia":[{"embeddable":true,"href":"https:\/\/rms-enlinea.com.ar\/tienda\/wp-json\/wp\/v2\/media\/62371"}],"wp:attachment":[{"href":"https:\/\/rms-enlinea.com.ar\/tienda\/wp-json\/wp\/v2\/media?parent=62370"}],"wp:term":[{"taxonomy":"product_brand","embeddable":true,"href":"https:\/\/rms-enlinea.com.ar\/tienda\/wp-json\/wp\/v2\/product_brand?post=62370"},{"taxonomy":"product_cat","embeddable":true,"href":"https:\/\/rms-enlinea.com.ar\/tienda\/wp-json\/wp\/v2\/product_cat?post=62370"},{"taxonomy":"product_tag","embeddable":true,"href":"https:\/\/rms-enlinea.com.ar\/tienda\/wp-json\/wp\/v2\/product_tag?post=62370"}],"curies":[{"name":"wp","href":"https:\/\/api.w.org\/{rel}","templated":true}]}}