{"id":62394,"date":"2026-03-22T17:00:24","date_gmt":"2026-03-22T20:00:24","guid":{"rendered":"https:\/\/rms-enlinea.com.ar\/tienda\/producto\/proyector-epson-power-lite-e24-xga-3600-lumens-hdmi-vga\/"},"modified":"2026-04-21T03:54:41","modified_gmt":"2026-04-21T06:54:41","slug":"proyector-epson-power-lite-e24-xga-3600-lumens-hdmi-vga","status":"publish","type":"product","link":"https:\/\/rms-enlinea.com.ar\/tienda\/producto\/proyector-epson-power-lite-e24-xga-3600-lumens-hdmi-vga\/","title":{"rendered":"Proyector Epson Power Lite E24 Xga 3600 Lumens Hdmi Vga"},"content":{"rendered":"<p>Sistema de proyecci\u00f3n Tecnolog\u00eda Epson 3 LCD de 3 chips<br \/>\nModo de proyecci\u00f3n Frontal \/ Trasera \/ Montaje techo<br \/>\nPantalla LCD 0,55 pulgadas (C2fine)<br \/>\nM\u00e9todo de proyecci\u00f3n Polysilicon TFT active matrix<br \/>\nN\u00famero de pixeles 786.432 pixels (1.024 px x 768 px) x 3<br \/>\nResoluci\u00f3n nativa XGA<br \/>\nRelaci\u00f3n de aspecto 4:3<br \/>\nLuminosidad del color 3.600 l\u00famenes<br \/>\nLuminosidad del blanco 3.600 l\u00famenes<br \/>\nRelaci\u00f3n de contraste Hasta 15.000:1<br \/>\nReproducci\u00f3n del color Hasta 1.07 bill\u00f3n de colores<br \/>\nParlante Ruido del ventilador Monaural: 5 W x 1 28 dB \/ 37 dB<\/p>\n","protected":false},"excerpt":{"rendered":"<p>Sistema de proyecci\u00f3n Tecnolog\u00eda Epson 3 LCD de 3 chips Modo de proyecci\u00f3n Frontal \/ Trasera \/ Montaje techo Pantalla LCD 0,55 pulgadas (C2fine) M\u00e9todo de proyecci\u00f3n Polysilicon TFT active matrix N\u00famero de pixeles 786.432 pixels (1.024 px x 768 px) x 3 Resoluci\u00f3n nativa XGA Relaci\u00f3n de aspecto 4:3 Luminosidad del color 3.600 l\u00famenes [&hellip;]<\/p>\n","protected":false},"featured_media":62395,"comment_status":"open","ping_status":"closed","template":"","meta":{"_uag_custom_page_level_css":""},"product_brand":[553],"product_cat":[615,15],"product_tag":[],"class_list":{"0":"post-62394","1":"product","2":"type-product","3":"status-publish","4":"has-post-thumbnail","6":"product_brand-epson","7":"product_cat-proyectores","8":"product_cat-sin-categorizar","10":"first","11":"outofstock","12":"sale","13":"taxable","14":"shipping-taxable","15":"purchasable","16":"product-type-simple"},"uagb_featured_image_src":{"full":["https:\/\/rms-enlinea.com.ar\/wp-content\/uploads\/2026\/03\/D_697705-MLA99972203901_112025-F.jpg",1025,453,false],"thumbnail":["https:\/\/rms-enlinea.com.ar\/wp-content\/uploads\/2026\/03\/D_697705-MLA99972203901_112025-F-150x150.jpg",150,150,true],"medium":["https:\/\/rms-enlinea.com.ar\/wp-content\/uploads\/2026\/03\/D_697705-MLA99972203901_112025-F-300x133.jpg",300,133,true],"medium_large":["https:\/\/rms-enlinea.com.ar\/wp-content\/uploads\/2026\/03\/D_697705-MLA99972203901_112025-F-768x339.jpg",768,339,true],"large":["https:\/\/rms-enlinea.com.ar\/wp-content\/uploads\/2026\/03\/D_697705-MLA99972203901_112025-F.jpg",1024,453,false],"1536x1536":["https:\/\/rms-enlinea.com.ar\/wp-content\/uploads\/2026\/03\/D_697705-MLA99972203901_112025-F.jpg",1025,453,false],"2048x2048":["https:\/\/rms-enlinea.com.ar\/wp-content\/uploads\/2026\/03\/D_697705-MLA99972203901_112025-F.jpg",1025,453,false],"woocommerce_thumbnail":["https:\/\/rms-enlinea.com.ar\/wp-content\/uploads\/2026\/03\/D_697705-MLA99972203901_112025-F-450x450.jpg",450,450,true],"woocommerce_single":["https:\/\/rms-enlinea.com.ar\/wp-content\/uploads\/2026\/03\/D_697705-MLA99972203901_112025-F-600x265.jpg",600,265,true],"woocommerce_gallery_thumbnail":["https:\/\/rms-enlinea.com.ar\/wp-content\/uploads\/2026\/03\/D_697705-MLA99972203901_112025-F-100x100.jpg",100,100,true]},"uagb_author_info":{"display_name":"nelson","author_link":"https:\/\/rms-enlinea.com.ar\/tienda\/author\/"},"uagb_comment_info":0,"uagb_excerpt":"Sistema de proyecci\u00f3n Tecnolog\u00eda Epson 3 LCD de 3 chips Modo de proyecci\u00f3n Frontal \/ Trasera \/ Montaje techo Pantalla LCD 0,55 pulgadas (C2fine) M\u00e9todo de proyecci\u00f3n Polysilicon TFT active matrix N\u00famero de pixeles 786.432 pixels (1.024 px x 768 px) x 3 Resoluci\u00f3n nativa XGA Relaci\u00f3n de aspecto 4:3 Luminosidad del color 3.600 l\u00famenes&hellip;","_links":{"self":[{"href":"https:\/\/rms-enlinea.com.ar\/tienda\/wp-json\/wp\/v2\/product\/62394","targetHints":{"allow":["GET"]}}],"collection":[{"href":"https:\/\/rms-enlinea.com.ar\/tienda\/wp-json\/wp\/v2\/product"}],"about":[{"href":"https:\/\/rms-enlinea.com.ar\/tienda\/wp-json\/wp\/v2\/types\/product"}],"replies":[{"embeddable":true,"href":"https:\/\/rms-enlinea.com.ar\/tienda\/wp-json\/wp\/v2\/comments?post=62394"}],"wp:featuredmedia":[{"embeddable":true,"href":"https:\/\/rms-enlinea.com.ar\/tienda\/wp-json\/wp\/v2\/media\/62395"}],"wp:attachment":[{"href":"https:\/\/rms-enlinea.com.ar\/tienda\/wp-json\/wp\/v2\/media?parent=62394"}],"wp:term":[{"taxonomy":"product_brand","embeddable":true,"href":"https:\/\/rms-enlinea.com.ar\/tienda\/wp-json\/wp\/v2\/product_brand?post=62394"},{"taxonomy":"product_cat","embeddable":true,"href":"https:\/\/rms-enlinea.com.ar\/tienda\/wp-json\/wp\/v2\/product_cat?post=62394"},{"taxonomy":"product_tag","embeddable":true,"href":"https:\/\/rms-enlinea.com.ar\/tienda\/wp-json\/wp\/v2\/product_tag?post=62394"}],"curies":[{"name":"wp","href":"https:\/\/api.w.org\/{rel}","templated":true}]}}