{"id":62526,"date":"2026-03-30T10:40:32","date_gmt":"2026-03-30T13:40:32","guid":{"rendered":"https:\/\/rms-enlinea.com.ar\/tienda\/producto\/pasta-termica-pc-cpu-raptor-ice-alta-conductividad-termica-celeste-azul\/"},"modified":"2026-04-06T13:26:48","modified_gmt":"2026-04-06T16:26:48","slug":"pasta-termica-pc-cpu-raptor-ice-alta-conductividad-termica-celeste-azul","status":"publish","type":"product","link":"https:\/\/rms-enlinea.com.ar\/tienda\/producto\/pasta-termica-pc-cpu-raptor-ice-alta-conductividad-termica-celeste-azul\/","title":{"rendered":"Pasta Termica Pc Cpu Raptor Ice Alta Conductividad T\u00e9rmica Celeste Azul"},"content":{"rendered":"<p>Su rango de temperatura de funcionamiento abarca entre -50\u00b0C y 150\u00b0C, asegurando un rendimiento \u00f3ptimo en diversas condiciones. Presentada en una pr\u00e1ctica jeringa, facilita la aplicaci\u00f3n precisa y efectiva del producto.<\/p>\n<p>ESPECIFICACIONES:<br \/>\nMarca: Raptor<br \/>\nModelo: Ice<br \/>\n-Rendimiento Extremo<br \/>\n-Aplicaci\u00f3n Sencilla<br \/>\n-A Base de Silicona<br \/>\n-Componentes no Peligrosos<br \/>\n-Sin Conductividad El\u00e9ctrica<br \/>\n-Materiales Ecol\u00f3gicos<br \/>\n-Rendimiento Fiable bajo altas temperaturas<br \/>\n-Conductividad T\u00e9rmica &gt;8,3w\/m-K<br \/>\n-Gravedad Especifica &gt;3,65<br \/>\n-Rango de Temperatura -50\u00b0C &#8211; 150\u00b0C<br \/>\n-Impedancia T\u00e9rmica &lt;0.0014<br \/>\nSKU 417305<\/p>\n","protected":false},"excerpt":{"rendered":"<p>Su rango de temperatura de funcionamiento abarca entre -50\u00b0C y 150\u00b0C, asegurando un rendimiento \u00f3ptimo en diversas condiciones. Presentada en una pr\u00e1ctica jeringa, facilita la aplicaci\u00f3n precisa y efectiva del producto. ESPECIFICACIONES: Marca: Raptor Modelo: Ice -Rendimiento Extremo -Aplicaci\u00f3n Sencilla -A Base de Silicona -Componentes no Peligrosos -Sin Conductividad El\u00e9ctrica -Materiales Ecol\u00f3gicos -Rendimiento Fiable bajo [&hellip;]<\/p>\n","protected":false},"featured_media":62527,"comment_status":"open","ping_status":"closed","template":"","meta":{"_uag_custom_page_level_css":""},"product_brand":[577],"product_cat":[463,15],"product_tag":[],"class_list":{"0":"post-62526","1":"product","2":"type-product","3":"status-publish","4":"has-post-thumbnail","6":"product_brand-pastermax","7":"product_cat-mantenimiento","8":"product_cat-sin-categorizar","10":"first","11":"instock","12":"sale","13":"taxable","14":"shipping-taxable","15":"purchasable","16":"product-type-simple"},"uagb_featured_image_src":{"full":["https:\/\/rms-enlinea.com.ar\/wp-content\/uploads\/2026\/03\/D_678980-MLA99963695415_112025-F.jpg",592,1200,false],"thumbnail":["https:\/\/rms-enlinea.com.ar\/wp-content\/uploads\/2026\/03\/D_678980-MLA99963695415_112025-F-150x150.jpg",150,150,true],"medium":["https:\/\/rms-enlinea.com.ar\/wp-content\/uploads\/2026\/03\/D_678980-MLA99963695415_112025-F-148x300.jpg",148,300,true],"medium_large":["https:\/\/rms-enlinea.com.ar\/wp-content\/uploads\/2026\/03\/D_678980-MLA99963695415_112025-F.jpg",592,1200,false],"large":["https:\/\/rms-enlinea.com.ar\/wp-content\/uploads\/2026\/03\/D_678980-MLA99963695415_112025-F-505x1024.jpg",505,1024,true],"1536x1536":["https:\/\/rms-enlinea.com.ar\/wp-content\/uploads\/2026\/03\/D_678980-MLA99963695415_112025-F.jpg",592,1200,false],"2048x2048":["https:\/\/rms-enlinea.com.ar\/wp-content\/uploads\/2026\/03\/D_678980-MLA99963695415_112025-F.jpg",592,1200,false],"woocommerce_thumbnail":["https:\/\/rms-enlinea.com.ar\/wp-content\/uploads\/2026\/03\/D_678980-MLA99963695415_112025-F-450x450.jpg",450,450,true],"woocommerce_single":["https:\/\/rms-enlinea.com.ar\/wp-content\/uploads\/2026\/03\/D_678980-MLA99963695415_112025-F.jpg",592,1200,false],"woocommerce_gallery_thumbnail":["https:\/\/rms-enlinea.com.ar\/wp-content\/uploads\/2026\/03\/D_678980-MLA99963695415_112025-F-100x100.jpg",100,100,true]},"uagb_author_info":{"display_name":"nelson","author_link":"https:\/\/rms-enlinea.com.ar\/tienda\/author\/"},"uagb_comment_info":0,"uagb_excerpt":"Su rango de temperatura de funcionamiento abarca entre -50\u00b0C y 150\u00b0C, asegurando un rendimiento \u00f3ptimo en diversas condiciones. Presentada en una pr\u00e1ctica jeringa, facilita la aplicaci\u00f3n precisa y efectiva del producto. ESPECIFICACIONES: Marca: Raptor Modelo: Ice -Rendimiento Extremo -Aplicaci\u00f3n Sencilla -A Base de Silicona -Componentes no Peligrosos -Sin Conductividad El\u00e9ctrica -Materiales Ecol\u00f3gicos -Rendimiento Fiable bajo&hellip;","_links":{"self":[{"href":"https:\/\/rms-enlinea.com.ar\/tienda\/wp-json\/wp\/v2\/product\/62526","targetHints":{"allow":["GET"]}}],"collection":[{"href":"https:\/\/rms-enlinea.com.ar\/tienda\/wp-json\/wp\/v2\/product"}],"about":[{"href":"https:\/\/rms-enlinea.com.ar\/tienda\/wp-json\/wp\/v2\/types\/product"}],"replies":[{"embeddable":true,"href":"https:\/\/rms-enlinea.com.ar\/tienda\/wp-json\/wp\/v2\/comments?post=62526"}],"wp:featuredmedia":[{"embeddable":true,"href":"https:\/\/rms-enlinea.com.ar\/tienda\/wp-json\/wp\/v2\/media\/62527"}],"wp:attachment":[{"href":"https:\/\/rms-enlinea.com.ar\/tienda\/wp-json\/wp\/v2\/media?parent=62526"}],"wp:term":[{"taxonomy":"product_brand","embeddable":true,"href":"https:\/\/rms-enlinea.com.ar\/tienda\/wp-json\/wp\/v2\/product_brand?post=62526"},{"taxonomy":"product_cat","embeddable":true,"href":"https:\/\/rms-enlinea.com.ar\/tienda\/wp-json\/wp\/v2\/product_cat?post=62526"},{"taxonomy":"product_tag","embeddable":true,"href":"https:\/\/rms-enlinea.com.ar\/tienda\/wp-json\/wp\/v2\/product_tag?post=62526"}],"curies":[{"name":"wp","href":"https:\/\/api.w.org\/{rel}","templated":true}]}}