{"id":6266,"date":"2025-06-12T03:56:38","date_gmt":"2025-06-12T06:56:38","guid":{"rendered":"https:\/\/rms-enlinea.com.ar\/tienda\/producto\/teclado-mecanico-modular-70-inalambrico-wht-vsg-bellatrix\/"},"modified":"2026-04-06T11:25:00","modified_gmt":"2026-04-06T14:25:00","slug":"teclado-mecanico-modular-70-inalambrico-wht-vsg-bellatrix","status":"publish","type":"product","link":"https:\/\/rms-enlinea.com.ar\/tienda\/producto\/teclado-mecanico-modular-70-inalambrico-wht-vsg-bellatrix\/","title":{"rendered":"Teclado Mecanico Modular 70% Inalambrico Wht Vsg Bellatrix"},"content":{"rendered":"<p>Este teclado VSG de alto rendimiento permite que puedas disfrutar de horas ilimitadas de juegos. Est\u00e1 dise\u00f1ado especialmente para que puedas expresar tanto tus habilidades como tu estilo. Podr\u00e1s mejorar tu experiencia de gaming, ya seas un aficionado o todo un experto y hacer que tus jugadas alcancen otro nivel.<\/p>\n<p>Distinci\u00f3n a todo color<br \/>Su retroiluminaci\u00f3n le da un toque diferente a tu equipo y resalta su composici\u00f3n cuando es utilizado en espacios poco iluminados.<\/p>\n<p>ESPECIFICACIONES T\u00c9CNICAS<\/p>\n<p>GENERALES:<\/p>\n<p>TIPO<br \/>MEC\u00c1NICO<\/p>\n<p>DIMENSI\u00d3N<br \/>330MM X 102MM X 37MM<\/p>\n<p>MATERIAL<br \/>ABS &#8211; METAL<\/p>\n<p>SOFTWARE<br \/>SI<\/p>\n<p>TASA DE SONDEO<br \/>1000HZ<\/p>\n<p>N-KEY ROLLOVER<br \/>TODAS LAS TECLAS<\/p>\n<p>INTERRUPTORES COMPATIBLES<br \/>5 PINES \/ 3 PINES<\/p>\n<p>FORMATO<br \/>70%<\/p>\n<p>PESO<br \/>420G<\/p>\n<p>M\u00c9TODO DE FIJACI\u00d3N DEL INTERRUPTOR<br \/>HOT-SWAP<\/p>\n<p>MACROS<br \/>SI<\/p>\n<p>TIPO DE MONTAJE<br \/>INFERIOR DESCENDENTE<\/p>\n<p>ELEVADORES DE ALTURA<br \/>S\u00cd<\/p>\n<p>BATER\u00cdA<\/p>\n<p>TIPO DE LA BATER\u00cdA<br \/>ION LITIO<\/p>\n<p>BATER\u00cdA DESMONTABLE<br \/>S\u00cd<\/p>\n<p>TIEMPO DE CARGA<br \/>5 HORAS<\/p>\n<p>CAPACIDAD DE LA BATER\u00cdA<br \/>1000MAH<\/p>\n<p>DURACI\u00d3N DE LA BATER\u00cdA<br \/>12 HORAS (ILUMINACI\u00d3N ENCENDIDA) 35 HORAS (ILUMINACI\u00d3N APAGADA)<br \/>TECLAS<\/p>\n<p>CANTIDAD DE TECLAS<br \/>72<\/p>\n<p>DISTRIBUCI\u00d3N<br \/>ISO<br \/>CONECTIVIDAD<\/p>\n<p>ILUMINACI\u00d3N<br \/>RGB 16.8 MILLONES DE COLORES | PERSONALIZABLES POR SOFTWARE<\/p>\n<p>CONFIGURACI\u00d3N POR HARDWARE<br \/>S\u00cd<br \/>ILUMINACI\u00d3N<\/p>\n<p>CONECTIVIDAD<br \/>2.4GHZ \/ USB<\/p>\n<p>SISTEMAS OPERATIVOS COMPATIBLES<br \/>WIN 7\/8\/10 | LINUX | MAC<\/p>\n<p>CABLE<br \/>TRENZADO 1.8 METROS<\/p>\n<p>CABLE DESMONTABLE<br \/>SI<\/p>\n<p>PLATAFORMAS<br \/>PC<\/p>\n<p>INTERFAZ<br \/>USB 2.0<\/p>\n<p>DI\u00c1METRO DEL CABLE<br \/>3.2MM<\/p>\n<p>CONECTOR CON RECUBRIMIENTO EN ORO<br \/>SI<\/p>\n","protected":false},"excerpt":{"rendered":"<p>Este teclado VSG de alto rendimiento permite que puedas disfrutar de horas ilimitadas de juegos. Est\u00e1 dise\u00f1ado especialmente para que puedas expresar tanto tus habilidades como tu estilo. Podr\u00e1s mejorar tu experiencia de gaming, ya seas un aficionado o todo un experto y hacer que tus jugadas alcancen otro nivel. Distinci\u00f3n a todo colorSu retroiluminaci\u00f3n [&hellip;]<\/p>\n","protected":false},"featured_media":6267,"comment_status":"open","ping_status":"closed","template":"","meta":{"_uag_custom_page_level_css":""},"product_brand":[544],"product_cat":[125],"product_tag":[],"class_list":{"0":"post-6266","1":"product","2":"type-product","3":"status-publish","4":"has-post-thumbnail","6":"product_brand-vsg","7":"product_cat-teclados-y-mouses","9":"first","10":"outofstock","11":"sale","12":"taxable","13":"shipping-taxable","14":"purchasable","15":"product-type-simple"},"uagb_featured_image_src":{"full":["https:\/\/rms-enlinea.com.ar\/wp-content\/uploads\/2025\/06\/D_891471-MLA73980604698_012024-F.jpg",877,467,false],"thumbnail":["https:\/\/rms-enlinea.com.ar\/wp-content\/uploads\/2025\/06\/D_891471-MLA73980604698_012024-F-150x150.jpg",150,150,true],"medium":["https:\/\/rms-enlinea.com.ar\/wp-content\/uploads\/2025\/06\/D_891471-MLA73980604698_012024-F-300x160.jpg",300,160,true],"medium_large":["https:\/\/rms-enlinea.com.ar\/wp-content\/uploads\/2025\/06\/D_891471-MLA73980604698_012024-F-768x409.jpg",768,409,true],"large":["https:\/\/rms-enlinea.com.ar\/wp-content\/uploads\/2025\/06\/D_891471-MLA73980604698_012024-F.jpg",877,467,false],"1536x1536":["https:\/\/rms-enlinea.com.ar\/wp-content\/uploads\/2025\/06\/D_891471-MLA73980604698_012024-F.jpg",877,467,false],"2048x2048":["https:\/\/rms-enlinea.com.ar\/wp-content\/uploads\/2025\/06\/D_891471-MLA73980604698_012024-F.jpg",877,467,false],"woocommerce_thumbnail":["https:\/\/rms-enlinea.com.ar\/wp-content\/uploads\/2025\/06\/D_891471-MLA73980604698_012024-F-450x450.jpg",450,450,true],"woocommerce_single":["https:\/\/rms-enlinea.com.ar\/wp-content\/uploads\/2025\/06\/D_891471-MLA73980604698_012024-F-600x319.jpg",600,319,true],"woocommerce_gallery_thumbnail":["https:\/\/rms-enlinea.com.ar\/wp-content\/uploads\/2025\/06\/D_891471-MLA73980604698_012024-F-100x100.jpg",100,100,true]},"uagb_author_info":{"display_name":"l0071054","author_link":"https:\/\/rms-enlinea.com.ar\/tienda\/author\/"},"uagb_comment_info":0,"uagb_excerpt":"Este teclado VSG de alto rendimiento permite que puedas disfrutar de horas ilimitadas de juegos. Est\u00e1 dise\u00f1ado especialmente para que puedas expresar tanto tus habilidades como tu estilo. Podr\u00e1s mejorar tu experiencia de gaming, ya seas un aficionado o todo un experto y hacer que tus jugadas alcancen otro nivel. Distinci\u00f3n a todo colorSu retroiluminaci\u00f3n&hellip;","_links":{"self":[{"href":"https:\/\/rms-enlinea.com.ar\/tienda\/wp-json\/wp\/v2\/product\/6266","targetHints":{"allow":["GET"]}}],"collection":[{"href":"https:\/\/rms-enlinea.com.ar\/tienda\/wp-json\/wp\/v2\/product"}],"about":[{"href":"https:\/\/rms-enlinea.com.ar\/tienda\/wp-json\/wp\/v2\/types\/product"}],"replies":[{"embeddable":true,"href":"https:\/\/rms-enlinea.com.ar\/tienda\/wp-json\/wp\/v2\/comments?post=6266"}],"wp:featuredmedia":[{"embeddable":true,"href":"https:\/\/rms-enlinea.com.ar\/tienda\/wp-json\/wp\/v2\/media\/6267"}],"wp:attachment":[{"href":"https:\/\/rms-enlinea.com.ar\/tienda\/wp-json\/wp\/v2\/media?parent=6266"}],"wp:term":[{"taxonomy":"product_brand","embeddable":true,"href":"https:\/\/rms-enlinea.com.ar\/tienda\/wp-json\/wp\/v2\/product_brand?post=6266"},{"taxonomy":"product_cat","embeddable":true,"href":"https:\/\/rms-enlinea.com.ar\/tienda\/wp-json\/wp\/v2\/product_cat?post=6266"},{"taxonomy":"product_tag","embeddable":true,"href":"https:\/\/rms-enlinea.com.ar\/tienda\/wp-json\/wp\/v2\/product_tag?post=6266"}],"curies":[{"name":"wp","href":"https:\/\/api.w.org\/{rel}","templated":true}]}}