{"id":7041,"date":"2025-06-12T04:13:10","date_gmt":"2025-06-12T07:13:10","guid":{"rendered":"https:\/\/rms-enlinea.com.ar\/tienda\/producto\/placa-de-red-pci-e-gigabit-1000-rtl8111c-nisuta-nsplpcie1g\/"},"modified":"2026-04-11T00:51:33","modified_gmt":"2026-04-11T03:51:33","slug":"placa-de-red-pci-e-gigabit-1000-rtl8111c-nisuta-nsplpcie1g","status":"publish","type":"product","link":"https:\/\/rms-enlinea.com.ar\/tienda\/producto\/placa-de-red-pci-e-gigabit-1000-rtl8111c-nisuta-nsplpcie1g\/","title":{"rendered":"Placa De Red Pci-e Gigabit 1000 Rtl8111c Nisuta Nsplpcie1g"},"content":{"rendered":"<p>PERMITE CREAR UN PUERTO ETHERNET DE 1000MBPS EN SU PC<br \/>\nCHIPSET REALTEK 8111C<br \/>\nCUMPLE CON IEEE 802.3, 802.3U (10BASE-T, 100BASE-TX), 802.3AB (1000BASE-T) &amp; 802.3Z (1000BASE-X)<br \/>\nSOPORTA MODO HALF \/ FULL DUPLEX Y 802.3X FLOW CONTROL<br \/>\n2 REGULADORES LINEALES INCLUIDOS PARA GENERAR VOLTAJE DE 2.1 Y 1.2<br \/>\nDETECCI\u00d3N Y CORRECCI\u00d3N AUTOM\u00c1TICA DE LOS CABLES PAIR SWAPS, PAIR SKEW, &amp; PAIR POLARITY, JUNTO A AUTO MDI\/MDI-X<br \/>\nPARA CABLES CRUZADOS.<br \/>\nINCLUYE CIRCUITO OSCILADOR INTEGRADO<br \/>\nCUATRO PINS DE LED CON MODOS LED PROGRAMABLES<br \/>\nBAJO EMI LINE DRIVERS CON ROBUSTA PERFORMANCE CESD<br \/>\nCUMPLE CON PCI EXPRESS REV1.1<br \/>\nSOPORTA ADVANCED ERROR REPORTING<br \/>\nACTIVO STATE POWER MANAGEMENT (ASPM) TO L0S AND L1<br \/>\nPCIE BUS MASTER DUAL CHANNEL DMA SOPORTA PARATX\/RX<br \/>\nTX\/RX DESCRIPTOR SCATTER Y SOPORTA GATHER SUPPORT EN MEMORIA DE ALMACENAMIENTO<br \/>\n64 X 48 CAM PARA 32 PERFECTO FILTRADO Y 32 PERFECTO FILTRADO DE PAQUETES DE INTER\u00c9S<br \/>\nSOPORTAS JUMBO FRAMES HASTA 8KB<br \/>\nINTEGRA ON-CHIP TX Y RX FIFO PARA APLICACIONES DE ALTA PERFORMANCE<br \/>\nADVANCED CONFIGURATION POWER MANAGEMENT INTERFACE (ACPI), WAKE ON LAN AND MICROSOFT ONNOW<br \/>\nSOPORTA PCI MESSAGE SIGNALED INTERRUPT (MSI)<br \/>\nPCI PMU1.1<br \/>\nSOPORTA SISTEMAS OPERATIVOS WIN 98\/ME\/2K\/XP\/VISTA\/7\/8-8.1\/10 LINUX SERVER2003\/2008\/2012<\/p>\n","protected":false},"excerpt":{"rendered":"<p>PERMITE CREAR UN PUERTO ETHERNET DE 1000MBPS EN SU PC CHIPSET REALTEK 8111C CUMPLE CON IEEE 802.3, 802.3U (10BASE-T, 100BASE-TX), 802.3AB (1000BASE-T) &amp; 802.3Z (1000BASE-X) SOPORTA MODO HALF \/ FULL DUPLEX Y 802.3X FLOW CONTROL 2 REGULADORES LINEALES INCLUIDOS PARA GENERAR VOLTAJE DE 2.1 Y 1.2 DETECCI\u00d3N Y CORRECCI\u00d3N AUTOM\u00c1TICA DE LOS CABLES PAIR SWAPS, [&hellip;]<\/p>\n","protected":false},"featured_media":7042,"comment_status":"open","ping_status":"closed","template":"","meta":{"_uag_custom_page_level_css":""},"product_brand":[557],"product_cat":[122],"product_tag":[],"class_list":{"0":"post-7041","1":"product","2":"type-product","3":"status-publish","4":"has-post-thumbnail","6":"product_brand-msi","7":"product_cat-redes-y-conectividad","9":"first","10":"outofstock","11":"sale","12":"taxable","13":"shipping-taxable","14":"purchasable","15":"product-type-simple"},"uagb_featured_image_src":{"full":["https:\/\/rms-enlinea.com.ar\/wp-content\/uploads\/2025\/06\/D_680548-MLA49340021664_032022-F.jpg",640,352,false],"thumbnail":["https:\/\/rms-enlinea.com.ar\/wp-content\/uploads\/2025\/06\/D_680548-MLA49340021664_032022-F-150x150.jpg",150,150,true],"medium":["https:\/\/rms-enlinea.com.ar\/wp-content\/uploads\/2025\/06\/D_680548-MLA49340021664_032022-F-300x165.jpg",300,165,true],"medium_large":["https:\/\/rms-enlinea.com.ar\/wp-content\/uploads\/2025\/06\/D_680548-MLA49340021664_032022-F.jpg",640,352,false],"large":["https:\/\/rms-enlinea.com.ar\/wp-content\/uploads\/2025\/06\/D_680548-MLA49340021664_032022-F.jpg",640,352,false],"1536x1536":["https:\/\/rms-enlinea.com.ar\/wp-content\/uploads\/2025\/06\/D_680548-MLA49340021664_032022-F.jpg",640,352,false],"2048x2048":["https:\/\/rms-enlinea.com.ar\/wp-content\/uploads\/2025\/06\/D_680548-MLA49340021664_032022-F.jpg",640,352,false],"woocommerce_thumbnail":["https:\/\/rms-enlinea.com.ar\/wp-content\/uploads\/2025\/06\/D_680548-MLA49340021664_032022-F-450x352.jpg",450,352,true],"woocommerce_single":["https:\/\/rms-enlinea.com.ar\/wp-content\/uploads\/2025\/06\/D_680548-MLA49340021664_032022-F-600x330.jpg",600,330,true],"woocommerce_gallery_thumbnail":["https:\/\/rms-enlinea.com.ar\/wp-content\/uploads\/2025\/06\/D_680548-MLA49340021664_032022-F-100x100.jpg",100,100,true]},"uagb_author_info":{"display_name":"l0071054","author_link":"https:\/\/rms-enlinea.com.ar\/tienda\/author\/"},"uagb_comment_info":0,"uagb_excerpt":"PERMITE CREAR UN PUERTO ETHERNET DE 1000MBPS EN SU PC CHIPSET REALTEK 8111C CUMPLE CON IEEE 802.3, 802.3U (10BASE-T, 100BASE-TX), 802.3AB (1000BASE-T) &amp; 802.3Z (1000BASE-X) SOPORTA MODO HALF \/ FULL DUPLEX Y 802.3X FLOW CONTROL 2 REGULADORES LINEALES INCLUIDOS PARA GENERAR VOLTAJE DE 2.1 Y 1.2 DETECCI\u00d3N Y CORRECCI\u00d3N AUTOM\u00c1TICA DE LOS CABLES PAIR SWAPS,&hellip;","_links":{"self":[{"href":"https:\/\/rms-enlinea.com.ar\/tienda\/wp-json\/wp\/v2\/product\/7041","targetHints":{"allow":["GET"]}}],"collection":[{"href":"https:\/\/rms-enlinea.com.ar\/tienda\/wp-json\/wp\/v2\/product"}],"about":[{"href":"https:\/\/rms-enlinea.com.ar\/tienda\/wp-json\/wp\/v2\/types\/product"}],"replies":[{"embeddable":true,"href":"https:\/\/rms-enlinea.com.ar\/tienda\/wp-json\/wp\/v2\/comments?post=7041"}],"wp:featuredmedia":[{"embeddable":true,"href":"https:\/\/rms-enlinea.com.ar\/tienda\/wp-json\/wp\/v2\/media\/7042"}],"wp:attachment":[{"href":"https:\/\/rms-enlinea.com.ar\/tienda\/wp-json\/wp\/v2\/media?parent=7041"}],"wp:term":[{"taxonomy":"product_brand","embeddable":true,"href":"https:\/\/rms-enlinea.com.ar\/tienda\/wp-json\/wp\/v2\/product_brand?post=7041"},{"taxonomy":"product_cat","embeddable":true,"href":"https:\/\/rms-enlinea.com.ar\/tienda\/wp-json\/wp\/v2\/product_cat?post=7041"},{"taxonomy":"product_tag","embeddable":true,"href":"https:\/\/rms-enlinea.com.ar\/tienda\/wp-json\/wp\/v2\/product_tag?post=7041"}],"curies":[{"name":"wp","href":"https:\/\/api.w.org\/{rel}","templated":true}]}}