{"id":8259,"date":"2025-06-12T04:37:54","date_gmt":"2025-06-12T07:37:54","guid":{"rendered":"https:\/\/rms-enlinea.com.ar\/tienda\/producto\/ficha-plug-mono-cable-adam-hall-7514\/"},"modified":"2026-04-02T19:00:29","modified_gmt":"2026-04-02T22:00:29","slug":"ficha-plug-mono-cable-adam-hall-7514","status":"publish","type":"product","link":"https:\/\/rms-enlinea.com.ar\/tienda\/producto\/ficha-plug-mono-cable-adam-hall-7514\/","title":{"rendered":"Ficha Plug Mono Cable Adam Hall 7514"},"content":{"rendered":"<p>TIPO DE PRODUCTO: CONECTOR<br \/>TIPO: CONECTOR PLUG MACHO MONO<br \/>N\u00daMERO DE PINES: 2<br \/>DI\u00c1METRO PASADOR DE CABLE: 5 A 7 MM<br \/>CONTACTOS N\u00cdQUEL-PLATA<br \/>TIPO DE CONEXI\u00d3N: POR SOLDADURAS<br \/>COLOR PLATEADO Y NEGRO<br \/>CARCASA: ACERO<\/p>\n","protected":false},"excerpt":{"rendered":"<p>TIPO DE PRODUCTO: CONECTORTIPO: CONECTOR PLUG MACHO MONON\u00daMERO DE PINES: 2DI\u00c1METRO PASADOR DE CABLE: 5 A 7 MMCONTACTOS N\u00cdQUEL-PLATATIPO DE CONEXI\u00d3N: POR SOLDADURASCOLOR PLATEADO Y NEGROCARCASA: ACERO<\/p>\n","protected":false},"featured_media":8260,"comment_status":"open","ping_status":"closed","template":"","meta":{"_uag_custom_page_level_css":""},"product_brand":[],"product_cat":[58,86],"product_tag":[],"class_list":{"0":"post-8259","1":"product","2":"type-product","3":"status-publish","4":"has-post-thumbnail","6":"product_cat-conectores-fichas-y-adaptadores","7":"product_cat-onectores-fichas-y-adaptadores","9":"first","10":"instock","11":"sale","12":"taxable","13":"shipping-taxable","14":"purchasable","15":"product-type-simple"},"uagb_featured_image_src":{"full":["https:\/\/rms-enlinea.com.ar\/wp-content\/uploads\/2025\/06\/D_778228-MLA31272177302_062019-F.jpg",1200,1200,false],"thumbnail":["https:\/\/rms-enlinea.com.ar\/wp-content\/uploads\/2025\/06\/D_778228-MLA31272177302_062019-F-150x150.jpg",150,150,true],"medium":["https:\/\/rms-enlinea.com.ar\/wp-content\/uploads\/2025\/06\/D_778228-MLA31272177302_062019-F-300x300.jpg",300,300,true],"medium_large":["https:\/\/rms-enlinea.com.ar\/wp-content\/uploads\/2025\/06\/D_778228-MLA31272177302_062019-F-768x768.jpg",768,768,true],"large":["https:\/\/rms-enlinea.com.ar\/wp-content\/uploads\/2025\/06\/D_778228-MLA31272177302_062019-F-1024x1024.jpg",1024,1024,true],"1536x1536":["https:\/\/rms-enlinea.com.ar\/wp-content\/uploads\/2025\/06\/D_778228-MLA31272177302_062019-F.jpg",1200,1200,false],"2048x2048":["https:\/\/rms-enlinea.com.ar\/wp-content\/uploads\/2025\/06\/D_778228-MLA31272177302_062019-F.jpg",1200,1200,false],"woocommerce_thumbnail":["https:\/\/rms-enlinea.com.ar\/wp-content\/uploads\/2025\/06\/D_778228-MLA31272177302_062019-F-450x450.jpg",450,450,true],"woocommerce_single":["https:\/\/rms-enlinea.com.ar\/wp-content\/uploads\/2025\/06\/D_778228-MLA31272177302_062019-F-600x600.jpg",600,600,true],"woocommerce_gallery_thumbnail":["https:\/\/rms-enlinea.com.ar\/wp-content\/uploads\/2025\/06\/D_778228-MLA31272177302_062019-F-100x100.jpg",100,100,true]},"uagb_author_info":{"display_name":"l0071054","author_link":"https:\/\/rms-enlinea.com.ar\/tienda\/author\/"},"uagb_comment_info":0,"uagb_excerpt":"TIPO DE PRODUCTO: CONECTORTIPO: CONECTOR PLUG MACHO MONON\u00daMERO DE PINES: 2DI\u00c1METRO PASADOR DE CABLE: 5 A 7 MMCONTACTOS N\u00cdQUEL-PLATATIPO DE CONEXI\u00d3N: POR SOLDADURASCOLOR PLATEADO Y NEGROCARCASA: ACERO","_links":{"self":[{"href":"https:\/\/rms-enlinea.com.ar\/tienda\/wp-json\/wp\/v2\/product\/8259","targetHints":{"allow":["GET"]}}],"collection":[{"href":"https:\/\/rms-enlinea.com.ar\/tienda\/wp-json\/wp\/v2\/product"}],"about":[{"href":"https:\/\/rms-enlinea.com.ar\/tienda\/wp-json\/wp\/v2\/types\/product"}],"replies":[{"embeddable":true,"href":"https:\/\/rms-enlinea.com.ar\/tienda\/wp-json\/wp\/v2\/comments?post=8259"}],"wp:featuredmedia":[{"embeddable":true,"href":"https:\/\/rms-enlinea.com.ar\/tienda\/wp-json\/wp\/v2\/media\/8260"}],"wp:attachment":[{"href":"https:\/\/rms-enlinea.com.ar\/tienda\/wp-json\/wp\/v2\/media?parent=8259"}],"wp:term":[{"taxonomy":"product_brand","embeddable":true,"href":"https:\/\/rms-enlinea.com.ar\/tienda\/wp-json\/wp\/v2\/product_brand?post=8259"},{"taxonomy":"product_cat","embeddable":true,"href":"https:\/\/rms-enlinea.com.ar\/tienda\/wp-json\/wp\/v2\/product_cat?post=8259"},{"taxonomy":"product_tag","embeddable":true,"href":"https:\/\/rms-enlinea.com.ar\/tienda\/wp-json\/wp\/v2\/product_tag?post=8259"}],"curies":[{"name":"wp","href":"https:\/\/api.w.org\/{rel}","templated":true}]}}