{"id":8290,"date":"2025-06-12T04:38:37","date_gmt":"2025-06-12T07:38:37","guid":{"rendered":"https:\/\/rms-enlinea.com.ar\/tienda\/producto\/ficha-conector-xlr-5-pines-hembra-amphenol-ax5f\/"},"modified":"2026-03-31T19:19:59","modified_gmt":"2026-03-31T22:19:59","slug":"ficha-conector-xlr-5-pines-hembra-amphenol-ax5f","status":"publish","type":"product","link":"https:\/\/rms-enlinea.com.ar\/tienda\/producto\/ficha-conector-xlr-5-pines-hembra-amphenol-ax5f\/","title":{"rendered":"Ficha Conector Xlr 5 Pines Hembra Amphenol Ax5f"},"content":{"rendered":"<p>CARACTER\u00cdSTICAS<br \/>CONTACTOS MEC\u00c1NICOS (SOLIDOS)<br \/>CONTACTOS ENCHAPADOS<br \/>CUERPO NIQUELADO O NEGRO<br \/>CARCASA PL\u00c1STICA: NEGRA<br \/>ENSAMBLADO F\u00c1CIL Y R\u00c1PIDO SIN TORNILLOS<\/p>\n<p>DESCRIPCI\u00d3N<br \/>EL DISE\u00d1O DE RESORTE DE UNA SOLA PIEZA QUE INCORPORA 2<br \/>CONTACTOS DESLIZANTES ID\u00c9NTICOS PARA UNA RUTA DE CONEXI\u00d3N DIRECTA<br \/>DESDE LA CARCASA DE PL\u00c1STICO HASTA AL SUELO, QUE PROPORCIONA UNA CONEXI\u00d3N<br \/>MEJORADA Y UN MEJOR RENDIMIENTO EMI<br \/>COMPATIBLE CON OTROS FABRICANTES DE COMPONENTES XLR<br \/>MATERIAL: ZINC FUNDIDO A PRESI\u00d3N&#8221;<\/p>\n","protected":false},"excerpt":{"rendered":"<p>CARACTER\u00cdSTICASCONTACTOS MEC\u00c1NICOS (SOLIDOS)CONTACTOS ENCHAPADOSCUERPO NIQUELADO O NEGROCARCASA PL\u00c1STICA: NEGRAENSAMBLADO F\u00c1CIL Y R\u00c1PIDO SIN TORNILLOS DESCRIPCI\u00d3NEL DISE\u00d1O DE RESORTE DE UNA SOLA PIEZA QUE INCORPORA 2CONTACTOS DESLIZANTES ID\u00c9NTICOS PARA UNA RUTA DE CONEXI\u00d3N DIRECTADESDE LA CARCASA DE PL\u00c1STICO HASTA AL SUELO, QUE PROPORCIONA UNA CONEXI\u00d3NMEJORADA Y UN MEJOR RENDIMIENTO EMICOMPATIBLE CON OTROS FABRICANTES DE COMPONENTES XLRMATERIAL: [&hellip;]<\/p>\n","protected":false},"featured_media":8291,"comment_status":"open","ping_status":"closed","template":"","meta":{"_uag_custom_page_level_css":""},"product_brand":[487],"product_cat":[58,86],"product_tag":[],"class_list":{"0":"post-8290","1":"product","2":"type-product","3":"status-publish","4":"has-post-thumbnail","6":"product_brand-amphenol","7":"product_cat-conectores-fichas-y-adaptadores","8":"product_cat-onectores-fichas-y-adaptadores","10":"first","11":"outofstock","12":"sale","13":"taxable","14":"shipping-taxable","15":"purchasable","16":"product-type-simple"},"uagb_featured_image_src":{"full":["https:\/\/rms-enlinea.com.ar\/wp-content\/uploads\/2025\/06\/D_726578-MLA47849139493_102021-F.jpg",986,800,false],"thumbnail":["https:\/\/rms-enlinea.com.ar\/wp-content\/uploads\/2025\/06\/D_726578-MLA47849139493_102021-F-150x150.jpg",150,150,true],"medium":["https:\/\/rms-enlinea.com.ar\/wp-content\/uploads\/2025\/06\/D_726578-MLA47849139493_102021-F-300x243.jpg",300,243,true],"medium_large":["https:\/\/rms-enlinea.com.ar\/wp-content\/uploads\/2025\/06\/D_726578-MLA47849139493_102021-F-768x623.jpg",768,623,true],"large":["https:\/\/rms-enlinea.com.ar\/wp-content\/uploads\/2025\/06\/D_726578-MLA47849139493_102021-F.jpg",986,800,false],"1536x1536":["https:\/\/rms-enlinea.com.ar\/wp-content\/uploads\/2025\/06\/D_726578-MLA47849139493_102021-F.jpg",986,800,false],"2048x2048":["https:\/\/rms-enlinea.com.ar\/wp-content\/uploads\/2025\/06\/D_726578-MLA47849139493_102021-F.jpg",986,800,false],"woocommerce_thumbnail":["https:\/\/rms-enlinea.com.ar\/wp-content\/uploads\/2025\/06\/D_726578-MLA47849139493_102021-F-450x450.jpg",450,450,true],"woocommerce_single":["https:\/\/rms-enlinea.com.ar\/wp-content\/uploads\/2025\/06\/D_726578-MLA47849139493_102021-F-600x487.jpg",600,487,true],"woocommerce_gallery_thumbnail":["https:\/\/rms-enlinea.com.ar\/wp-content\/uploads\/2025\/06\/D_726578-MLA47849139493_102021-F-100x100.jpg",100,100,true]},"uagb_author_info":{"display_name":"l0071054","author_link":"https:\/\/rms-enlinea.com.ar\/tienda\/author\/"},"uagb_comment_info":0,"uagb_excerpt":"CARACTER\u00cdSTICASCONTACTOS MEC\u00c1NICOS (SOLIDOS)CONTACTOS ENCHAPADOSCUERPO NIQUELADO O NEGROCARCASA PL\u00c1STICA: NEGRAENSAMBLADO F\u00c1CIL Y R\u00c1PIDO SIN TORNILLOS DESCRIPCI\u00d3NEL DISE\u00d1O DE RESORTE DE UNA SOLA PIEZA QUE INCORPORA 2CONTACTOS DESLIZANTES ID\u00c9NTICOS PARA UNA RUTA DE CONEXI\u00d3N DIRECTADESDE LA CARCASA DE PL\u00c1STICO HASTA AL SUELO, QUE PROPORCIONA UNA CONEXI\u00d3NMEJORADA Y UN MEJOR RENDIMIENTO EMICOMPATIBLE CON OTROS FABRICANTES DE COMPONENTES XLRMATERIAL:&hellip;","_links":{"self":[{"href":"https:\/\/rms-enlinea.com.ar\/tienda\/wp-json\/wp\/v2\/product\/8290","targetHints":{"allow":["GET"]}}],"collection":[{"href":"https:\/\/rms-enlinea.com.ar\/tienda\/wp-json\/wp\/v2\/product"}],"about":[{"href":"https:\/\/rms-enlinea.com.ar\/tienda\/wp-json\/wp\/v2\/types\/product"}],"replies":[{"embeddable":true,"href":"https:\/\/rms-enlinea.com.ar\/tienda\/wp-json\/wp\/v2\/comments?post=8290"}],"wp:featuredmedia":[{"embeddable":true,"href":"https:\/\/rms-enlinea.com.ar\/tienda\/wp-json\/wp\/v2\/media\/8291"}],"wp:attachment":[{"href":"https:\/\/rms-enlinea.com.ar\/tienda\/wp-json\/wp\/v2\/media?parent=8290"}],"wp:term":[{"taxonomy":"product_brand","embeddable":true,"href":"https:\/\/rms-enlinea.com.ar\/tienda\/wp-json\/wp\/v2\/product_brand?post=8290"},{"taxonomy":"product_cat","embeddable":true,"href":"https:\/\/rms-enlinea.com.ar\/tienda\/wp-json\/wp\/v2\/product_cat?post=8290"},{"taxonomy":"product_tag","embeddable":true,"href":"https:\/\/rms-enlinea.com.ar\/tienda\/wp-json\/wp\/v2\/product_tag?post=8290"}],"curies":[{"name":"wp","href":"https:\/\/api.w.org\/{rel}","templated":true}]}}