{"id":8729,"date":"2025-06-12T04:48:18","date_gmt":"2025-06-12T07:48:18","guid":{"rendered":"https:\/\/rms-enlinea.com.ar\/tienda\/producto\/procesador-amd-ryzen-7-9800x3d-am5-s-cooler-c-graficos\/"},"modified":"2026-04-02T18:01:05","modified_gmt":"2026-04-02T21:01:05","slug":"procesador-amd-ryzen-7-9800x3d-am5-s-cooler-c-graficos","status":"publish","type":"product","link":"https:\/\/rms-enlinea.com.ar\/tienda\/producto\/procesador-amd-ryzen-7-9800x3d-am5-s-cooler-c-graficos\/","title":{"rendered":"Procesador Amd Ryzen 7 9800x3d Am5 S\/cooler C\/graficos"},"content":{"rendered":"<p>Marca<\/p>\n<p>AMD<br \/>Arquitectura<\/p>\n<p>Zen 5<br \/>L\u00ednea<\/p>\n<p>Ryzen 7<br \/>Frecuencia m\u00ednima de reloj<\/p>\n<p>4.7 GHz<br \/>Z\u00f3calos compatibles<\/p>\n<p>AM5<br \/>Aplicaci\u00f3n<\/p>\n<p>Computadoras de escritorio<br \/>Procesador gr\u00e1fico<\/p>\n<p>Radeon Graphics<br \/>Frecuencia m\u00e1xima de reloj<\/p>\n<p>5.2 GHz<br \/>Cantidad de n\u00facleos de CPU<\/p>\n<p>8<br \/>Cantidad de hilos de CPU<\/p>\n<p>16<br \/>Cach\u00e9<\/p>\n<p>L3 96 MB<br \/>Supporting Chipsets<\/p>\n<p>A620 , X670E , X670 , B650E , B650 , X870E , X870 , B840 , B850<\/p>\n","protected":false},"excerpt":{"rendered":"<p>Marca AMDArquitectura Zen 5L\u00ednea Ryzen 7Frecuencia m\u00ednima de reloj 4.7 GHzZ\u00f3calos compatibles AM5Aplicaci\u00f3n Computadoras de escritorioProcesador gr\u00e1fico Radeon GraphicsFrecuencia m\u00e1xima de reloj 5.2 GHzCantidad de n\u00facleos de CPU 8Cantidad de hilos de CPU 16Cach\u00e9 L3 96 MBSupporting Chipsets A620 , X670E , X670 , B650E , B650 , X870E , X870 , B840 , B850<\/p>\n","protected":false},"featured_media":4370,"comment_status":"open","ping_status":"closed","template":"","meta":{"_uag_custom_page_level_css":""},"product_brand":[531],"product_cat":[15],"product_tag":[],"class_list":{"0":"post-8729","1":"product","2":"type-product","3":"status-publish","4":"has-post-thumbnail","6":"product_brand-amd","7":"product_cat-sin-categorizar","9":"first","10":"instock","11":"sale","12":"taxable","13":"shipping-taxable","14":"purchasable","15":"product-type-simple"},"uagb_featured_image_src":{"full":["https:\/\/rms-enlinea.com.ar\/wp-content\/uploads\/2025\/06\/D_913760-MLA80902200096_122024-F.jpg",1048,1200,false],"thumbnail":["https:\/\/rms-enlinea.com.ar\/wp-content\/uploads\/2025\/06\/D_913760-MLA80902200096_122024-F-150x150.jpg",150,150,true],"medium":["https:\/\/rms-enlinea.com.ar\/wp-content\/uploads\/2025\/06\/D_913760-MLA80902200096_122024-F-262x300.jpg",262,300,true],"medium_large":["https:\/\/rms-enlinea.com.ar\/wp-content\/uploads\/2025\/06\/D_913760-MLA80902200096_122024-F-768x879.jpg",768,879,true],"large":["https:\/\/rms-enlinea.com.ar\/wp-content\/uploads\/2025\/06\/D_913760-MLA80902200096_122024-F-894x1024.jpg",894,1024,true],"1536x1536":["https:\/\/rms-enlinea.com.ar\/wp-content\/uploads\/2025\/06\/D_913760-MLA80902200096_122024-F.jpg",1048,1200,false],"2048x2048":["https:\/\/rms-enlinea.com.ar\/wp-content\/uploads\/2025\/06\/D_913760-MLA80902200096_122024-F.jpg",1048,1200,false],"woocommerce_thumbnail":["https:\/\/rms-enlinea.com.ar\/wp-content\/uploads\/2025\/06\/D_913760-MLA80902200096_122024-F-450x450.jpg",450,450,true],"woocommerce_single":["https:\/\/rms-enlinea.com.ar\/wp-content\/uploads\/2025\/06\/D_913760-MLA80902200096_122024-F-600x687.jpg",600,687,true],"woocommerce_gallery_thumbnail":["https:\/\/rms-enlinea.com.ar\/wp-content\/uploads\/2025\/06\/D_913760-MLA80902200096_122024-F-100x100.jpg",100,100,true]},"uagb_author_info":{"display_name":"l0071054","author_link":"https:\/\/rms-enlinea.com.ar\/tienda\/author\/"},"uagb_comment_info":0,"uagb_excerpt":"Marca AMDArquitectura Zen 5L\u00ednea Ryzen 7Frecuencia m\u00ednima de reloj 4.7 GHzZ\u00f3calos compatibles AM5Aplicaci\u00f3n Computadoras de escritorioProcesador gr\u00e1fico Radeon GraphicsFrecuencia m\u00e1xima de reloj 5.2 GHzCantidad de n\u00facleos de CPU 8Cantidad de hilos de CPU 16Cach\u00e9 L3 96 MBSupporting Chipsets A620 , X670E , X670 , B650E , B650 , X870E , X870 , B840 , B850","_links":{"self":[{"href":"https:\/\/rms-enlinea.com.ar\/tienda\/wp-json\/wp\/v2\/product\/8729","targetHints":{"allow":["GET"]}}],"collection":[{"href":"https:\/\/rms-enlinea.com.ar\/tienda\/wp-json\/wp\/v2\/product"}],"about":[{"href":"https:\/\/rms-enlinea.com.ar\/tienda\/wp-json\/wp\/v2\/types\/product"}],"replies":[{"embeddable":true,"href":"https:\/\/rms-enlinea.com.ar\/tienda\/wp-json\/wp\/v2\/comments?post=8729"}],"wp:featuredmedia":[{"embeddable":true,"href":"https:\/\/rms-enlinea.com.ar\/tienda\/wp-json\/wp\/v2\/media\/4370"}],"wp:attachment":[{"href":"https:\/\/rms-enlinea.com.ar\/tienda\/wp-json\/wp\/v2\/media?parent=8729"}],"wp:term":[{"taxonomy":"product_brand","embeddable":true,"href":"https:\/\/rms-enlinea.com.ar\/tienda\/wp-json\/wp\/v2\/product_brand?post=8729"},{"taxonomy":"product_cat","embeddable":true,"href":"https:\/\/rms-enlinea.com.ar\/tienda\/wp-json\/wp\/v2\/product_cat?post=8729"},{"taxonomy":"product_tag","embeddable":true,"href":"https:\/\/rms-enlinea.com.ar\/tienda\/wp-json\/wp\/v2\/product_tag?post=8729"}],"curies":[{"name":"wp","href":"https:\/\/api.w.org\/{rel}","templated":true}]}}