{"id":9914,"date":"2025-06-12T05:10:29","date_gmt":"2025-06-12T08:10:29","guid":{"rendered":"https:\/\/rms-enlinea.com.ar\/tienda\/producto\/barra-de-sonido-trust-asto-12w-usb-mini-plug-gxt-618\/"},"modified":"2026-04-06T11:53:02","modified_gmt":"2026-04-06T14:53:02","slug":"barra-de-sonido-trust-asto-12w-usb-mini-plug-gxt-618","status":"publish","type":"product","link":"https:\/\/rms-enlinea.com.ar\/tienda\/producto\/barra-de-sonido-trust-asto-12w-usb-mini-plug-gxt-618\/","title":{"rendered":"Barra De Sonido Trust Asto 12w Usb Mini Plug Gxt 618"},"content":{"rendered":"<p>Marca<\/p>\n<p>Trust<br \/>Configuraci\u00f3n de canales<\/p>\n<p>2.1<br \/>C\u00f3digo universal de producto<\/p>\n<p>8713439222098<br \/>Incluye bater\u00eda recargable<\/p>\n<p>No<br \/>Es inal\u00e1mbrico<\/p>\n<p>No<br \/>Modelo<\/p>\n<p>GXT 618 Asto<br \/>Potencia de salida (RMS)<\/p>\n<p>12 W<br \/>Cantidad de parlantes<\/p>\n<p>2<br \/>Tipos de filtros del parlante<\/p>\n<p>Barra<br \/>Formato del parlante<\/p>\n<p>Line array<br \/>Tipos de parlante<\/p>\n<p>Barra<br \/>Con Bluetooth<\/p>\n<p>No<br \/>Con modo manos libres<\/p>\n<p>No<br \/>Con luces LED<\/p>\n<p>No<br \/>Con micr\u00f3fono<\/p>\n<p>No<br \/>Con efecto de voz<\/p>\n<p>No<br \/>Con Wi-Fi<\/p>\n<p>No<\/p>\n","protected":false},"excerpt":{"rendered":"<p>Marca TrustConfiguraci\u00f3n de canales 2.1C\u00f3digo universal de producto 8713439222098Incluye bater\u00eda recargable NoEs inal\u00e1mbrico NoModelo GXT 618 AstoPotencia de salida (RMS) 12 WCantidad de parlantes 2Tipos de filtros del parlante BarraFormato del parlante Line arrayTipos de parlante BarraCon Bluetooth NoCon modo manos libres NoCon luces LED NoCon micr\u00f3fono NoCon efecto de voz NoCon Wi-Fi No<\/p>\n","protected":false},"featured_media":9915,"comment_status":"open","ping_status":"closed","template":"","meta":{"_uag_custom_page_level_css":""},"product_brand":[542],"product_cat":[124],"product_tag":[],"class_list":{"0":"post-9914","1":"product","2":"type-product","3":"status-publish","4":"has-post-thumbnail","6":"product_brand-trustgaming","7":"product_cat-sistemas-de-sonido-parlantes","9":"first","10":"instock","11":"sale","12":"taxable","13":"shipping-taxable","14":"purchasable","15":"product-type-simple"},"uagb_featured_image_src":{"full":["https:\/\/rms-enlinea.com.ar\/wp-content\/uploads\/2025\/06\/D_820616-MLA76026108122_052024-F.jpg",1200,310,false],"thumbnail":["https:\/\/rms-enlinea.com.ar\/wp-content\/uploads\/2025\/06\/D_820616-MLA76026108122_052024-F-150x150.jpg",150,150,true],"medium":["https:\/\/rms-enlinea.com.ar\/wp-content\/uploads\/2025\/06\/D_820616-MLA76026108122_052024-F-300x78.jpg",300,78,true],"medium_large":["https:\/\/rms-enlinea.com.ar\/wp-content\/uploads\/2025\/06\/D_820616-MLA76026108122_052024-F-768x198.jpg",768,198,true],"large":["https:\/\/rms-enlinea.com.ar\/wp-content\/uploads\/2025\/06\/D_820616-MLA76026108122_052024-F-1024x265.jpg",1024,265,true],"1536x1536":["https:\/\/rms-enlinea.com.ar\/wp-content\/uploads\/2025\/06\/D_820616-MLA76026108122_052024-F.jpg",1200,310,false],"2048x2048":["https:\/\/rms-enlinea.com.ar\/wp-content\/uploads\/2025\/06\/D_820616-MLA76026108122_052024-F.jpg",1200,310,false],"woocommerce_thumbnail":["https:\/\/rms-enlinea.com.ar\/wp-content\/uploads\/2025\/06\/D_820616-MLA76026108122_052024-F-450x310.jpg",450,310,true],"woocommerce_single":["https:\/\/rms-enlinea.com.ar\/wp-content\/uploads\/2025\/06\/D_820616-MLA76026108122_052024-F-600x155.jpg",600,155,true],"woocommerce_gallery_thumbnail":["https:\/\/rms-enlinea.com.ar\/wp-content\/uploads\/2025\/06\/D_820616-MLA76026108122_052024-F-100x100.jpg",100,100,true]},"uagb_author_info":{"display_name":"l0071054","author_link":"https:\/\/rms-enlinea.com.ar\/tienda\/author\/"},"uagb_comment_info":0,"uagb_excerpt":"Marca TrustConfiguraci\u00f3n de canales 2.1C\u00f3digo universal de producto 8713439222098Incluye bater\u00eda recargable NoEs inal\u00e1mbrico NoModelo GXT 618 AstoPotencia de salida (RMS) 12 WCantidad de parlantes 2Tipos de filtros del parlante BarraFormato del parlante Line arrayTipos de parlante BarraCon Bluetooth NoCon modo manos libres NoCon luces LED NoCon micr\u00f3fono NoCon efecto de voz NoCon Wi-Fi No","_links":{"self":[{"href":"https:\/\/rms-enlinea.com.ar\/tienda\/wp-json\/wp\/v2\/product\/9914","targetHints":{"allow":["GET"]}}],"collection":[{"href":"https:\/\/rms-enlinea.com.ar\/tienda\/wp-json\/wp\/v2\/product"}],"about":[{"href":"https:\/\/rms-enlinea.com.ar\/tienda\/wp-json\/wp\/v2\/types\/product"}],"replies":[{"embeddable":true,"href":"https:\/\/rms-enlinea.com.ar\/tienda\/wp-json\/wp\/v2\/comments?post=9914"}],"wp:featuredmedia":[{"embeddable":true,"href":"https:\/\/rms-enlinea.com.ar\/tienda\/wp-json\/wp\/v2\/media\/9915"}],"wp:attachment":[{"href":"https:\/\/rms-enlinea.com.ar\/tienda\/wp-json\/wp\/v2\/media?parent=9914"}],"wp:term":[{"taxonomy":"product_brand","embeddable":true,"href":"https:\/\/rms-enlinea.com.ar\/tienda\/wp-json\/wp\/v2\/product_brand?post=9914"},{"taxonomy":"product_cat","embeddable":true,"href":"https:\/\/rms-enlinea.com.ar\/tienda\/wp-json\/wp\/v2\/product_cat?post=9914"},{"taxonomy":"product_tag","embeddable":true,"href":"https:\/\/rms-enlinea.com.ar\/tienda\/wp-json\/wp\/v2\/product_tag?post=9914"}],"curies":[{"name":"wp","href":"https:\/\/api.w.org\/{rel}","templated":true}]}}